{"id":1661,"date":"2026-02-28T00:53:24","date_gmt":"2026-02-28T03:53:24","guid":{"rendered":"https:\/\/bibliotecajuridicavirtual.cl\/?post_type=product&#038;p=1661"},"modified":"2026-02-28T00:53:28","modified_gmt":"2026-02-28T03:53:28","slug":"presuncion-de-inocencia-como-limite-del-derecho-penal-ano-2024-138-pag-autor-gianni-e-piva-torres","status":"publish","type":"product","link":"https:\/\/bibliotecajuridicavirtual.cl\/index.php\/product\/presuncion-de-inocencia-como-limite-del-derecho-penal-ano-2024-138-pag-autor-gianni-e-piva-torres\/","title":{"rendered":"Presunci\u00f3n de Inocencia como L\u00edmite del Derecho Penal. A\u00f1o 2024\/ 138 P\u00e1g. Autor Gianni E. Piva Torres"},"content":{"rendered":"<p>En esta segunda entrega de las publicaciones del Dr. Gianni Egidio Piva Torres, nuestra casa editorial, se complace en ofrecer un repertorio de obras literarias, que se\u00f1alaremos a continuaci\u00f3n, con la intenci\u00f3n de fomentar el derecho comparado y chileno en nuestro pa\u00eds, con autores de otras latitudes, de esta forma avivar y acrecentar el debate jur\u00eddico, y las ideas en desarrollo de nuestra doctrina regional.<br \/>\nLas obras del Dr. Piva, escritor Venezolano, que se destaca en el \u00e1rea penal, al igual que escribe para nosotros, lo hace para otros pa\u00edses como Colombia, Ecuador, Espa\u00f1a, lo cual es de benepl\u00e1cito para nuestra casa editorial, en este repertorio de obas el lector encontrar\u00e1 doctrina for\u00e1nea y patria, as\u00ed como citas jurisprudenciales.<br \/>\nA continuaci\u00f3n se\u00f1alamos las obras, a publicar en esta segunda colecci\u00f3n:<br \/>\nTeor\u00eda de la culpa, Tratado de antijuridicidad, Teor\u00eda de la imputaci\u00f3n, Acci\u00f3n e imputaci\u00f3n, Tratado de la Teor\u00eda del delito de Lavado de activos, Delitos de corrupci\u00f3n administrativa, Delitos sexuales, Teor\u00eda de la imputaci\u00f3n de culpa, Teor\u00eda de la omisi\u00f3n Propia e impropia, Prueba diab\u00f3lica, Asociaci\u00f3n para delinquir, El dolo en los delitos de lesa Humanidad, Delitos de lesa humanidad, Homicidio en accidente de tr\u00e1nsito, Principio de legalidad en la constituci\u00f3n y legislaci\u00f3n Chilena, Dolo Eventual, Feminicidio.<\/p>\n<p>INDICE<\/p>\n<p>CAP\u00cdTULO I<\/p>\n<p>Modelos de Sistemas Procesales<\/p>\n<p>1.1.- Naturaleza del Proceso &#8230;&#8230;&#8230;&#8230;&#8230;&#8230;&#8230;&#8230;&#8230;&#8230;&#8230;&#8230;&#8230;&#8230;&#8230;&#8230;&#8230;&#8230;&#8230;&#8230;&#8230;&#8230;&#8230;&#8230;21<\/p>\n<p>1.1.1.- Teor\u00eda contractual pura &#8230;&#8230;&#8230;&#8230;&#8230;&#8230;&#8230;&#8230;&#8230;&#8230;&#8230;&#8230;&#8230;&#8230;&#8230;&#8230;&#8230;&#8230;&#8230;..23<\/p>\n<p>1.1.2.- Teor\u00eda cuasicontractual&#8230;&#8230;&#8230;&#8230;&#8230;&#8230;&#8230;&#8230;&#8230;&#8230;&#8230;&#8230;&#8230;&#8230;&#8230;&#8230;&#8230;&#8230;&#8230;&#8230;24<\/p>\n<p>1.1.3.- Teor\u00eda de la relaci\u00f3n jur\u00eddica procesal &#8230;&#8230;&#8230;&#8230;&#8230;&#8230;&#8230;&#8230;&#8230;&#8230;&#8230;&#8230;..24<\/p>\n<p>1.1.4.- Teor\u00eda de la situaci\u00f3n jur\u00eddica procesal&#8230;&#8230;&#8230;&#8230;&#8230;&#8230;&#8230;&#8230;&#8230;&#8230;&#8230;&#8230;.25<\/p>\n<p>1.1.5.- Teor\u00eda de la instituci\u00f3n&#8230;&#8230;&#8230;&#8230;&#8230;&#8230;&#8230;&#8230;&#8230;&#8230;&#8230;&#8230;&#8230;&#8230;&#8230;&#8230;&#8230;&#8230;&#8230;&#8230;26<\/p>\n<p>1.2.- Fundamento del proceso &#8230;&#8230;&#8230;&#8230;&#8230;&#8230;&#8230;&#8230;&#8230;&#8230;&#8230;&#8230;&#8230;&#8230;&#8230;&#8230;&#8230;&#8230;&#8230;&#8230;&#8230;&#8230;&#8230;27<\/p>\n<p>1.3.- Unidad fundamental del proceso&#8230;&#8230;&#8230;&#8230;&#8230;&#8230;&#8230;&#8230;&#8230;&#8230;&#8230;&#8230;&#8230;&#8230;&#8230;&#8230;&#8230;&#8230;&#8230;29<\/p>\n<p>1.4.- Criterio de la Corte Constitucional sobre la naturaleza<\/p>\n<p>Procesal Penal colombiana&#8230;&#8230;&#8230;&#8230;&#8230;&#8230;&#8230;&#8230;&#8230;&#8230;&#8230;&#8230;&#8230;&#8230;&#8230;&#8230;&#8230;&#8230;&#8230;&#8230;&#8230;&#8230;30<\/p>\n<p>1.5.- Naturaleza vinculante de la jurisprudencia\/criterio<\/p>\n<p>Corte Constitucional&#8230;&#8230;&#8230;&#8230;&#8230;&#8230;&#8230;&#8230;&#8230;&#8230;&#8230;&#8230;&#8230;&#8230;&#8230;&#8230;&#8230;&#8230;&#8230;&#8230;&#8230;&#8230;&#8230;&#8230;.32<\/p>\n<p>CAP\u00cdTULO II<\/p>\n<p>Principios de la Prueba en el Procedimiento Penal chileno<\/p>\n<p>2.1.- Generalidades &#8230;&#8230;&#8230;&#8230;&#8230;&#8230;&#8230;&#8230;&#8230;&#8230;&#8230;&#8230;&#8230;&#8230;&#8230;&#8230;&#8230;&#8230;&#8230;&#8230;&#8230;&#8230;&#8230;&#8230;&#8230;&#8230;&#8230;&#8230;.35<\/p>\n<p>10 Editorial Metropolitana<\/p>\n<p>PRESUNCI\u00d3N DE INOCENCIA COMO L\u00cdMITE DEL DERECHO PENAL<\/p>\n<p>2.2.- Principio de presunci\u00f3n de inocencia &#8230;&#8230;&#8230;&#8230;&#8230;&#8230;&#8230;&#8230;&#8230;&#8230;&#8230;&#8230;&#8230;&#8230;&#8230;&#8230;..36<\/p>\n<p>2.3.- El derecho a guardar silencio y a no auto incriminarse&#8230;&#8230;&#8230;&#8230;&#8230;&#8230;&#8230;&#8230;.38<\/p>\n<p>2.3.1.- \u00bfQu\u00e9 no involucra el derecho fundamental a no declarar<\/p>\n<p>y auto incriminarse?&#8230;&#8230;&#8230;&#8230;&#8230;&#8230;&#8230;&#8230;&#8230;&#8230;&#8230;&#8230;&#8230;&#8230;&#8230;&#8230;&#8230;&#8230;&#8230;&#8230;&#8230;41<\/p>\n<p>2.4.- Principio de legalidad&#8230;&#8230;&#8230;&#8230;&#8230;&#8230;&#8230;&#8230;&#8230;&#8230;&#8230;&#8230;&#8230;&#8230;&#8230;&#8230;&#8230;&#8230;&#8230;&#8230;&#8230;&#8230;&#8230;&#8230;..43<\/p>\n<p>2.5.- Principio de libertad probatoria&#8230;&#8230;&#8230;&#8230;&#8230;&#8230;&#8230;&#8230;&#8230;&#8230;&#8230;&#8230;&#8230;&#8230;&#8230;&#8230;&#8230;&#8230;&#8230;..46<\/p>\n<p>2.6.- Principio de contradicci\u00f3n &#8230;&#8230;&#8230;&#8230;&#8230;&#8230;&#8230;&#8230;&#8230;&#8230;&#8230;&#8230;&#8230;&#8230;&#8230;&#8230;&#8230;&#8230;&#8230;&#8230;&#8230;&#8230;47<\/p>\n<p>2.7.- Principio de inmediaci\u00f3n &#8230;&#8230;&#8230;&#8230;&#8230;&#8230;&#8230;&#8230;&#8230;&#8230;&#8230;&#8230;&#8230;&#8230;&#8230;&#8230;&#8230;&#8230;&#8230;&#8230;&#8230;&#8230;..51<\/p>\n<p>2.8.- Principio de concentraci\u00f3n&#8230;&#8230;&#8230;&#8230;&#8230;&#8230;&#8230;&#8230;&#8230;&#8230;&#8230;&#8230;&#8230;&#8230;&#8230;&#8230;&#8230;&#8230;&#8230;&#8230;&#8230;&#8230;52<\/p>\n<p>2.9.- Doble instancia &#8230;&#8230;&#8230;&#8230;&#8230;&#8230;&#8230;&#8230;&#8230;&#8230;&#8230;&#8230;&#8230;&#8230;&#8230;&#8230;&#8230;&#8230;&#8230;&#8230;&#8230;&#8230;&#8230;&#8230;&#8230;&#8230;&#8230;..53<\/p>\n<p>CAP\u00cdTULO III<\/p>\n<p>Aproximaci\u00f3n a la Presunci\u00f3n de Inocencia<\/p>\n<p>3.1.- Generalidades &#8230;&#8230;&#8230;&#8230;&#8230;&#8230;&#8230;&#8230;&#8230;&#8230;&#8230;&#8230;&#8230;&#8230;&#8230;&#8230;&#8230;&#8230;&#8230;&#8230;&#8230;&#8230;&#8230;&#8230;&#8230;&#8230;&#8230;&#8230;.55<\/p>\n<p>3.2.- Origen de la presunci\u00f3n de inocencia&#8230;&#8230;&#8230;&#8230;&#8230;&#8230;&#8230;&#8230;&#8230;&#8230;&#8230;&#8230;&#8230;&#8230;&#8230;&#8230;..57<\/p>\n<p>3.3.- Presunci\u00f3n de inocencia en la CPC&#8230;&#8230;&#8230;&#8230;&#8230;&#8230;&#8230;&#8230;&#8230;&#8230;&#8230;&#8230;&#8230;&#8230;&#8230;&#8230;&#8230;..59<\/p>\n<p>3.4.- Presunci\u00f3n de inocencia en los textos internacionales&#8230;&#8230;&#8230;&#8230;&#8230;&#8230;&#8230;&#8230;..60<\/p>\n<p>3.5.- Presunci\u00f3n de inocencia en criterio de la Corte Constitucional &#8230;&#8230;&#8230;..63<\/p>\n<p>3.5.1.- Alcance y consagraci\u00f3n&#8230;&#8230;&#8230;&#8230;&#8230;&#8230;&#8230;&#8230;&#8230;&#8230;&#8230;&#8230;&#8230;&#8230;&#8230;&#8230;&#8230;&#8230;&#8230;&#8230;64<\/p>\n<p>3.5.2.- Garant\u00edas b\u00e1sicas que conforman la presunci\u00f3n de inocencia&#8230;.67<\/p>\n<p>3.5.3.- La aplicaci\u00f3n de la presunci\u00f3n de inocencia<\/p>\n<p>en \u00e1mbitos distintos al Derecho penal&#8230;&#8230;&#8230;&#8230;&#8230;&#8230;&#8230;&#8230;&#8230;&#8230;&#8230;&#8230;70<\/p>\n<p>Editorial Metropolitana 11<\/p>\n<p>Gianni Egidio Piva Torres<\/p>\n<p>3.5.4.- Presunci\u00f3n de inocencia y tratados internacionales; criterio<\/p>\n<p>del Tribunal Constitucional chileno &#8230;&#8230;&#8230;&#8230;&#8230;&#8230;&#8230;&#8230;&#8230;&#8230;&#8230;&#8230;&#8230;73<\/p>\n<p>3.6.- Presunci\u00f3n de inocencia como principio informador del proceso penal&#8230;&#8230;74<\/p>\n<p>3.7.- Presunci\u00f3n de inocencia como regla de tratamiento del imputado&#8230;&#8230;.79<\/p>\n<p>3.8.- Presunci\u00f3n de inocencia como regla probatoria &#8230;&#8230;&#8230;&#8230;&#8230;&#8230;&#8230;&#8230;&#8230;&#8230;&#8230;..82<\/p>\n<p>3.8.1.- Existencia de una m\u00ednima actividad probatoria &#8230;&#8230;&#8230;&#8230;&#8230;&#8230;&#8230;..83<\/p>\n<p>3.8.2.- Exigencias de pruebas de cargo&#8230;&#8230;&#8230;&#8230;&#8230;&#8230;&#8230;&#8230;&#8230;&#8230;&#8230;&#8230;&#8230;&#8230;&#8230;&#8230;85<\/p>\n<p>3.8.3.- Actividad probatoria suministrada por la acusaci\u00f3n&#8230;&#8230;&#8230;&#8230;&#8230;..88<\/p>\n<p>3.8.4.- Prueba practicada en el acto de juicio oral &#8230;&#8230;&#8230;&#8230;&#8230;&#8230;&#8230;&#8230;&#8230;&#8230;.90<\/p>\n<p>3.8.5.- Prueba practicada con respeto de las garant\u00edas procesales<\/p>\n<p>y de los derechos fundamentales&#8230;&#8230;&#8230;&#8230;&#8230;&#8230;&#8230;&#8230;&#8230;&#8230;&#8230;&#8230;&#8230;&#8230;&#8230;94<\/p>\n<p>3.9.- Presunci\u00f3n de inocencia como regla de juicio&#8230;&#8230;&#8230;&#8230;&#8230;&#8230;&#8230;&#8230;&#8230;&#8230;&#8230;&#8230;..95<\/p>\n<p>CAP\u00cdTULO IV<\/p>\n<p>La Presunci\u00f3n de Inocencia como regla de juicio en el Proceso Penal<\/p>\n<p>4.1.- La presunci\u00f3n de inocencia y el principio in dubio pro reo &#8230;&#8230;&#8230;&#8230;&#8230;&#8230;.97<\/p>\n<p>4.2.- Principio in dubio pro reo en criterio de la Corte Constitucional&#8230;&#8230;&#8230;.99<\/p>\n<p>4.2.1.- Principio in dubio pro reo en criterio<\/p>\n<p>de la Corte Constitucional espa\u00f1ola &#8230;&#8230;&#8230;&#8230;&#8230;&#8230;&#8230;&#8230;&#8230;&#8230;&#8230;&#8230;.101<\/p>\n<p>4.3.- Principio indubio pro reo en la doctrina &#8230;&#8230;&#8230;&#8230;&#8230;&#8230;&#8230;&#8230;&#8230;&#8230;&#8230;&#8230;&#8230;&#8230;&#8230;101<\/p>\n<p>4.4.- Consideraciones en torno a la distinci\u00f3n entre la presunci\u00f3n<\/p>\n<p>de inocencia e in dubio pro reo &#8230;&#8230;&#8230;&#8230;&#8230;&#8230;&#8230;&#8230;&#8230;&#8230;&#8230;&#8230;&#8230;&#8230;&#8230;&#8230;&#8230;&#8230;&#8230;.103<\/p>\n<p>4.4.1.- In dubio pro reo en la legislaci\u00f3n chilena. &#8230;&#8230;&#8230;&#8230;&#8230;&#8230;&#8230;&#8230;&#8230;&#8230;.104<\/p>\n<p>4.4.1.1.- La exigencia al acusador de prueba de cargo suficiente para formar la convicci\u00f3n del juzgador necesaria para condenar &#8230;..105<\/p>\n<p>12 Editorial Metropolitana<\/p>\n<p>PRESUNCI\u00d3N DE INOCENCIA COMO L\u00cdMITE DEL DERECHO PENAL<\/p>\n<p>4.5.- Consecuencia de la prueba de cargo insuficiente&#8230;&#8230;&#8230;&#8230;&#8230;&#8230;&#8230;&#8230;&#8230;&#8230;..107<\/p>\n<p>4.6.- Consecuencia de la prueba de descargo insuficiente&#8230;&#8230;&#8230;&#8230;&#8230;&#8230;&#8230;&#8230;&#8230;108<\/p>\n<p>4.7.- Valoraci\u00f3n de la prueba. La \u00edntima convicci\u00f3n al conocimiento racional &#8230;. 109<\/p>\n<p>4.8.- Presunci\u00f3n de inocencia y Derechos Humanos&#8230;&#8230;&#8230;&#8230;&#8230;&#8230;&#8230;&#8230;&#8230;&#8230;&#8230;.112<\/p>\n<p>CAP\u00cdTULO V<\/p>\n<p>Distribuci\u00f3n de la carga de la prueba y facultad probatoria del Tribunal<\/p>\n<p>enjuiciador<\/p>\n<p>5.1- Generalidades &#8230;&#8230;&#8230;&#8230;&#8230;&#8230;&#8230;&#8230;&#8230;&#8230;&#8230;&#8230;&#8230;&#8230;&#8230;&#8230;&#8230;&#8230;&#8230;&#8230;&#8230;&#8230;&#8230;&#8230;&#8230;&#8230;&#8230;&#8230;115<\/p>\n<p>5.2.- Presunci\u00f3n de inocencia como l\u00edmite a la distribuci\u00f3n<\/p>\n<p>de la carga de la prueba&#8230;&#8230;&#8230;&#8230;&#8230;&#8230;&#8230;&#8230;&#8230;&#8230;&#8230;&#8230;&#8230;&#8230;&#8230;&#8230;&#8230;&#8230;&#8230;&#8230;&#8230;&#8230;&#8230;117<\/p>\n<p>5.3.- Actuaci\u00f3n del Ministerio P\u00fablico en el proceso penal&#8230;&#8230;&#8230;&#8230;&#8230;&#8230;&#8230;&#8230;123<\/p>\n<p>5.4.- Naturaleza del Ministerio P\u00fablico. Criterio de la Corte Constitucional&#8230;.126<\/p>\n<p>5.5.- Funciones del Ministerio P\u00fablico. Criterio de la Sala Penal<\/p>\n<p>del Tribunal Supremo de Justicia &#8230;&#8230;&#8230;&#8230;&#8230;&#8230;&#8230;&#8230;&#8230;&#8230;&#8230;&#8230;&#8230;&#8230;&#8230;&#8230;&#8230;&#8230;130<\/p>\n<p>Bibliograf\u00eda &#8230;&#8230;&#8230;&#8230;&#8230;&#8230;&#8230;&#8230;&#8230;&#8230;&#8230;&#8230;&#8230;&#8230;&#8230;&#8230;&#8230;&#8230;&#8230;&#8230;&#8230;&#8230;&#8230;&#8230;&#8230;&#8230;&#8230;&#8230;&#8230;&#8230;&#8230;135<\/p>\n","protected":false},"excerpt":{"rendered":"<p>En esta segunda entrega de las publicaciones del Dr. Gianni Egidio Piva Torres, nuestra casa editorial, se complace en ofrecer un repertorio de obras literarias, que se\u00f1alaremos a continuaci\u00f3n, con la intenci\u00f3n de fomentar el derecho comparado y chileno en nuestro pa\u00eds, con autores de otras latitudes, de esta forma avivar y acrecentar el debate jur\u00eddico, y las ideas en desarrollo de nuestra doctrina regional. Las obras del Dr. Piva, escritor Venezolano, que se destaca en el \u00e1rea penal, al igual que escribe para nosotros, lo hace para otros pa\u00edses como Colombia, Ecuador, Espa\u00f1a, lo cual es de benepl\u00e1cito para nuestra casa editorial, en este repertorio de obas el lector encontrar\u00e1 doctrina for\u00e1nea y patria, as\u00ed como citas jurisprudenciales. A continuaci\u00f3n se\u00f1alamos las obras, a publicar en esta segunda colecci\u00f3n: Teor\u00eda de la culpa, Tratado de antijuridicidad, Teor\u00eda de la imputaci\u00f3n, Acci\u00f3n e imputaci\u00f3n, Tratado de la Teor\u00eda del delito de Lavado de activos, Delitos de corrupci\u00f3n administrativa, Delitos sexuales, Teor\u00eda de la imputaci\u00f3n de culpa, Teor\u00eda de la omisi\u00f3n Propia e impropia, Prueba diab\u00f3lica, Asociaci\u00f3n para delinquir, El dolo en los delitos de lesa Humanidad, Delitos de lesa humanidad, Homicidio en accidente de tr\u00e1nsito, Principio de legalidad en la constituci\u00f3n y legislaci\u00f3n Chilena, Dolo Eventual, Feminicidio. INDICE CAP\u00cdTULO I Modelos de Sistemas Procesales 1.1.- Naturaleza del Proceso &#8230;&#8230;&#8230;&#8230;&#8230;&#8230;&#8230;&#8230;&#8230;&#8230;&#8230;&#8230;&#8230;&#8230;&#8230;&#8230;&#8230;&#8230;&#8230;&#8230;&#8230;&#8230;&#8230;&#8230;21 1.1.1.- Teor\u00eda contractual pura &#8230;&#8230;&#8230;&#8230;&#8230;&#8230;&#8230;&#8230;&#8230;&#8230;&#8230;&#8230;&#8230;&#8230;&#8230;&#8230;&#8230;&#8230;&#8230;..23 1.1.2.- Teor\u00eda cuasicontractual&#8230;&#8230;&#8230;&#8230;&#8230;&#8230;&#8230;&#8230;&#8230;&#8230;&#8230;&#8230;&#8230;&#8230;&#8230;&#8230;&#8230;&#8230;&#8230;&#8230;24 1.1.3.- Teor\u00eda de la relaci\u00f3n jur\u00eddica procesal &#8230;&#8230;&#8230;&#8230;&#8230;&#8230;&#8230;&#8230;&#8230;&#8230;&#8230;&#8230;..24 1.1.4.- Teor\u00eda de la situaci\u00f3n jur\u00eddica procesal&#8230;&#8230;&#8230;&#8230;&#8230;&#8230;&#8230;&#8230;&#8230;&#8230;&#8230;&#8230;.25 1.1.5.- Teor\u00eda de la instituci\u00f3n&#8230;&#8230;&#8230;&#8230;&#8230;&#8230;&#8230;&#8230;&#8230;&#8230;&#8230;&#8230;&#8230;&#8230;&#8230;&#8230;&#8230;&#8230;&#8230;&#8230;26 1.2.- Fundamento del proceso &#8230;&#8230;&#8230;&#8230;&#8230;&#8230;&#8230;&#8230;&#8230;&#8230;&#8230;&#8230;&#8230;&#8230;&#8230;&#8230;&#8230;&#8230;&#8230;&#8230;&#8230;&#8230;&#8230;27 1.3.- Unidad fundamental del proceso&#8230;&#8230;&#8230;&#8230;&#8230;&#8230;&#8230;&#8230;&#8230;&#8230;&#8230;&#8230;&#8230;&#8230;&#8230;&#8230;&#8230;&#8230;&#8230;29 1.4.- Criterio de la Corte Constitucional sobre la naturaleza Procesal Penal colombiana&#8230;&#8230;&#8230;&#8230;&#8230;&#8230;&#8230;&#8230;&#8230;&#8230;&#8230;&#8230;&#8230;&#8230;&#8230;&#8230;&#8230;&#8230;&#8230;&#8230;&#8230;&#8230;30 1.5.- Naturaleza vinculante de la jurisprudencia\/criterio Corte Constitucional&#8230;&#8230;&#8230;&#8230;&#8230;&#8230;&#8230;&#8230;&#8230;&#8230;&#8230;&#8230;&#8230;&#8230;&#8230;&#8230;&#8230;&#8230;&#8230;&#8230;&#8230;&#8230;&#8230;&#8230;.32 CAP\u00cdTULO II Principios de la Prueba en el Procedimiento Penal chileno 2.1.- Generalidades &#8230;&#8230;&#8230;&#8230;&#8230;&#8230;&#8230;&#8230;&#8230;&#8230;&#8230;&#8230;&#8230;&#8230;&#8230;&#8230;&#8230;&#8230;&#8230;&#8230;&#8230;&#8230;&#8230;&#8230;&#8230;&#8230;&#8230;&#8230;.35 10 Editorial Metropolitana PRESUNCI\u00d3N DE INOCENCIA COMO L\u00cdMITE DEL DERECHO PENAL 2.2.- Principio de presunci\u00f3n de inocencia &#8230;&#8230;&#8230;&#8230;&#8230;&#8230;&#8230;&#8230;&#8230;&#8230;&#8230;&#8230;&#8230;&#8230;&#8230;&#8230;..36 2.3.- El derecho a guardar silencio y a no auto incriminarse&#8230;&#8230;&#8230;&#8230;&#8230;&#8230;&#8230;&#8230;.38 2.3.1.- \u00bfQu\u00e9 no involucra el derecho fundamental a no declarar y auto incriminarse?&#8230;&#8230;&#8230;&#8230;&#8230;&#8230;&#8230;&#8230;&#8230;&#8230;&#8230;&#8230;&#8230;&#8230;&#8230;&#8230;&#8230;&#8230;&#8230;&#8230;&#8230;41 2.4.- Principio de legalidad&#8230;&#8230;&#8230;&#8230;&#8230;&#8230;&#8230;&#8230;&#8230;&#8230;&#8230;&#8230;&#8230;&#8230;&#8230;&#8230;&#8230;&#8230;&#8230;&#8230;&#8230;&#8230;&#8230;&#8230;..43 2.5.- Principio de libertad probatoria&#8230;&#8230;&#8230;&#8230;&#8230;&#8230;&#8230;&#8230;&#8230;&#8230;&#8230;&#8230;&#8230;&#8230;&#8230;&#8230;&#8230;&#8230;&#8230;..46 2.6.- Principio de contradicci\u00f3n &#8230;&#8230;&#8230;&#8230;&#8230;&#8230;&#8230;&#8230;&#8230;&#8230;&#8230;&#8230;&#8230;&#8230;&#8230;&#8230;&#8230;&#8230;&#8230;&#8230;&#8230;&#8230;47 2.7.- Principio de inmediaci\u00f3n &#8230;&#8230;&#8230;&#8230;&#8230;&#8230;&#8230;&#8230;&#8230;&#8230;&#8230;&#8230;&#8230;&#8230;&#8230;&#8230;&#8230;&#8230;&#8230;&#8230;&#8230;&#8230;..51 2.8.- Principio de concentraci\u00f3n&#8230;&#8230;&#8230;&#8230;&#8230;&#8230;&#8230;&#8230;&#8230;&#8230;&#8230;&#8230;&#8230;&#8230;&#8230;&#8230;&#8230;&#8230;&#8230;&#8230;&#8230;&#8230;52 2.9.- Doble instancia &#8230;&#8230;&#8230;&#8230;&#8230;&#8230;&#8230;&#8230;&#8230;&#8230;&#8230;&#8230;&#8230;&#8230;&#8230;&#8230;&#8230;&#8230;&#8230;&#8230;&#8230;&#8230;&#8230;&#8230;&#8230;&#8230;&#8230;..53 CAP\u00cdTULO III Aproximaci\u00f3n a la Presunci\u00f3n de Inocencia 3.1.- Generalidades &#8230;&#8230;&#8230;&#8230;&#8230;&#8230;&#8230;&#8230;&#8230;&#8230;&#8230;&#8230;&#8230;&#8230;&#8230;&#8230;&#8230;&#8230;&#8230;&#8230;&#8230;&#8230;&#8230;&#8230;&#8230;&#8230;&#8230;&#8230;.55 3.2.- Origen de la presunci\u00f3n de inocencia&#8230;&#8230;&#8230;&#8230;&#8230;&#8230;&#8230;&#8230;&#8230;&#8230;&#8230;&#8230;&#8230;&#8230;&#8230;&#8230;..57 3.3.- Presunci\u00f3n de inocencia en la CPC&#8230;&#8230;&#8230;&#8230;&#8230;&#8230;&#8230;&#8230;&#8230;&#8230;&#8230;&#8230;&#8230;&#8230;&#8230;&#8230;&#8230;..59 3.4.- Presunci\u00f3n de inocencia en los textos internacionales&#8230;&#8230;&#8230;&#8230;&#8230;&#8230;&#8230;&#8230;..60 3.5.- Presunci\u00f3n de inocencia en criterio de la Corte Constitucional &#8230;&#8230;&#8230;..63 3.5.1.- Alcance y consagraci\u00f3n&#8230;&#8230;&#8230;&#8230;&#8230;&#8230;&#8230;&#8230;&#8230;&#8230;&#8230;&#8230;&#8230;&#8230;&#8230;&#8230;&#8230;&#8230;&#8230;&#8230;64 3.5.2.- Garant\u00edas b\u00e1sicas que conforman la presunci\u00f3n de inocencia&#8230;.67 3.5.3.- La aplicaci\u00f3n de la presunci\u00f3n de inocencia en \u00e1mbitos distintos al Derecho penal&#8230;&#8230;&#8230;&#8230;&#8230;&#8230;&#8230;&#8230;&#8230;&#8230;&#8230;&#8230;70 Editorial Metropolitana 11 Gianni Egidio Piva Torres 3.5.4.- Presunci\u00f3n de inocencia y tratados internacionales; criterio del Tribunal Constitucional chileno &#8230;&#8230;&#8230;&#8230;&#8230;&#8230;&#8230;&#8230;&#8230;&#8230;&#8230;&#8230;&#8230;73 3.6.- Presunci\u00f3n de inocencia como principio informador del proceso penal&#8230;&#8230;74 3.7.- Presunci\u00f3n de inocencia como regla de tratamiento del imputado&#8230;&#8230;.79 3.8.- Presunci\u00f3n de inocencia como regla probatoria &#8230;&#8230;&#8230;&#8230;&#8230;&#8230;&#8230;&#8230;&#8230;&#8230;&#8230;..82 3.8.1.- Existencia de una m\u00ednima actividad probatoria &#8230;&#8230;&#8230;&#8230;&#8230;&#8230;&#8230;..83 3.8.2.- Exigencias de pruebas de cargo&#8230;&#8230;&#8230;&#8230;&#8230;&#8230;&#8230;&#8230;&#8230;&#8230;&#8230;&#8230;&#8230;&#8230;&#8230;&#8230;85 3.8.3.- Actividad probatoria suministrada por la acusaci\u00f3n&#8230;&#8230;&#8230;&#8230;&#8230;..88 3.8.4.- Prueba practicada en el acto de juicio oral &#8230;&#8230;&#8230;&#8230;&#8230;&#8230;&#8230;&#8230;&#8230;&#8230;.90 3.8.5.- Prueba practicada con respeto de las garant\u00edas procesales y de los derechos fundamentales&#8230;&#8230;&#8230;&#8230;&#8230;&#8230;&#8230;&#8230;&#8230;&#8230;&#8230;&#8230;&#8230;&#8230;&#8230;94 3.9.- Presunci\u00f3n de inocencia como regla de juicio&#8230;&#8230;&#8230;&#8230;&#8230;&#8230;&#8230;&#8230;&#8230;&#8230;&#8230;&#8230;..95 CAP\u00cdTULO IV La Presunci\u00f3n de Inocencia como regla de juicio en el Proceso Penal 4.1.- La presunci\u00f3n de inocencia y el principio in dubio pro reo &#8230;&#8230;&#8230;&#8230;&#8230;&#8230;.97 4.2.- Principio in dubio pro reo en criterio de la Corte Constitucional&#8230;&#8230;&#8230;.99 4.2.1.- Principio in dubio pro reo en criterio de la Corte Constitucional espa\u00f1ola &#8230;&#8230;&#8230;&#8230;&#8230;&#8230;&#8230;&#8230;&#8230;&#8230;&#8230;&#8230;.101 4.3.- Principio indubio pro reo en la doctrina &#8230;&#8230;&#8230;&#8230;&#8230;&#8230;&#8230;&#8230;&#8230;&#8230;&#8230;&#8230;&#8230;&#8230;&#8230;101 4.4.- Consideraciones en torno a la distinci\u00f3n entre la presunci\u00f3n de inocencia e in dubio pro reo &#8230;&#8230;&#8230;&#8230;&#8230;&#8230;&#8230;&#8230;&#8230;&#8230;&#8230;&#8230;&#8230;&#8230;&#8230;&#8230;&#8230;&#8230;&#8230;.103 4.4.1.- In dubio pro reo en la legislaci\u00f3n chilena. &#8230;&#8230;&#8230;&#8230;&#8230;&#8230;&#8230;&#8230;&#8230;&#8230;.104 4.4.1.1.- La exigencia al acusador de prueba de cargo suficiente para formar la convicci\u00f3n del juzgador necesaria para condenar &#8230;..105 12 Editorial Metropolitana PRESUNCI\u00d3N DE INOCENCIA COMO L\u00cdMITE DEL DERECHO PENAL 4.5.- Consecuencia de la prueba de cargo insuficiente&#8230;&#8230;&#8230;&#8230;&#8230;&#8230;&#8230;&#8230;&#8230;&#8230;..107 4.6.- Consecuencia de la prueba de descargo insuficiente&#8230;&#8230;&#8230;&#8230;&#8230;&#8230;&#8230;&#8230;&#8230;108 4.7.- Valoraci\u00f3n de la prueba. La \u00edntima convicci\u00f3n al conocimiento racional &#8230;. 109 4.8.- Presunci\u00f3n de inocencia y Derechos Humanos&#8230;&#8230;&#8230;&#8230;&#8230;&#8230;&#8230;&#8230;&#8230;&#8230;&#8230;.112 CAP\u00cdTULO V Distribuci\u00f3n de la carga de la prueba y facultad probatoria del Tribunal enjuiciador 5.1- Generalidades &#8230;&#8230;&#8230;&#8230;&#8230;&#8230;&#8230;&#8230;&#8230;&#8230;&#8230;&#8230;&#8230;&#8230;&#8230;&#8230;&#8230;&#8230;&#8230;&#8230;&#8230;&#8230;&#8230;&#8230;&#8230;&#8230;&#8230;&#8230;115 5.2.- Presunci\u00f3n de inocencia como l\u00edmite a la distribuci\u00f3n de la carga de la prueba&#8230;&#8230;&#8230;&#8230;&#8230;&#8230;&#8230;&#8230;&#8230;&#8230;&#8230;&#8230;&#8230;&#8230;&#8230;&#8230;&#8230;&#8230;&#8230;&#8230;&#8230;&#8230;&#8230;117 5.3.- Actuaci\u00f3n del Ministerio P\u00fablico en el proceso penal&#8230;&#8230;&#8230;&#8230;&#8230;&#8230;&#8230;&#8230;123 5.4.- Naturaleza del Ministerio P\u00fablico. Criterio de la Corte Constitucional&#8230;.126 5.5.- Funciones del Ministerio P\u00fablico. Criterio de la Sala Penal del Tribunal Supremo de Justicia &#8230;&#8230;&#8230;&#8230;&#8230;&#8230;&#8230;&#8230;&#8230;&#8230;&#8230;&#8230;&#8230;&#8230;&#8230;&#8230;&#8230;&#8230;130 Bibliograf\u00eda &#8230;&#8230;&#8230;&#8230;&#8230;&#8230;&#8230;&#8230;&#8230;&#8230;&#8230;&#8230;&#8230;&#8230;&#8230;&#8230;&#8230;&#8230;&#8230;&#8230;&#8230;&#8230;&#8230;&#8230;&#8230;&#8230;&#8230;&#8230;&#8230;&#8230;&#8230;135<\/p>\n","protected":false},"featured_media":1691,"comment_status":"open","ping_status":"closed","template":"","meta":{"inline_featured_image":false,"_joinchat":[]},"product_brand":[],"product_cat":[30],"product_tag":[],"class_list":{"0":"post-1661","1":"product","2":"type-product","3":"status-publish","4":"has-post-thumbnail","6":"product_cat-penal","7":"product_shipping_class-a-convenir","9":"first","10":"instock","11":"shipping-taxable","12":"purchasable","13":"product-type-simple"},"_links":{"self":[{"href":"https:\/\/bibliotecajuridicavirtual.cl\/index.php\/wp-json\/wp\/v2\/product\/1661","targetHints":{"allow":["GET"]}}],"collection":[{"href":"https:\/\/bibliotecajuridicavirtual.cl\/index.php\/wp-json\/wp\/v2\/product"}],"about":[{"href":"https:\/\/bibliotecajuridicavirtual.cl\/index.php\/wp-json\/wp\/v2\/types\/product"}],"replies":[{"embeddable":true,"href":"https:\/\/bibliotecajuridicavirtual.cl\/index.php\/wp-json\/wp\/v2\/comments?post=1661"}],"wp:featuredmedia":[{"embeddable":true,"href":"https:\/\/bibliotecajuridicavirtual.cl\/index.php\/wp-json\/wp\/v2\/media\/1691"}],"wp:attachment":[{"href":"https:\/\/bibliotecajuridicavirtual.cl\/index.php\/wp-json\/wp\/v2\/media?parent=1661"}],"wp:term":[{"taxonomy":"product_brand","embeddable":true,"href":"https:\/\/bibliotecajuridicavirtual.cl\/index.php\/wp-json\/wp\/v2\/product_brand?post=1661"},{"taxonomy":"product_cat","embeddable":true,"href":"https:\/\/bibliotecajuridicavirtual.cl\/index.php\/wp-json\/wp\/v2\/product_cat?post=1661"},{"taxonomy":"product_tag","embeddable":true,"href":"https:\/\/bibliotecajuridicavirtual.cl\/index.php\/wp-json\/wp\/v2\/product_tag?post=1661"}],"curies":[{"name":"wp","href":"https:\/\/api.w.org\/{rel}","templated":true}]}}