{"id":1701,"date":"2026-02-28T00:53:47","date_gmt":"2026-02-28T03:53:47","guid":{"rendered":"https:\/\/bibliotecajuridicavirtual.cl\/?post_type=product&#038;p=1701"},"modified":"2026-02-28T00:54:31","modified_gmt":"2026-02-28T03:54:31","slug":"estudios-de-derecho-comercial-xi-jornadas-chilenas-de-derecho-comercial-rodrigo-contreras-cordero-alvaro-parra-vergara-julio-2024-712-pag","status":"publish","type":"product","link":"https:\/\/bibliotecajuridicavirtual.cl\/index.php\/product\/estudios-de-derecho-comercial-xi-jornadas-chilenas-de-derecho-comercial-rodrigo-contreras-cordero-alvaro-parra-vergara-julio-2024-712-pag\/","title":{"rendered":"Estudios de Derecho Comercial &#8211; XI Jornadas Chilenas de Derecho Comercial,  Rodrigo Contreras Cordero &#8211; \u00c1lvaro Parra Vergara &#8211; julio 2024 \/ 712 P\u00e1g."},"content":{"rendered":"<p style=\"font-weight: 400;\">Este libro contiene los trabajos presentados en las Und\u00e9cimas Jornadas Chilenas de Derecho Comercial, celebradas en Santiago los d\u00edas 15 y 16 de octubre de 2020, organizadas por el Departamento de Derecho Comercial de la Facultad de Derecho de la Universidad de Chile y patrocinadas por el Consorcio de universidades que dio origen a esta iniciativa.\u00a0La obra se estructura a partir de seis secciones tem\u00e1ticas: Derecho Concursal; Sociedades y Mercado de Valores; Derecho Cambiario; Libre Competencia y Derecho del Consumo; Propiedad Intelectual y Nuevas Tecnolog\u00edas; Contrataci\u00f3n Mercantil y Soluci\u00f3n de Controversias.<\/p>\n<p style=\"font-weight: 400;\"><b><strong>DERECHO CONCURSAL<\/strong><\/b><\/p>\n<p style=\"font-weight: 400;\"><em>Insolvencia, separaci\u00f3n patrimonial y protecci\u00f3n al financiamiento en medio de la crisis. El caso de las sociedades securitizadoras<\/em><br \/>\nLuis Colman Vega<\/p>\n<p style=\"font-weight: 400;\"><em>Conservaci\u00f3n de empresas y liquidaci\u00f3n traslativa. Una mirada comparada, a prop\u00f3sito de la venta como unidad econ\u00f3mica en la Ley 20.720 de Reorganizaci\u00f3n y Liquidaci\u00f3n de Empresas y Personas<\/em><br \/>\nArmando Arteaga San Mart\u00edn<\/p>\n<p style=\"font-weight: 400;\"><em>Los Acreedores Involuntarios en el Derecho Concursal Comparado<\/em><br \/>\nGonzalo Ruz L\u00e1rtiga<\/p>\n<p style=\"font-weight: 400;\"><em>Notas jurisprudenciales sobre el principio de exigibilidad previsto por la Ley N\u00b0 20.720, y su aplicaci\u00f3n en materia de cr\u00e9ditos universitarios de garant\u00eda estatal<\/em><br \/>\nEmilio B\u00e9car Labra\u00f1a<\/p>\n<p style=\"font-weight: 400;\"><em>Reflexiones sobre el presupuesto objetivo en los procedimientos de liquidaci\u00f3n de la Ley N\u00ba20.720<\/em><br \/>\nJos\u00e9 Tom\u00e1s Frenck Kleinman<\/p>\n<p style=\"font-weight: 400;\"><em>El examen de admisibilidad del juez en las solicitudes de liquidaci\u00f3n voluntaria de empresa y persona deudora. Art\u00edculos 115 y 273 de la Ley 20.720 \u00bfantecedentes o requisitos de procedencia?<\/em><br \/>\nIsmael Gonz\u00e1lez Cerda<\/p>\n<p style=\"font-weight: 400;\"><em>Algunas reflexiones sobre el sistema de recompensas en los procedimientos de liquidaci\u00f3n voluntaria de empresas y personas deudoras en el derecho concursal chileno<\/em><br \/>\nDiego Rodr\u00edguez Guti\u00e9rrez<\/p>\n<p style=\"font-weight: 400;\"><em>Del tratamiento de la insolvencia de los fondos de inversi\u00f3n privados en la legislaci\u00f3n nacional<\/em><br \/>\nLuis Alberto Aninat Urrejola &#8211; Mar\u00eda Paz Nash Morales<\/p>\n<p style=\"font-weight: 400;\"><b><strong>SOCIEDADES Y MERCADO DE VALORES<\/strong><\/b><\/p>\n<p style=\"font-weight: 400;\"><em>Incentivos del gobierno corporativo y el rol de los fondos de pensi\u00f3n en la adopci\u00f3n de pol\u00edticas sostenibles<\/em><br \/>\nLorena Carvajal Arenas<\/p>\n<p style=\"font-weight: 400;\"><em>El r\u00e9gimen de los \u201cdividendos ficticios\u201d en la Sociedad de Responsabilidad Limitada como un problema de tipicidad societaria<\/em><br \/>\nGuillermo Caballero Germain<\/p>\n<p style=\"font-weight: 400;\"><em>Notas para una reforma a la Sociedad de Responsabilidad Limitada<\/em><br \/>\nOsvaldo Lagos Villarreal<\/p>\n<p style=\"font-weight: 400;\"><em>El pacto de accionistas como antecedente de la obligaci\u00f3n de formular una OPA<\/em><br \/>\nPablo Manterola Dom\u00ednguez<\/p>\n<p style=\"font-weight: 400;\"><em>La Sociedad por Acciones. Naturaleza jur\u00eddica y supletoriedad normativa<\/em><br \/>\nJaime Alcalde Silva<\/p>\n<p style=\"font-weight: 400;\"><em>Fiscalizaci\u00f3n y tributaci\u00f3n de la distribuci\u00f3n desproporcionada de utilidades de las empresas en Chile<\/em><br \/>\nSergio Endress G\u00f3mez<\/p>\n<p style=\"font-weight: 400;\"><em>Prevenci\u00f3n del lavado de activos y disponibilidad de informaci\u00f3n respecto de los beneficiarios finales de las sociedades. An\u00e1lisis de la normativa chilena en el contexto internacional<\/em><br \/>\nAngela Toso Milos &#8211; Laura Mayer Lux<\/p>\n<p style=\"font-weight: 400;\"><em>La desnaturalizaci\u00f3n del error vicio en la jurisprudencia del Tribunal Supremo espa\u00f1ol relativa a swaps<\/em><br \/>\nAlicia Ag\u00fcero Ortiz<\/p>\n<p style=\"font-weight: 400;\"><b><strong>DERECHO CAMBIARIO<\/strong><\/b><\/p>\n<p style=\"font-weight: 400;\"><em>La Prenda sobre Facturas. An\u00e1lisis y propuesta a partir de una sentencia de la Corte Suprema<\/em><br \/>\nMaximiliano Escobar Saavedra<\/p>\n<p style=\"font-weight: 400;\"><em>Art\u00edculo 3 N\u00ba 10: Del equivocado tratamiento jurisprudencial de la autonom\u00eda y la abstracci\u00f3n. An\u00e1lisis de los arts. 7, 12 y 28 de la Ley 18.092<\/em><br \/>\nM\u00aa Francisca Guti\u00e9rrez Sol\u00eds &#8211; \u00c1lvaro Parra Vergara<\/p>\n<p style=\"font-weight: 400;\"><em>Revisi\u00f3n cr\u00edtica del pagar\u00e9 en blanco en la doctrina y jurisprudencia chilenas<\/em><br \/>\nIgnacio Araya Paredes<\/p>\n<p style=\"font-weight: 400;\"><b><strong>LIBRE COMPETENCIA Y DERECHO DEL CONSUMO<\/strong><\/b><\/p>\n<p style=\"font-weight: 400;\"><em>La integraci\u00f3n normativa de la cl\u00e1usula general de competencia desleal<\/em><br \/>\nManuel Bernet P\u00e1ez<\/p>\n<p style=\"font-weight: 400;\"><em>Miradas cruzadas sobre la noci\u00f3n de libre competencia en Chile y Francia<\/em><br \/>\nDavid Cuba Abarca<\/p>\n<p style=\"font-weight: 400;\"><em>Sobre los conceptos de colusi\u00f3n y \u201ccartel duro\u201d y la insuficiencia de \u00e9ste para definir una norma de categorizaci\u00f3n<\/em><br \/>\nOmar V\u00e1squez Duque<\/p>\n<p style=\"font-weight: 400;\"><em>Eficacia de programas de compliance en materia de libre competencia. An\u00e1lisis cr\u00edtico a la luz del caso supermercados<\/em><br \/>\nAdolfo Silva Walbaum<\/p>\n<p style=\"font-weight: 400;\"><em>Cobro de un precio superior al exhibido, informado o publicitado y el error en el precio en la jurisprudencia de derecho del consumo<\/em><br \/>\nFelipe Bravo Alliende<\/p>\n<p style=\"font-weight: 400;\"><em>El uso y la alusi\u00f3n a la marca ajena a trav\u00e9s de la publicidad comercial sin la autorizaci\u00f3n de su titular: un an\u00e1lisis desde el derecho de consumo y desde la competencia desleal<\/em><br \/>\nPatricia Ver\u00f3nica L\u00f3pez D\u00edaz<\/p>\n<p style=\"font-weight: 400;\"><em>An\u00e1lisis cr\u00edtico del arbitraje de consumo no financiero en Chile. La mirada renovadora de la Ley N\u00ba 21.398 y la tarea pendiente<\/em><br \/>\nEduardo Jequier Lehued\u00e9<\/p>\n<p style=\"font-weight: 400;\"><em>Extensi\u00f3n temporal de los mecanismos preventivos que proceden una vez que un producto ha ingresado al mercado, en el Derecho de Consumo nacional<\/em><br \/>\nErika Isler Soto<\/p>\n<p style=\"font-weight: 400;\"><b><strong>PROPIEDAD INTELECTUAL Y NUEVAS TECNOLOG\u00cdAS<\/strong><\/b><\/p>\n<p style=\"font-weight: 400;\"><em>Desaf\u00edos contractuales en la provisi\u00f3n de bienes y servicios con Inteligencia Artificial<\/em><br \/>\nNatalia Jara Fuentealba<\/p>\n<p style=\"font-weight: 400;\"><em>Propiedad intelectual para el sector agr\u00edcola y ganadero: denominaciones de origen, indicaciones geogr\u00e1ficas, marcas colectivas y de certificaci\u00f3n. Algunas ventajas de una u otra<\/em><br \/>\nHellen Pacheco Cornejo<\/p>\n<p style=\"font-weight: 400;\"><b><strong>CONTRATACI\u00d3N MERCANTIL Y SOLUCI\u00d3N DE CONTROVERSIAS<\/strong><\/b><\/p>\n<p style=\"font-weight: 400;\"><em>Mediaci\u00f3n Comercial en Chile. \u00bfPor qu\u00e9 es necesaria su consagraci\u00f3n normativa?<\/em><br \/>\nMar\u00eda Soledad Lagos Ochoa<\/p>\n<p style=\"font-weight: 400;\"><em>Propuesta de interpretaci\u00f3n de la prescripci\u00f3n de acciones derivadas del contrato de seguro en Colombia<\/em><br \/>\nBetty Mart\u00ednez-C\u00e1rdenas<\/p>\n<p style=\"font-weight: 400;\"><em>Algunas reflexiones respecto al r\u00e9gimen jur\u00eddico del transporte multimodal y la responsabilidad de sus operadores<\/em><br \/>\nCamila Hoyuela Zattera &#8211; Javier Fern\u00e1ndez Carrera<\/p>\n","protected":false},"excerpt":{"rendered":"<p>Env\u00edos a todo Chile \/ Reserva con nosotros!<\/p>\n","protected":false},"featured_media":1742,"comment_status":"open","ping_status":"closed","template":"","meta":{"inline_featured_image":false,"_joinchat":[]},"product_brand":[],"product_cat":[27,48,26],"product_tag":[],"class_list":{"0":"post-1701","1":"product","2":"type-product","3":"status-publish","4":"has-post-thumbnail","6":"product_cat-civil","7":"product_cat-comercial","8":"product_cat-derecho","10":"first","11":"instock","12":"shipping-taxable","13":"purchasable","14":"product-type-simple"},"_links":{"self":[{"href":"https:\/\/bibliotecajuridicavirtual.cl\/index.php\/wp-json\/wp\/v2\/product\/1701","targetHints":{"allow":["GET"]}}],"collection":[{"href":"https:\/\/bibliotecajuridicavirtual.cl\/index.php\/wp-json\/wp\/v2\/product"}],"about":[{"href":"https:\/\/bibliotecajuridicavirtual.cl\/index.php\/wp-json\/wp\/v2\/types\/product"}],"replies":[{"embeddable":true,"href":"https:\/\/bibliotecajuridicavirtual.cl\/index.php\/wp-json\/wp\/v2\/comments?post=1701"}],"wp:featuredmedia":[{"embeddable":true,"href":"https:\/\/bibliotecajuridicavirtual.cl\/index.php\/wp-json\/wp\/v2\/media\/1742"}],"wp:attachment":[{"href":"https:\/\/bibliotecajuridicavirtual.cl\/index.php\/wp-json\/wp\/v2\/media?parent=1701"}],"wp:term":[{"taxonomy":"product_brand","embeddable":true,"href":"https:\/\/bibliotecajuridicavirtual.cl\/index.php\/wp-json\/wp\/v2\/product_brand?post=1701"},{"taxonomy":"product_cat","embeddable":true,"href":"https:\/\/bibliotecajuridicavirtual.cl\/index.php\/wp-json\/wp\/v2\/product_cat?post=1701"},{"taxonomy":"product_tag","embeddable":true,"href":"https:\/\/bibliotecajuridicavirtual.cl\/index.php\/wp-json\/wp\/v2\/product_tag?post=1701"}],"curies":[{"name":"wp","href":"https:\/\/api.w.org\/{rel}","templated":true}]}}