{"id":1704,"date":"2026-02-28T00:53:47","date_gmt":"2026-02-28T03:53:47","guid":{"rendered":"https:\/\/bibliotecajuridicavirtual.cl\/?post_type=product&#038;p=1704"},"modified":"2026-02-28T00:54:33","modified_gmt":"2026-02-28T03:54:33","slug":"curso-de-investigacion-juridica-gabriel-alvarez-undurraga-4a-edicion-julio-2024-526-pag","status":"publish","type":"product","link":"https:\/\/bibliotecajuridicavirtual.cl\/index.php\/product\/curso-de-investigacion-juridica-gabriel-alvarez-undurraga-4a-edicion-julio-2024-526-pag\/","title":{"rendered":"Curso de Investigaci\u00f3n Jur\u00eddica \/ Gabriel \u00c1lvarez Undurraga- 4\u00aa Edici\u00f3n &#8211; Julio 2024 &#8211; 526 P\u00e1g."},"content":{"rendered":"<p style=\"font-weight: 400;\">Este texto intenta entregar un aporte a la literatura jur\u00eddica nacional sobre la metodolog\u00eda de la investigaci\u00f3n jur\u00eddica, orientado para los estudiantes de pregrado, de posgrado en su formaci\u00f3n como los futuros abogados del siglo XXI y estudiosos de diversas disciplinas que quieran tener un conocimiento interdisciplinario, transdisciplinario y multidisciplinario.<\/p>\n<p style=\"font-weight: 400;\">La investigaci\u00f3n jur\u00eddica requiere la adquisici\u00f3n de una serie de destrezas y habilidades propias de los m\u00e9todos, t\u00e9cnicas e instrumentos que se describen y analizan en la obra.<\/p>\n<p style=\"font-weight: 400;\">Frente a la necesidad de aproximarse a comprender el Derecho, el estudiante cuando investiga lograr\u00e1 tener un aprendizaje heur\u00edstico m\u00e1s pr\u00e1ctico, significativo, provechoso y socializado; adem\u00e1s, cobra significativa importancia para los abogados que deben hacer informes en derecho, a los magistrados para elaborar sentencias con fundamentos y argumentos que posean base de documentaci\u00f3n legal y f\u00e1ctica. Finalmente, el mundo acad\u00e9mico requiere producir conocimiento cient\u00edfico jur\u00eddico relevante que enriquezca a la Ciencia del Derecho.<\/p>\n<p style=\"font-weight: 400;\"><b><strong>UNIDAD I<\/strong><\/b><br \/>\n<b><strong>LOS PROBLEMAS TE\u00d3RICOS DE LA INVESTIGACI\u00d3N<\/strong><\/b><\/p>\n<ol>\n<li style=\"font-weight: 400;\">EL OBJETO DEL CONOCIMIENTO EN LAS CIENCIAS SOCIALES<br \/>\n1.1. Conceptos generales sobre el conocimiento cient\u00edfico<br \/>\n1.2. Conceptos b\u00e1sicos de ciencia<br \/>\n1.3. Caracter\u00edsticas de la ciencia<br \/>\n1.4. Clasificaci\u00f3n de las ciencias<br \/>\n1.5. Las ciencias sociales<br \/>\n1.6. Las ciencias jur\u00eddicas y su relaci\u00f3n con las ciencias sociales<\/li>\n<li style=\"font-weight: 400;\">LA IDENTIDAD SUJETO-OBJETO Y LA RELACI\u00d3N TEOR\u00cdA-PR\u00c1CTICA<\/li>\n<li style=\"font-weight: 400;\">EL M\u00c9TODO EN LAS CIENCIAS SOCIALES<br \/>\n3.1. Antecedentes hist\u00f3ricos del problema<br \/>\n3.2. Diferentes definiciones del vocablo m\u00e9todo<br \/>\n3.3. Definiciones del vocablo metodolog\u00eda<br \/>\n3.4. Diferencias entre m\u00e9todo y t\u00e9cnica<br \/>\n3.5. Caracter\u00edsticas del m\u00e9todo cient\u00edfico<br \/>\n3.6. Elementos del m\u00e9todo cient\u00edfico<br \/>\n3.7. Etapas del m\u00e9todo cient\u00edfico<br \/>\n3.8. Clasificaci\u00f3n de los m\u00e9todos<\/li>\n<li style=\"font-weight: 400;\">LOS PARADIGMAS EN LAS CIENCIAS SOCIALES Y SUS DIVERSAS PROPUESTAS METODOL\u00d3GICAS: EL POSITIVISMO Y EL NEOPOSITIVISMO, EL FUNCIONALISMO, EL MATERIALISMO HIST\u00d3RICO, EL ESTRUCTURALISMO Y EL AN\u00c1LISIS SIST\u00c9MICO<\/li>\n<\/ol>\n<p style=\"font-weight: 400;\">4.1. Posturas gnoseol\u00f3gicas<br \/>\n4.2. Direcciones filos\u00f3ficas<br \/>\n4.3. Propuestas metodol\u00f3gicas<br \/>\n4.4. Los paradigmas de investigaci\u00f3n en las ciencias sociales<\/p>\n<p><b><strong>UNIDAD II<\/strong><\/b><br \/>\n<b><strong>EL PROCESO DE LA INVESTIGACI\u00d3N CIENT\u00cdFICA<\/strong><\/b><\/p>\n<ol>\n<li style=\"font-weight: 400;\">CONCEPTOS GENERALES<\/li>\n<li style=\"font-weight: 400;\">CARACTER\u00cdSTICAS DE LA INVESTIGACI\u00d3N CIENT\u00cdFICA<\/li>\n<li style=\"font-weight: 400;\">OBJETIVOS DE LA INVESTIGACI\u00d3N CIENT\u00cdFICA<\/li>\n<li style=\"font-weight: 400;\">REQUISITOS DE LA INVESTIGACI\u00d3N CIENT\u00cdFICA<\/li>\n<li style=\"font-weight: 400;\">CUALIDADES QUE DEBE POSEER EL INVESTIGADOR EN LAS CIENCIAS SOCIALES<\/li>\n<li style=\"font-weight: 400;\">TIPOS DE INVESTIGACI\u00d3N CIENT\u00cdFICA<\/li>\n<li style=\"font-weight: 400;\">ETAPAS DE LA INVESTIGACI\u00d3N CIENT\u00cdFICA<\/li>\n<li style=\"font-weight: 400;\">LA INVESTIGACI\u00d3N DOCUMENTAL<br \/>\n8.1. Conceptos<br \/>\n8.2. Caracter\u00edsticas de la investigaci\u00f3n documental<br \/>\n8.3. Etapas de la investigaci\u00f3n bibliogr\u00e1fica<br \/>\n8.4. Planeamiento de la investigaci\u00f3n documental-bibliogr\u00e1fica<br \/>\n8.5. Las fuentes de informaci\u00f3n<br \/>\n8.5.1. Definici\u00f3n de fuente<br \/>\n8.5.2. La documentaci\u00f3n y el documento. Nociones b\u00e1sicas.<br \/>\n8.5.3. Clasificaci\u00f3n general de las fuentes de informaci\u00f3n y de las fuentes documentales<br \/>\n8.6. Procedimientos para la conservaci\u00f3n de la informaci\u00f3n de las fuentes escritas<br \/>\n8.6.1. Aspectos generales de la biblioteca<br \/>\n8.6.2. Las t\u00e9cnicas del fichaje<br \/>\n8.6.3. Los archivos<br \/>\n8.6.4. Las hemerotecas<br \/>\n8.6.5. La modernizaci\u00f3n<br \/>\n8.6.6. La inteligencia artificial en la investigaci\u00f3n jur\u00eddica<\/li>\n<li style=\"font-weight: 400;\">LA INVESTIGACI\u00d3N EMP\u00cdRICA O DE CAMPO<br \/>\n9.1. Concepto<br \/>\n9.2. Etapas en la realizaci\u00f3n de una investigaci\u00f3n de campo o emp\u00edrica<br \/>\n9.3. Principales t\u00e9cnicas que se utilizan en la investigaci\u00f3n de campo o emp\u00edrica<br \/>\n9.4. Las t\u00e9cnicas de investigaci\u00f3n de campo o emp\u00edrica<br \/>\nA) La observaci\u00f3n<br \/>\nB) La encuesta<br \/>\nC) La entrevista<br \/>\nD) El cuestionario<br \/>\nE) El an\u00e1lisis de contenido<br \/>\nF) El test<br \/>\nG) Escalas de actitudes y opiniones<br \/>\nH) El coloquio<br \/>\nI) El estudio de casos<br \/>\nJ) El grupo de discusi\u00f3n o focus group<br \/>\nK) El an\u00e1lisis de documentos<br \/>\nL) Las historias de vida<\/li>\n<li style=\"font-weight: 400;\">EL PROYECTO DE INVESTIGACI\u00d3N<br \/>\n10.1. Concepto<br \/>\n10.2. Importancia y utilidad<br \/>\n10.3. Elementos del proyecto<\/li>\n<\/ol>\n<p style=\"font-weight: 400;\"><b><strong>UNIDAD III<\/strong><\/b><br \/>\n<b><strong>LA INVESTIGACI\u00d3N JUR\u00cdDICA<\/strong><\/b><\/p>\n<ol>\n<li style=\"font-weight: 400;\">ANTECEDENTES HIST\u00d3RICOS2. POSIBILIDADES DE LA INVESTIGACI\u00d3N EN EL DERECHO\n<p>3. EL OBJETO DE ESTUDIO DE LA INVESTIGACI\u00d3N JUR\u00cdDICA<\/p>\n<p>4. CONCEPTO DE INVESTIGACI\u00d3N JUR\u00cdDICA<\/p>\n<p>5. FINES GENERALES DE LA INVESTIGACI\u00d3N JUR\u00cdDICA<\/p>\n<p>6. CONDICIONES B\u00c1SICAS PARA REALIZAR UNA INVESTIGACI\u00d3N JUR\u00cdDICA<\/p>\n<p>7. LA METODOLOG\u00cdA DE LA CIENCIA DEL DERECHO<\/p>\n<p>8. EL CICLO METODOL\u00d3GICO DEL DERECHO<\/p>\n<p>9. LOS M\u00c9TODOS Y LAS T\u00c9CNICAS APLICABLES AL DERECHO<\/p>\n<p>10. LAS FUENTES DEL CONOCIMIENTO JUR\u00cdDICO<\/p>\n<p>11. LOS SISTEMAS DE CLASIFICACI\u00d3N Y CATALOGACI\u00d3N DE LOS DOCUMENTOS<\/p>\n<p>12. TIPOS Y NIVELES DE INVESTIGACI\u00d3N JUR\u00cdDICA<\/p>\n<p>13. ETAPAS DE LA INVESTIGACI\u00d3N JUR\u00cdDICA<\/p>\n<p>14. IMPORTANCIA DE LA INVESTIGACI\u00d3N EN LAS CIENCIAS JUR\u00cdDICAS<\/p>\n<p>15. HACIA UN MODELO DE TUTOR\u00cdAS EN PREGRADO EN LA CARRERA DE DERECHO<\/p>\n<p>16. \u00c1REAS Y POSIBLES L\u00cdNEAS DE INVESTIGACI\u00d3N JUR\u00cdDICA<\/p>\n<p>17. LA INVESTIGACI\u00d3N JUR\u00cdDICA COMO METODOLOG\u00cdA DE LA ENSE\u00d1ANZA DEL DERECHO PARA EL MEJORAMIENTO DE LA FORMACI\u00d3N DE LOS ABOGADOS DEL SIGLO XXI<br \/>\n17.1. La metodolog\u00eda de la ense\u00f1anza del derecho en Chile<br \/>\n17.2. La investigaci\u00f3n jur\u00eddica en Chile<br \/>\n17.3. El pensamiento cr\u00edtico y la investigaci\u00f3n jur\u00eddica<br \/>\n17.3.1. Conceptualizaci\u00f3n del pensamiento cr\u00edtico<br \/>\n17.3.2. Caracter\u00edsticas que debe tener el pensamiento cr\u00edtico<br \/>\n17.3.3. El pensamiento cr\u00edtico en la educaci\u00f3n chilena<br \/>\n17.3.4. La investigaci\u00f3n jur\u00eddica y su relaci\u00f3n con el pensamiento cr\u00edtico<\/p>\n<p><b><strong>UNIDAD IV<\/strong><\/b><br \/>\n<b><strong>LA PRESENTACI\u00d3N FORMAL DEL TRABAJO DE INVESTIGACI\u00d3N<\/strong><\/b><\/li>\n<li style=\"font-weight: 400;\">EL TRABAJO ESCRITO Y SUS PRINCIPALES T\u00c9CNICAS<br \/>\n1.1. Tipos de comunicaci\u00f3n escrita<br \/>\nA) El informe<br \/>\nB) La monograf\u00eda<br \/>\nC) La tesis<br \/>\n1.2. Diferencias entre el informe, la monograf\u00eda y la tesis<br \/>\n1.3. Normas para la elaboraci\u00f3n del trabajo<br \/>\n1.4. La bibliograf\u00eda<br \/>\n1.5. Gu\u00eda de evaluaci\u00f3n del trabajo monogr\u00e1fico<br \/>\n1.5.1. Presentaci\u00f3n general del trabajo<br \/>\n1.5.2. Introducci\u00f3n<br \/>\n1.5.3. Cuerpo o desarrollo<br \/>\n1.5.4. Conclusiones<br \/>\n1.5.5. Aparato cr\u00edtico<br \/>\n1.5.6. Bibliograf\u00eda<br \/>\n1.5.7. \u00cdndice<br \/>\n1.5.8. Ap\u00e9ndice (s) Anexo (s)<br \/>\n1.5.9. Ortograf\u00eda y redacci\u00f3n<\/li>\n<li style=\"font-weight: 400;\">LA EXPOSICI\u00d3N ORAL<br \/>\n2.1. Definici\u00f3n<br \/>\n2.2. Caracter\u00edsticas<br \/>\n2.3. Objetivos<br \/>\n2.4. Tipos de exposici\u00f3n oral<br \/>\n2.5. Requisitos<br \/>\n2.6. Etapas de la exposici\u00f3n oral<br \/>\n2.7. Importancia de la exposici\u00f3n oral<br \/>\n2.8. Recomendaciones para mejorar la capacidad expositora<br \/>\n2.9. Formato para evaluaci\u00f3n de exposiciones orales<br \/>\n2.10. Conclusi\u00f3n<\/li>\n<\/ol>\n","protected":false},"excerpt":{"rendered":"<p>Env\u00edos a todo Chile \/ Reserva tu libro con nosotros!<\/p>\n","protected":false},"featured_media":1745,"comment_status":"open","ping_status":"closed","template":"","meta":{"inline_featured_image":false,"_joinchat":[]},"product_brand":[],"product_cat":[27,26],"product_tag":[],"class_list":{"0":"post-1704","1":"product","2":"type-product","3":"status-publish","4":"has-post-thumbnail","6":"product_cat-civil","7":"product_cat-derecho","9":"first","10":"instock","11":"shipping-taxable","12":"purchasable","13":"product-type-simple"},"_links":{"self":[{"href":"https:\/\/bibliotecajuridicavirtual.cl\/index.php\/wp-json\/wp\/v2\/product\/1704","targetHints":{"allow":["GET"]}}],"collection":[{"href":"https:\/\/bibliotecajuridicavirtual.cl\/index.php\/wp-json\/wp\/v2\/product"}],"about":[{"href":"https:\/\/bibliotecajuridicavirtual.cl\/index.php\/wp-json\/wp\/v2\/types\/product"}],"replies":[{"embeddable":true,"href":"https:\/\/bibliotecajuridicavirtual.cl\/index.php\/wp-json\/wp\/v2\/comments?post=1704"}],"wp:featuredmedia":[{"embeddable":true,"href":"https:\/\/bibliotecajuridicavirtual.cl\/index.php\/wp-json\/wp\/v2\/media\/1745"}],"wp:attachment":[{"href":"https:\/\/bibliotecajuridicavirtual.cl\/index.php\/wp-json\/wp\/v2\/media?parent=1704"}],"wp:term":[{"taxonomy":"product_brand","embeddable":true,"href":"https:\/\/bibliotecajuridicavirtual.cl\/index.php\/wp-json\/wp\/v2\/product_brand?post=1704"},{"taxonomy":"product_cat","embeddable":true,"href":"https:\/\/bibliotecajuridicavirtual.cl\/index.php\/wp-json\/wp\/v2\/product_cat?post=1704"},{"taxonomy":"product_tag","embeddable":true,"href":"https:\/\/bibliotecajuridicavirtual.cl\/index.php\/wp-json\/wp\/v2\/product_tag?post=1704"}],"curies":[{"name":"wp","href":"https:\/\/api.w.org\/{rel}","templated":true}]}}