{"id":1705,"date":"2026-02-28T00:53:47","date_gmt":"2026-02-28T03:53:47","guid":{"rendered":"https:\/\/bibliotecajuridicavirtual.cl\/?post_type=product&#038;p=1705"},"modified":"2026-02-28T00:54:34","modified_gmt":"2026-02-28T03:54:34","slug":"racionalidad-y-escepticismo-en-el-derecho-penal-estudios-en-memoria-de-miguel-soto-pineiro-coordinadores-javier-contesse-s-guillermo-silva-o-julio-2024-902-paginas","status":"publish","type":"product","link":"https:\/\/bibliotecajuridicavirtual.cl\/index.php\/product\/racionalidad-y-escepticismo-en-el-derecho-penal-estudios-en-memoria-de-miguel-soto-pineiro-coordinadores-javier-contesse-s-guillermo-silva-o-julio-2024-902-paginas\/","title":{"rendered":"Racionalidad y Escepticismo en el Derecho Penal &#8211; Estudios en Memoria de Miguel Soto Pi\u00f1eiro -Coordinadores-Javier Contesse S. &#8211; Guillermo Silva O. \/ Julio 2024 &#8211; 902 P\u00e1ginas"},"content":{"rendered":"<p style=\"font-weight: 400;\">Esta obra recoge las ponencias presentadas en las Jornadas en Memoria del profesor Miguel Soto Pi\u00f1eiro.<\/p>\n<p style=\"font-weight: 400;\">El encuentro se caracteriz\u00f3 tanto por el rigor y la libertad intelectuales, como por la camarader\u00eda y, huelga mencionarlo, una buena dosis de humor; provista por el anecdotario que define al homenajeado.<\/p>\n<p style=\"font-weight: 400;\">Participaron figuras del derecho penal iberoamericano, como Carlos Mar\u00eda Romeo Casabona, Jos\u00e9 Luis Diez Ripoll\u00e9s y Percy Garc\u00eda Cavero y diversos exponentes chilenos, no solo colegas, algunos sus disc\u00edpulos en la Universidad de Chile.<\/p>\n<p style=\"font-weight: 400;\">El libro aborda un abanico de problemas, estructurado en seis secciones: (i) justificaci\u00f3n y determinaci\u00f3n de la pena, (ii) pol\u00edtica criminal y poder punitivo estatal, (iii) presupuestos generales de la responsabilidad penal, (iv) delitos contra bienes jur\u00eddicos individuales y colectivos, (v) derecho penal econ\u00f3mico, y (vi) proceso penal. En cada una de ellas, las y los autores discuten las ideas desarrolladas por el profesor Soto a lo largo de su carrera, examin\u00e1ndolas tanto en su m\u00e9rito como en su proyecci\u00f3n a los debates m\u00e1s recientes.<\/p>\n<ol>\n<li style=\"font-weight: 400;\"><b><strong> JUSTIFICACI\u00d3N Y DETERMINACI\u00d3N DE LA PENA<\/strong><\/b><\/li>\n<\/ol>\n<p style=\"font-weight: 400;\"><em>El derecho penal preventivo en el \u00e1mbito europeo: del concepto de peligrosidad criminal al de riesgo como presupuesto de consecuencias jur\u00eddicas divergentes<\/em><br \/>\nCarlos Mar\u00eda Romeo Casabona<\/p>\n<p style=\"font-weight: 400;\"><em>\u00bfTiene el principio de culpabilidad un puesto asegurado entre los principios limitativos del ius puniendi?<\/em><br \/>\nCarlos K\u00fcnsem\u00fcller Loebenfelder<\/p>\n<p style=\"font-weight: 400;\"><em>Fin de la pena: retribucionismo esc\u00e9ptico y significativismo en una lectura \u00edtalo-chilena. Homenaje al Profesor Miguel Soto Pi\u00f1eiro<\/em><br \/>\nEmanuele Corn<\/p>\n<p style=\"font-weight: 400;\"><em>Deconstrucci\u00f3n cr\u00edtica al retribucionismo esc\u00e9ptico postulado en la obra del profesor Miguel Soto Pi\u00f1eiro<\/em><br \/>\nMario Dur\u00e1n Migliardi<\/p>\n<p style=\"font-weight: 400;\"><em>\u00bfQu\u00e9 le ocurri\u00f3 al palad\u00edn enmascarado? Sobre los fines de la pena en relaci\u00f3n con las obligaciones de poner fin a la impunidad respecto de cr\u00edmenes de lesa humanidad<\/em><br \/>\nFrancisco F\u00e9lix Bustos Bustos<\/p>\n<p style=\"font-weight: 400;\"><em>Marcos penales r\u00edgidos indirectos: la cuestionable y progresiva inaplicabilidad de la atenuante contenida en el art\u00edculo 11 N\u00ba 7 a la luz de la pena como acto comunicativo<\/em><br \/>\nAgustina Alvarado Ur\u00edzar y Andrea Pinto Bustos<\/p>\n<ol>\n<li style=\"font-weight: 400;\"><b><strong> POL\u00cdTICA CRIMINAL Y PODER PUNITIVO ESTATAL<\/strong><\/b><\/li>\n<\/ol>\n<p style=\"font-weight: 400;\"><em>La pol\u00edtica criminal en Roxin. Un an\u00e1lisis cr\u00edtico<\/em><br \/>\nJos\u00e9 Luis D\u00edez Ripoll\u00e9s<\/p>\n<p style=\"font-weight: 400;\"><em>Codificaci\u00f3n penal y contenci\u00f3n punitiva. Sobre la relaci\u00f3n entre derecho y poder en la perspectiva de Miguel Soto a prop\u00f3sito de la recodificaci\u00f3n de la legislaci\u00f3n penal chilena<\/em><br \/>\nFrancisco Maldonado Fuentes<\/p>\n<p style=\"font-weight: 400;\"><em>Lawfare: pol\u00edtica, derecho e instituciones<\/em><br \/>\nFrancisco Z\u00fa\u00f1iga Urbina<\/p>\n<p style=\"font-weight: 400;\"><em>Las salidas alternativas y los fines del derecho penal. Consideraciones en torno a la justicia restaurativa<\/em><br \/>\nRa\u00fal Carnevali Rodr\u00edguez<\/p>\n<p style=\"font-weight: 400;\"><b><strong>III. PRESUPUESTOS GENERALES DE LA RESPONSABILIDAD PENAL<\/strong><\/b><\/p>\n<p style=\"font-weight: 400;\"><em>Sobre el art. 15 N\u00ba 1 del C\u00f3digo penal chileno<\/em><br \/>\nH\u00e9ctor Hern\u00e1ndez Basualto<\/p>\n<p style=\"font-weight: 400;\"><em>Dudas sobre el dominio del hecho como criterio rector de autor\u00eda: el caso de la autor\u00eda mediata<\/em><br \/>\n\u00cdtalo Reyes Romero<\/p>\n<p style=\"font-weight: 400;\"><em>\u201cComunicabilidad\u201d y accesoriedad de la participaci\u00f3n en los delitos especiales<\/em><br \/>\nJuan Pablo Ma\u00f1alich R.<\/p>\n<p style=\"font-weight: 400;\"><em>Las actuaciones colectivas en el C\u00f3digo Penal chileno: hacia un concepto restrictivo de la coautor\u00eda. En memoria del profesor Miguel Soto Pi\u00f1eiro<\/em><br \/>\nJos\u00e9 Manuel Fern\u00e1ndez Ruiz<\/p>\n<p style=\"font-weight: 400;\"><em>Dos problemas de la omisi\u00f3n impropia en el derecho penal chileno: el fundamento de su punibilidad y la punibilidad de los delitos de resultado de medios o modos especificados<\/em><br \/>\nAlejandro Garc\u00eda Cubillos<\/p>\n<p style=\"font-weight: 400;\"><em>Tras una \u201cjurisprudencia hist\u00f3rica\u201d: virtudes y vicisitudes del principio de culpabilidad en materia penal<\/em><br \/>\nAndrea Perin<\/p>\n<p style=\"font-weight: 400;\"><em>Consideraciones acerca del tratamiento del error de prohibici\u00f3n en la jurisprudencia chilena<\/em><br \/>\nJorge Boldt Silva<\/p>\n<p style=\"font-weight: 400;\"><em>Culpabilidad y error culturalmente condicionado en raz\u00f3n de creencias supersticiosas<\/em><br \/>\nGuillermo Silva Olivares<\/p>\n<ol>\n<li style=\"font-weight: 400;\"><b><strong> DELITOS CONTRA BIENES JUR\u00cdDICOS INDIVIDUALES<\/strong><\/b><\/li>\n<\/ol>\n<p style=\"font-weight: 400;\"><em>\u00bfEl aborto como homicidio? El problema de las \u201cactuaciones prenatales con resultado mortal postnatal\u201d<\/em><br \/>\nJavier Contesse Singh<\/p>\n<p style=\"font-weight: 400;\"><em>La regulaci\u00f3n del delito de aborto en el C\u00f3digo Penal chileno. Una mirada general a la opci\u00f3n por el sistema de indicaciones<\/em><br \/>\nJorge Ferdman Niedmann<\/p>\n<p style=\"font-weight: 400;\"><em>La (des)criminalizaci\u00f3n del aborto a la luz de las teor\u00edas de la criminalizaci\u00f3n. Principio del da\u00f1o y justa distribuci\u00f3n de las cargas<\/em><br \/>\nFernando Londo\u00f1o Mart\u00ednez<\/p>\n<p style=\"font-weight: 400;\"><em>La sustracci\u00f3n de cosas corporales informes. El caso del agua, la electricidad y el gas<\/em><br \/>\nMarcos Contreras Enos<\/p>\n<p style=\"font-weight: 400;\"><em>Consideraciones sobre algunas formas de autotutela en la regulaci\u00f3n chilena de los delitos contra la propiedad<\/em><br \/>\nGuillermo Oliver Calder\u00f3n<\/p>\n<p style=\"font-weight: 400;\"><em>Una visi\u00f3n actualizada del delito de apropiaci\u00f3n y distracci\u00f3n indebida del art. 470 N\u00ba 1 del C\u00f3digo Penal<\/em><br \/>\nGustavo Balmaceda Hoyos y Sebasti\u00e1n Mu\u00f1oz Tejo<\/p>\n<ol>\n<li style=\"font-weight: 400;\"><b><strong> DERECHO PENAL ECON\u00d3MICO<\/strong><\/b><\/li>\n<\/ol>\n<p style=\"font-weight: 400;\"><em>Hacia un concepto dogm\u00e1tico del derecho penal econ\u00f3mico<\/em><br \/>\nPercy Garc\u00eda Cavero<\/p>\n<p style=\"font-weight: 400;\"><em>Delitos econ\u00f3micos, criminalidad corporativa y criterios de construcci\u00f3n de las categor\u00edas<\/em><br \/>\nGonzalo Medina Schulz<\/p>\n<p style=\"font-weight: 400;\"><em>La relevancia de la determinaci\u00f3n del bien jur\u00eddico protegido en los delitos econ\u00f3micos<\/em><br \/>\nMiguel Schurmann Opazo<\/p>\n<p style=\"font-weight: 400;\"><em>El bien jur\u00eddico protegido como l\u00edmite \u2013a\u00fan posible\u2013 entre el derecho penal y el derecho administrativo sancionador: reflexiones desde el derecho penal econ\u00f3mico<\/em><br \/>\nDiva Francesca Serra Cruz<\/p>\n<p style=\"font-weight: 400;\"><em>La facilitaci\u00f3n de medios para la comisi\u00f3n de un fraude inform\u00e1tico: \u00bfun delito necesario?<\/em><br \/>\nLaura Mayer Lux y Jaime Vera Vega<\/p>\n<p style=\"font-weight: 400;\"><em>Objetividad jur\u00eddica en el delito de corrupci\u00f3n entre particulares e interpretaci\u00f3n del elemento \u201cbeneficio\u201d<\/em><br \/>\nOsvaldo Artaza Varela<\/p>\n<ol>\n<li style=\"font-weight: 400;\"><b><strong> PROCESO PENAL<\/strong><\/b><\/li>\n<\/ol>\n<p style=\"font-weight: 400;\"><em>Ministerio P\u00fablico: entre legalidad y oportunidad. Bases para una cr\u00edtica<\/em><br \/>\nMar\u00eda In\u00e9s Horvitz Lennon<\/p>\n<p style=\"font-weight: 400;\"><em>Control de identidad: cuestiones procesales y penales<\/em><br \/>\nCarlos Cabezas Cabezas y Sem Sandoval Reyes<\/p>\n","protected":false},"excerpt":{"rendered":"<p>Env\u00edos a todo Chile \/ Haz tu reserva!<\/p>\n","protected":false},"featured_media":1746,"comment_status":"open","ping_status":"closed","template":"","meta":{"inline_featured_image":false,"_joinchat":[]},"product_brand":[],"product_cat":[26,30],"product_tag":[],"class_list":{"0":"post-1705","1":"product","2":"type-product","3":"status-publish","4":"has-post-thumbnail","6":"product_cat-derecho","7":"product_cat-penal","9":"first","10":"instock","11":"shipping-taxable","12":"purchasable","13":"product-type-simple"},"_links":{"self":[{"href":"https:\/\/bibliotecajuridicavirtual.cl\/index.php\/wp-json\/wp\/v2\/product\/1705","targetHints":{"allow":["GET"]}}],"collection":[{"href":"https:\/\/bibliotecajuridicavirtual.cl\/index.php\/wp-json\/wp\/v2\/product"}],"about":[{"href":"https:\/\/bibliotecajuridicavirtual.cl\/index.php\/wp-json\/wp\/v2\/types\/product"}],"replies":[{"embeddable":true,"href":"https:\/\/bibliotecajuridicavirtual.cl\/index.php\/wp-json\/wp\/v2\/comments?post=1705"}],"wp:featuredmedia":[{"embeddable":true,"href":"https:\/\/bibliotecajuridicavirtual.cl\/index.php\/wp-json\/wp\/v2\/media\/1746"}],"wp:attachment":[{"href":"https:\/\/bibliotecajuridicavirtual.cl\/index.php\/wp-json\/wp\/v2\/media?parent=1705"}],"wp:term":[{"taxonomy":"product_brand","embeddable":true,"href":"https:\/\/bibliotecajuridicavirtual.cl\/index.php\/wp-json\/wp\/v2\/product_brand?post=1705"},{"taxonomy":"product_cat","embeddable":true,"href":"https:\/\/bibliotecajuridicavirtual.cl\/index.php\/wp-json\/wp\/v2\/product_cat?post=1705"},{"taxonomy":"product_tag","embeddable":true,"href":"https:\/\/bibliotecajuridicavirtual.cl\/index.php\/wp-json\/wp\/v2\/product_tag?post=1705"}],"curies":[{"name":"wp","href":"https:\/\/api.w.org\/{rel}","templated":true}]}}