{"id":1709,"date":"2026-02-28T00:53:48","date_gmt":"2026-02-28T03:53:48","guid":{"rendered":"https:\/\/bibliotecajuridicavirtual.cl\/?post_type=product&#038;p=1709"},"modified":"2026-02-28T00:54:45","modified_gmt":"2026-02-28T03:54:45","slug":"testimonios-ecos-sobre-los-hechos-en-el-proceso-maria-de-los-angeles-gonzalez-coulon-julio-2024-276-paginas","status":"publish","type":"product","link":"https:\/\/bibliotecajuridicavirtual.cl\/index.php\/product\/testimonios-ecos-sobre-los-hechos-en-el-proceso-maria-de-los-angeles-gonzalez-coulon-julio-2024-276-paginas\/","title":{"rendered":"Testimonios: Ecos sobre los Hechos en el Proceso &#8211; Mar\u00eda de los \u00c1ngeles Gonz\u00e1lez Coulon &#8211; Julio 2024 \/ 276 P\u00e1ginas"},"content":{"rendered":"<p style=\"font-weight: 400;\">Los testimonios son fuente primaria de conocimiento, sin embargo, en materia judicial, existe una tendencia a desconfiar de ellos ya sea por temor a la mentira o porque pueden existir problemas de memoria o recuerdo. Luego, hay ciertas situaciones en que la informaci\u00f3n testimonial es trascendental para la resoluci\u00f3n de un conflicto, llegando, en ciertas circunstancias, a ser el \u00fanico medio de prueba. El prop\u00f3sito de este libro es revisar, a trav\u00e9s de cap\u00edtulos escritos por connotados acad\u00e9micos y acad\u00e9micas, las distintas situaciones y problemas que pueden visualizarse en materia de testimonios en juicio, presentando tambi\u00e9n desaf\u00edos y diversas propuestas de soluci\u00f3n para una mejor decisi\u00f3n judicial.<\/p>\n<p style=\"font-weight: 400;\"><b><strong>PR\u00d3LOGO<\/strong><\/b><br \/>\nJes\u00fas Ezurmendia \u00c1lvarez<\/p>\n<p style=\"font-weight: 400;\"><b><strong>PRUEBA Y ARGUMENTACI\u00d3N. EL CASO DE LAS \u201cPRESUNCIONES SIMPLES\u201d Y SU APLICACI\u00d3N AL TESTIMONIO<\/strong><\/b><br \/>\nGiovanni Tuzet &#8211; Flavia Carbonell Bellolio<\/p>\n<p style=\"font-weight: 400;\"><b><strong>FABRICACI\u00d3N DEL TESTIMONIO E INDUCCI\u00d3N AL ERROR EPIST\u00c9MICO JUR\u00cdDICO EN LOS PROCESOS JUDICIALES<\/strong><\/b><br \/>\nCarmen Patricia L\u00f3pez Olvera<\/p>\n<p style=\"font-weight: 400;\"><b><strong>ENCUADRES Y CONTRAINTERROGATORIO: RIESGOS DE LAS PREGUNTAS INDUCTIVAS<\/strong><\/b><br \/>\nNicol\u00e1s Carrasco Delgado<\/p>\n<p style=\"font-weight: 400;\"><b><strong>TESTIGOS Y VIRTUALIDAD EN EL PROCESO PENAL: M\u00c1S LUCES QUE SOMBRAS<\/strong><\/b><br \/>\nCarlos Correa Robles &#8211; Javier Vel\u00e1squez Valenzuela<\/p>\n<p style=\"font-weight: 400;\"><b><strong>TESTIGOS PRIVILEGIADOS Y ENJUICIAMIENTO PENAL CON PERSPECTIVA DE G\u00c9NERO: LA EFICACIA PROBATORIA DEL TESTIMONIO DE LAS V\u00cdCTIMAS DE VIOLENCIA DE G\u00c9NERO EN ESPA\u00d1A<\/strong><\/b><br \/>\nAntonio Mart\u00ednez Santos &#8211; Lorena Bachmaier Winter<\/p>\n<p style=\"font-weight: 400;\"><b><strong>TESTIGO PRIVILEGIADO CONTRA PRESUNCI\u00d3N DE INOCENCIA<\/strong><\/b><br \/>\nPerfecto Andr\u00e9s Ib\u00e1\u00f1ez<\/p>\n<p style=\"font-weight: 400;\"><b><strong>LA PRECONSTITUCI\u00d3N DEL TESTIMONIO DE MENORES Y PERSONAS CON DISCAPACIDAD ESPA\u00d1A Y CHILE. UN AN\u00c1LISIS COMPARADO<\/strong><\/b><br \/>\nMercedes Fern\u00e1ndez L\u00f3pez &#8211; Mar\u00eda de los \u00c1ngeles Gonz\u00e1lez Coulon<\/p>\n","protected":false},"excerpt":{"rendered":"<p>ENV\u00cdOS A TODO CHILE \/ HAZ TU RESERVA<\/p>\n","protected":false},"featured_media":1765,"comment_status":"open","ping_status":"closed","template":"","meta":{"inline_featured_image":false,"_joinchat":[]},"product_brand":[],"product_cat":[26,39],"product_tag":[],"class_list":{"0":"post-1709","1":"product","2":"type-product","3":"status-publish","4":"has-post-thumbnail","6":"product_cat-derecho","7":"product_cat-procesal-civil","9":"first","10":"instock","11":"shipping-taxable","12":"purchasable","13":"product-type-simple"},"_links":{"self":[{"href":"https:\/\/bibliotecajuridicavirtual.cl\/index.php\/wp-json\/wp\/v2\/product\/1709","targetHints":{"allow":["GET"]}}],"collection":[{"href":"https:\/\/bibliotecajuridicavirtual.cl\/index.php\/wp-json\/wp\/v2\/product"}],"about":[{"href":"https:\/\/bibliotecajuridicavirtual.cl\/index.php\/wp-json\/wp\/v2\/types\/product"}],"replies":[{"embeddable":true,"href":"https:\/\/bibliotecajuridicavirtual.cl\/index.php\/wp-json\/wp\/v2\/comments?post=1709"}],"wp:featuredmedia":[{"embeddable":true,"href":"https:\/\/bibliotecajuridicavirtual.cl\/index.php\/wp-json\/wp\/v2\/media\/1765"}],"wp:attachment":[{"href":"https:\/\/bibliotecajuridicavirtual.cl\/index.php\/wp-json\/wp\/v2\/media?parent=1709"}],"wp:term":[{"taxonomy":"product_brand","embeddable":true,"href":"https:\/\/bibliotecajuridicavirtual.cl\/index.php\/wp-json\/wp\/v2\/product_brand?post=1709"},{"taxonomy":"product_cat","embeddable":true,"href":"https:\/\/bibliotecajuridicavirtual.cl\/index.php\/wp-json\/wp\/v2\/product_cat?post=1709"},{"taxonomy":"product_tag","embeddable":true,"href":"https:\/\/bibliotecajuridicavirtual.cl\/index.php\/wp-json\/wp\/v2\/product_tag?post=1709"}],"curies":[{"name":"wp","href":"https:\/\/api.w.org\/{rel}","templated":true}]}}