{"id":1727,"date":"2026-02-28T00:54:14","date_gmt":"2026-02-28T03:54:14","guid":{"rendered":"https:\/\/bibliotecajuridicavirtual.cl\/?post_type=product&#038;p=1727"},"modified":"2026-02-28T00:55:10","modified_gmt":"2026-02-28T03:55:10","slug":"derecho-civil-preparacion-examen-de-grado-eric-chavez-chavez-8a-edicion-2024-515-pag","status":"publish","type":"product","link":"https:\/\/bibliotecajuridicavirtual.cl\/index.php\/product\/derecho-civil-preparacion-examen-de-grado-eric-chavez-chavez-8a-edicion-2024-515-pag\/","title":{"rendered":"Derecho Civil &#8211; Preparaci\u00f3n Examen de Grado\/Eric Ch\u00e1vez Ch\u00e1vez &#8211; 8\u00aa Edici\u00f3n &#8211; 2024-515 P\u00e1g."},"content":{"rendered":"<p>La obra, en su octava edici\u00f3n 2024, est\u00e1 destinada para repasar por los postulantes a rendir el examen de grado y a los abogados aspirantes a los diferentes cargos p\u00fablicos del pa\u00eds, judicatura o estudios jur\u00eddicos privados.<\/p>\n<p>La obra estudia las materias e instituciones m\u00e1s tradicionales, en una forma did\u00e1ctica, que permite repasar los conceptos, requisitos y desarrollo del tema de una forma que permita recordar y en su caso profundizar el tema, en las llamadas obras cl\u00e1sicas del Derecho Civil chileno, y por tanto asentar este conocimiento o resaltarlo en la memoria.<\/p>\n<p>Este libro comprende el estudio completo del Derecho Civil, siendo de una consulta f\u00e1cil y r\u00e1pida, que permita desarrollar la siempre expresada &#8220;geograf\u00eda de c\u00f3digo&#8221; en aulas de las diferentes Escuelas de Derecho.<\/p>\n<p>&nbsp;<\/p>\n","protected":false},"excerpt":{"rendered":"<p>COMPRA TU LIBRO CON NOSOTROS \/ ENV\u00cdOS A TODO CHILE POR STARKEN &#8211; CORREOS<\/p>\n","protected":false},"featured_media":1780,"comment_status":"open","ping_status":"closed","template":"","meta":{"inline_featured_image":false,"_joinchat":[]},"product_brand":[],"product_cat":[27,26],"product_tag":[],"class_list":{"0":"post-1727","1":"product","2":"type-product","3":"status-publish","4":"has-post-thumbnail","6":"product_cat-civil","7":"product_cat-derecho","9":"first","10":"instock","11":"shipping-taxable","12":"purchasable","13":"product-type-simple"},"_links":{"self":[{"href":"https:\/\/bibliotecajuridicavirtual.cl\/index.php\/wp-json\/wp\/v2\/product\/1727","targetHints":{"allow":["GET"]}}],"collection":[{"href":"https:\/\/bibliotecajuridicavirtual.cl\/index.php\/wp-json\/wp\/v2\/product"}],"about":[{"href":"https:\/\/bibliotecajuridicavirtual.cl\/index.php\/wp-json\/wp\/v2\/types\/product"}],"replies":[{"embeddable":true,"href":"https:\/\/bibliotecajuridicavirtual.cl\/index.php\/wp-json\/wp\/v2\/comments?post=1727"}],"wp:featuredmedia":[{"embeddable":true,"href":"https:\/\/bibliotecajuridicavirtual.cl\/index.php\/wp-json\/wp\/v2\/media\/1780"}],"wp:attachment":[{"href":"https:\/\/bibliotecajuridicavirtual.cl\/index.php\/wp-json\/wp\/v2\/media?parent=1727"}],"wp:term":[{"taxonomy":"product_brand","embeddable":true,"href":"https:\/\/bibliotecajuridicavirtual.cl\/index.php\/wp-json\/wp\/v2\/product_brand?post=1727"},{"taxonomy":"product_cat","embeddable":true,"href":"https:\/\/bibliotecajuridicavirtual.cl\/index.php\/wp-json\/wp\/v2\/product_cat?post=1727"},{"taxonomy":"product_tag","embeddable":true,"href":"https:\/\/bibliotecajuridicavirtual.cl\/index.php\/wp-json\/wp\/v2\/product_tag?post=1727"}],"curies":[{"name":"wp","href":"https:\/\/api.w.org\/{rel}","templated":true}]}}