{"id":1731,"date":"2026-02-28T00:54:14","date_gmt":"2026-02-28T03:54:14","guid":{"rendered":"https:\/\/bibliotecajuridicavirtual.cl\/?post_type=product&#038;p=1731"},"modified":"2026-02-28T00:55:16","modified_gmt":"2026-02-28T03:55:16","slug":"la-prueba-una-revision-dogmatico-practica-actual-desde-el-derecho-civil-y-el-derecho-procesal-daniela-jarufe-contreras-diego-palomo-velez-312-pag-ano-agosto-2024","status":"publish","type":"product","link":"https:\/\/bibliotecajuridicavirtual.cl\/index.php\/product\/la-prueba-una-revision-dogmatico-practica-actual-desde-el-derecho-civil-y-el-derecho-procesal-daniela-jarufe-contreras-diego-palomo-velez-312-pag-ano-agosto-2024\/","title":{"rendered":"La Prueba. Una revisi\u00f3n dogm\u00e1tico-pr\u00e1ctica actual desde el Derecho Civil y el Derecho Procesal &#8211; Daniela Jarufe Contreras &#8211; Diego Palomo V\u00e9lez \/ 312 P\u00e1g. a\u00f1o agosto 2024"},"content":{"rendered":"<p style=\"font-weight: 400;\">Esta obra colectiva se levanta sobre la base de reconocer que la prueba es la actividad que, desarrollada por las partes y el juez, es el verdadero eje del proceso.\u200b<\/p>\n<p style=\"font-weight: 400;\">Esto liga con la discusi\u00f3n en torno a la funci\u00f3n que se le asigna, y el estudio de la evoluci\u00f3n de sus principios, institutos, medios de acreditaci\u00f3n y de la distribuci\u00f3n de papeles de los intervinientes, as\u00ed como con el abordaje de las particularidades que presenta la prueba en distintos estatutos (derecho civil patrimonial, de familia, de consumo, por citar algunos ejemplos) o en diversos \u00f3rdenes jurisdiccionales.\u200b<\/p>\n<p style=\"font-weight: 400;\">A estos prop\u00f3sitos sirven los diversos trabajos que recoge la presente obra que, desde el derecho civil y el derecho procesal, abordan tem\u00e1ticas actuales, problem\u00e1ticas y esenciales para quienes deseen estar al d\u00eda en estas materias.\u200b<\/p>\n<p style=\"font-weight: 400;\">Se trata, en definitiva, de un conjunto de estudios reunidos que buscan ser un aporte al mejor entendimiento y manejo te\u00f3rico y pr\u00e1ctico de una serie de temas que, o bien se han instalado en el debate hace poco o trat\u00e1ndose de temas m\u00e1s cl\u00e1sicos, exigen una revisi\u00f3n o revisita que impulsen, eventualmente, cambios legislativos.<\/p>\n<ol>\n<li style=\"font-weight: 400;\"><b><strong> DERECHO CIVIL<\/strong><\/b><\/li>\n<\/ol>\n<p style=\"font-weight: 400;\"><em><b><strong>\u00bfEs la prueba del vicio un presupuesto de reclamaci\u00f3n de las garant\u00edas de conformidad? Algunas soluciones normativas<\/strong><\/b><\/em><br \/>\nErika Isler Soto<\/p>\n<ol>\n<li style=\"font-weight: 400;\">Se debe acreditar el vicio<\/li>\n<li style=\"font-weight: 400;\">La presunci\u00f3n de la existencia y preexistencia del vicio<br \/>\n2.1. El plazo de presunci\u00f3n se identifica con el plazo de vigencia de la garant\u00eda<br \/>\n2.2. El plazo de presunci\u00f3n es menor al plazo de vigencia de la garant\u00eda<br \/>\n2.3. \u00bfQu\u00e9 ocurre en el exceso?<br \/>\n2.3.1. Se debe acreditar el vicio<br \/>\na) La necesidad de acreditar la existencia y requisitos de la responsabilidad<br \/>\nb) La regla del a contrario sensu<br \/>\nc) La aplicaci\u00f3n anal\u00f3gica de las reglas de responsabilidad por productos<br \/>\n2.3.2. Se presume la preexistencia del vicio<br \/>\na) La reconducci\u00f3n limitada a reg\u00edmenes supletorios<br \/>\nb) El principio pro consumidor<\/li>\n<li style=\"font-weight: 400;\">El silencio del legislador<\/li>\n<\/ol>\n<p style=\"font-weight: 400;\"><em><b><strong>De la prueba de la simulaci\u00f3n matrimonial efectuada con fines migratorios<\/strong><\/b><\/em><br \/>\nAlexis Mondaca Miranda<\/p>\n<ol>\n<li style=\"font-weight: 400;\">Introducci\u00f3n<\/li>\n<li style=\"font-weight: 400;\">El problem\u00e1tico mundo de las simulaciones matrimoniales<br \/>\n2.1. Frecuencia v\/s. (aparente) indiferencia<br \/>\n2.2. Deficiente tutela del consentimiento matrimonial<br \/>\n2.3. La dif\u00edcil prueba de la simulaci\u00f3n matrimonial<br \/>\n2.4. \u00bfInteresa la simulaci\u00f3n del matrimonio?<\/li>\n<li style=\"font-weight: 400;\">La relevancia de la prueba de presunciones<br \/>\n3.1. La Resoluci\u00f3n de la Uni\u00f3n Europea de 4 de diciembre de 1997, sobre las medidas que deber\u00e1n adoptarse en materia de lucha contra los matrimonios fraudulentos<br \/>\na) Inexistencia de una vida en com\u00fan<br \/>\nb) Ausencia de una adecuada contribuci\u00f3n a las responsabilidades propias del matrimonio<br \/>\nc) Ausencia de conocimiento entre los c\u00f3nyuges con anterioridad al matrimonio<br \/>\nd) Equivocaci\u00f3n o desconocimiento de uno de los c\u00f3nyuges sobre datos del otro (nombre, trabajo, nacionalidad, direcci\u00f3n, circunstancias en que se conocieron u otros datos de \u00edndole personal)<br \/>\ne) No hablar una lengua comprensible para ambos<br \/>\nf) La entrega de una cantidad de dinero para que se celebre el matrimonio (salvo lo correspondiente por concepto de dote)<br \/>\ng) Que el historial de uno de los c\u00f3nyuges manifieste otros matrimonios fraudulentos anteriores o irregularidades en materia de residencia<br \/>\n3.2. La Resoluci\u00f3n de la Direcci\u00f3n General de los Registros y del Notariado de 6 de octubre de 2017<\/li>\n<li style=\"font-weight: 400;\">La Ley N\u00ba 21.325 \u00bfun avance en sede de tutela de un verdadero consentimiento matrimonial?<br \/>\n4.1. La defensa de los nexos de familia de los inmigrantes<br \/>\n4.2. La prevenci\u00f3n de la simulaci\u00f3n de los matrimonios<br \/>\n5. Conclusiones<\/li>\n<\/ol>\n<p style=\"font-weight: 400;\"><em><b><strong>La configuraci\u00f3n del injusto detentador y su prueba a la luz de doctrina y jurisprudencia actual<\/strong><\/b><\/em><br \/>\nRodrigo Barcia Lehmann<\/p>\n<ol>\n<li style=\"font-weight: 400;\">El concepto de injusto detentador en la doctrina<br \/>\n1.1. Algunas interpretaciones respecto de los alcances del art\u00edculo 915 del CC<br \/>\n1.2. El injusto detentador como mero tenedor<br \/>\n1.3. Las distintas doctrinas que abordan al injusto detentador, como mero tenedor simple o calificado<\/li>\n<li style=\"font-weight: 400;\">El \u00e1mbito de aplicaci\u00f3n del art\u00edculo 915 del CC<\/li>\n<li style=\"font-weight: 400;\">La jurisprudencia se inclina por una aplicaci\u00f3n integradora de los art\u00edculos 889, 895 y 915 del CC<\/li>\n<li style=\"font-weight: 400;\">Algunas conclusiones<\/li>\n<\/ol>\n<p style=\"font-weight: 400;\"><em><b><strong>Las dificultades de la prueba de peritos en los conflictos sobre calidad de la vivienda<\/strong><\/b><\/em><br \/>\nMacarena D\u00edaz de Vald\u00e9s Haase<\/p>\n<p style=\"font-weight: 400;\">El informe de peritos<\/p>\n<p>1. Las dificultades de los consumidores frente a la prueba de los defectos constructivos<br \/>\n2. Las dificultades en la apreciaci\u00f3n del informe de peritos<br \/>\n3. Reflexiones finales<\/p>\n<p style=\"font-weight: 400;\"><em><b><strong>Algunas reflexiones sobre la prueba de la demencia como causal de nulidad absoluta de los actos o contratos<\/strong><\/b><\/em><br \/>\nDaniela Jarufe Contreras<\/p>\n<ol>\n<li style=\"font-weight: 400;\">Introducci\u00f3n<\/li>\n<li style=\"font-weight: 400;\">De la capacidad<\/li>\n<li style=\"font-weight: 400;\">De la demencia como causal de nulidad absoluta<\/li>\n<li style=\"font-weight: 400;\">De la prueba de la incapacidad de obrar del denominado \u201cdemente\u201d<\/li>\n<li style=\"font-weight: 400;\">Jurisprudencia sobre la prueba de la demencia<\/li>\n<li style=\"font-weight: 400;\">Conclusiones<\/li>\n<li style=\"font-weight: 400;\"><b><strong> DERECHO PROCESAL<\/strong><\/b><\/li>\n<\/ol>\n<p style=\"font-weight: 400;\"><em><b><strong>Algunas dificultades en la producci\u00f3n del acto procesal de prueba<\/strong><\/b><\/em><br \/>\nAlejandro Romero Seguel<\/p>\n<ol>\n<li style=\"font-weight: 400;\">El acto procesal de prueba y sus dificultades<\/li>\n<li style=\"font-weight: 400;\">Los problemas para conocer los hechos<br \/>\n2.1. La valoraci\u00f3n de la prueba y las decisiones con \u201cperspectiva de g\u00e9nero\u201d<br \/>\n2.2. M\u00e1s sobre la recepci\u00f3n en la jurisprudencia de la decisi\u00f3n \u201ccon perspectiva de g\u00e9nero\u201d<\/li>\n<li style=\"font-weight: 400;\">La dif\u00edcil aplicaci\u00f3n de la carga de la prueba<\/li>\n<li style=\"font-weight: 400;\">La valoraci\u00f3n de la prueba en derechos personal\u00edsimos<\/li>\n<li style=\"font-weight: 400;\">La prueba entre colitigantes en un litisconsorcio pasivo<\/li>\n<li style=\"font-weight: 400;\">La objeci\u00f3n del informe de peritos<\/li>\n<li style=\"font-weight: 400;\">La vulneraci\u00f3n del derecho a la prueba pericial en la segunda instancia<\/li>\n<\/ol>\n<p style=\"font-weight: 400;\"><em><b><strong>Aspectos problem\u00e1ticos de est\u00e1ndar y valoraci\u00f3n de la prueba en proceso civil: presente y futuro<\/strong><\/b><\/em><br \/>\nEvelyn Vieyra Luna<\/p>\n<ol>\n<li style=\"font-weight: 400;\">Introducci\u00f3n<\/li>\n<li style=\"font-weight: 400;\">La verdad de los hechos<\/li>\n<li style=\"font-weight: 400;\">Valoraci\u00f3n de la prueba en el proceso civil<\/li>\n<li style=\"font-weight: 400;\">Est\u00e1ndar de prueba en el proceso civil<\/li>\n<li style=\"font-weight: 400;\">Aspectos problem\u00e1ticos del est\u00e1ndar y la valoraci\u00f3n de la prueba presentes y futuros<br \/>\n5.1. Proliferaci\u00f3n de teor\u00edas al respecto<br \/>\na) Algunas propuestas te\u00f3ricas sobre \u201cvaloraci\u00f3n de la prueba\u201d<br \/>\nb) Algunas propuestas te\u00f3ricas sobre los est\u00e1ndares de prueba<br \/>\n5.2. Normativa desfasada en los tiempos actuales<br \/>\n5.3. Posici\u00f3n endoc\u00e9ntrica de la sentencia definitiva para la valoraci\u00f3n de la prueba y determinaci\u00f3n de un est\u00e1ndar de prueba<br \/>\n5.4. Perspectiva unipersonal del razonamiento probatorio<br \/>\n5.5. Falta de heterogeneidad en la aplicaci\u00f3n de los est\u00e1ndares de prueba<br \/>\n5.6. Ausencia de estudios emp\u00edricos respecto al razonamiento probatorio<br \/>\n5.7. Uso limitado de tecnolog\u00edas modernas para la valoraci\u00f3n de la prueba y determinaci\u00f3n de un est\u00e1ndar de prueba<\/li>\n<li style=\"font-weight: 400;\">Conclusiones<\/li>\n<\/ol>\n<p style=\"font-weight: 400;\"><em><b><strong>La buena fe y la actividad probatoria en los juicios civiles<\/strong><\/b><\/em><br \/>\nP\u00eda Tavolari Goycoolea<\/p>\n<ol>\n<li style=\"font-weight: 400;\">Moral y proceso<br \/>\n2. Regulaci\u00f3n<br \/>\n3. La buena fe y el abuso<br \/>\n4. El Principio de la Buena Fe Procesal y la Prueba<br \/>\n5. La verdad y la prueba<br \/>\n6. Este es un tema desde el que se ha debatido hist\u00f3ricamente<br \/>\n7. Prueba y buena o mala fe<br \/>\n8. Valoraci\u00f3n de prueba y buena o mala fe<br \/>\n9. Cargas de prueba y buena o mala fe<br \/>\n10. Hasta d\u00f3nde puede llegarse<\/li>\n<\/ol>\n<p style=\"font-weight: 400;\"><em><b><strong>Papel del juez en la prueba civil<\/strong><\/b><\/em><br \/>\nDiego Palomo V\u00e9lez &#8211; Diego Vald\u00e9s Quinteros<\/p>\n<ol>\n<li style=\"font-weight: 400;\">Introducci\u00f3n<\/li>\n<li style=\"font-weight: 400;\">Desde lo general. El rol del juez en el proceso civil<\/li>\n<li style=\"font-weight: 400;\">El C\u00f3digo de Procedimiento Civil y el rol del juez en la prueba<br \/>\n3.1. El juez civil en la admisibilidad, y previamente, en la apertura de la fase probatoria<br \/>\n3.1.1. De la prueba documental<br \/>\n3.1.2. De la prueba testimonial<br \/>\n3.1.3. De la prueba confesional<br \/>\n3.1.4. De la prueba pericial<br \/>\n3.1.5. De la inspecci\u00f3n personal del tribunal<br \/>\n3.1.6. De las presunciones judiciales<br \/>\n3.2. El rol del juez civil en la pr\u00e1ctica probatoria<br \/>\n3.3. El rol del juez civil en la iniciativa probatoria<br \/>\n3.4. En la interpretaci\u00f3n y valoraci\u00f3n<br \/>\n3.5. Hacia d\u00f3nde vamos<br \/>\n3.5.1. En la admisibilidad<br \/>\n3.5.2. En la pr\u00e1ctica probatoria<br \/>\n3.5.3. En la iniciativa probatoria<br \/>\n3.5.4. En la valoraci\u00f3n de la prueba<\/li>\n<li style=\"font-weight: 400;\">Conclusiones<\/li>\n<\/ol>\n<p style=\"font-weight: 400;\"><em><b><strong>Testimonios virtuales en el proceso civil chileno. \u00bfPor qu\u00e9 no?<\/strong><\/b><\/em><br \/>\nCristian Contreras Rojas<\/p>\n<ol>\n<li style=\"font-weight: 400;\">Introducci\u00f3n<br \/>\n2. El testimonio y (la b\u00fasqueda por superar) la duda inexorable<br \/>\n3. La pandemia y un nuevo escenario para \u201chacer justicia\u201d: lo virtual se hace real<br \/>\n4. \u00bfLleg\u00f3 el momento para el arribo de la virtualidad al proceso civil?<\/li>\n<\/ol>\n","protected":false},"excerpt":{"rendered":"<p>Haz tu Reserva aqu\u00ed \/ Env\u00edos a Todo Chile &#8211; Starken &#8211; Correos<\/p>\n","protected":false},"featured_media":1784,"comment_status":"open","ping_status":"closed","template":"","meta":{"inline_featured_image":false,"_joinchat":[]},"product_brand":[],"product_cat":[45,27,26,39],"product_tag":[],"class_list":{"0":"post-1731","1":"product","2":"type-product","3":"status-publish","4":"has-post-thumbnail","6":"product_cat-administrativo","7":"product_cat-civil","8":"product_cat-derecho","9":"product_cat-procesal-civil","11":"first","12":"instock","13":"shipping-taxable","14":"purchasable","15":"product-type-simple"},"_links":{"self":[{"href":"https:\/\/bibliotecajuridicavirtual.cl\/index.php\/wp-json\/wp\/v2\/product\/1731","targetHints":{"allow":["GET"]}}],"collection":[{"href":"https:\/\/bibliotecajuridicavirtual.cl\/index.php\/wp-json\/wp\/v2\/product"}],"about":[{"href":"https:\/\/bibliotecajuridicavirtual.cl\/index.php\/wp-json\/wp\/v2\/types\/product"}],"replies":[{"embeddable":true,"href":"https:\/\/bibliotecajuridicavirtual.cl\/index.php\/wp-json\/wp\/v2\/comments?post=1731"}],"wp:featuredmedia":[{"embeddable":true,"href":"https:\/\/bibliotecajuridicavirtual.cl\/index.php\/wp-json\/wp\/v2\/media\/1784"}],"wp:attachment":[{"href":"https:\/\/bibliotecajuridicavirtual.cl\/index.php\/wp-json\/wp\/v2\/media?parent=1731"}],"wp:term":[{"taxonomy":"product_brand","embeddable":true,"href":"https:\/\/bibliotecajuridicavirtual.cl\/index.php\/wp-json\/wp\/v2\/product_brand?post=1731"},{"taxonomy":"product_cat","embeddable":true,"href":"https:\/\/bibliotecajuridicavirtual.cl\/index.php\/wp-json\/wp\/v2\/product_cat?post=1731"},{"taxonomy":"product_tag","embeddable":true,"href":"https:\/\/bibliotecajuridicavirtual.cl\/index.php\/wp-json\/wp\/v2\/product_tag?post=1731"}],"curies":[{"name":"wp","href":"https:\/\/api.w.org\/{rel}","templated":true}]}}