{"id":1751,"date":"2026-02-28T00:54:35","date_gmt":"2026-02-28T03:54:35","guid":{"rendered":"https:\/\/bibliotecajuridicavirtual.cl\/?post_type=product&#038;p=1751"},"modified":"2026-02-28T00:55:22","modified_gmt":"2026-02-28T03:55:22","slug":"acoso-en-el-trabajo-y-tutela-jose-luis-ugarte-cataldo-julio-ano-2024-130-paginas","status":"publish","type":"product","link":"https:\/\/bibliotecajuridicavirtual.cl\/index.php\/product\/acoso-en-el-trabajo-y-tutela-jose-luis-ugarte-cataldo-julio-ano-2024-130-paginas\/","title":{"rendered":"Acoso en el Trabajo y Tutela \/ Jos\u00e9 Luis Ugarte Cataldo &#8211; Julio a\u00f1o 2024 \/ 130 P\u00e1ginas"},"content":{"rendered":"<p style=\"font-weight: 400;\">El acoso en el espacio de trabajo es una conducta que lesiona, de partida, la integridad f\u00edsica y\/o ps\u00edquica de la v\u00edctima. En este sentido, no toda conducta negativa o de conflicto en el lugar de trabajo corresponde a una hip\u00f3tesis de acoso desde el punto de vista jur\u00eddico.<\/p>\n<p style=\"font-weight: 400;\">Teniendo en cuenta lo anterior, se puede constituir como un acto pluriofensivo de diversos derechos fundamentales, como el de la privacidad, la honra y la no discriminaci\u00f3n. Dependiendo del contenido de la conducta que lo constituya, puede ser laboral, sexual o sexista. Corresponde al derecho reprimir y sancionar su ejecuci\u00f3n en cualquiera de sus modalidades, las que pueden provenir tanto del empleador como de terceros, particularmente de compa\u00f1eros de trabajo.<\/p>\n<p style=\"font-weight: 400;\">Seg\u00fan se revisa en el presente libro, el principal mecanismo de protecci\u00f3n de\u00a0los trabajadores frente al acoso en el trabajo corresponde a la acci\u00f3n de tutela\u00a0de derechos fundamentales. Esta pretensi\u00f3n de tutela por parte de la v\u00edctima\u00a0puede operar para proteger dichos derechos, tanto en la investigaci\u00f3n del acoso como en la sanci\u00f3n de este.<\/p>\n<p style=\"font-weight: 400;\">\n<p>CAP\u00cdTULO I<br \/>\n<b><strong>ACOSO EN EL TRABAJO, PROTECCI\u00d3N DEL CUERPO Y DERECHO DEL TRABAJO<\/strong><\/b><\/p>\n<ol>\n<li style=\"font-weight: 400;\"><b><strong> INTRODUCCI\u00d3N<\/strong><\/b><\/li>\n<li style=\"font-weight: 400;\"><b><strong> PROTECCI\u00d3N DEL CUERPO, DIGNIDAD Y RECONOCIMIENTO<\/strong><\/b><\/li>\n<li style=\"font-weight: 400;\"><b><strong> PROTECCI\u00d3N DEL CUERPO: INTEGRIDAD F\u00cdSICA Y PS\u00cdQUICA EN LUGAR DE TRABAJO<\/strong><\/b><\/li>\n<li style=\"font-weight: 400;\"><b><strong> ACOSO EN EL TRABAJO, MODALIDADES Y DERECHOS FUNDAMENTALES<\/strong><\/b><br \/>\n4.1. Acoso laboral<br \/>\n4.2. Acoso sexual laboral<br \/>\n4.3. Acoso sexista<\/li>\n<li style=\"font-weight: 400;\"><b><strong> ACOSO EN EL TRABAJO Y DERECHO INTERNACIONAL<\/strong><\/b><\/li>\n<\/ol>\n<p style=\"font-weight: 400;\"><b><strong>CAP\u00cdTULO II<\/strong><\/b><br \/>\n<b><strong>ACOSO EN EL TRABAJO COMO IL\u00cdCITO LABORAL: EL ESPACIO LEGAL-REGLAMENTARIO<\/strong><\/b><\/p>\n<ol>\n<li style=\"font-weight: 400;\"><b><strong> INTRODUCCI\u00d3N<\/strong><\/b><\/li>\n<li style=\"font-weight: 400;\"><b><strong> R\u00c9GIMEN LEGAL DEL ACOSO EN EL TRABAJO: TIPOS CONCEPTUALES<\/strong><\/b><\/li>\n<li style=\"font-weight: 400;\"><b><strong> HAZ DE DEBERES EMPRESARIALES: INVESTIGACI\u00d3N Y PROTECCI\u00d3N FRENTE AL ACOSO EN EL TRABAJO<\/strong><\/b><br \/>\n3.1. Deber de regulaci\u00f3n<br \/>\n3.2. Deber de dar curso a la investigaci\u00f3n<br \/>\n3.3. Deber de resguardo: medidas provisionales<br \/>\n3.4. Deber de adoptar medidas de resguardo definitivo y de sanci\u00f3n<br \/>\nA) Deber de medidas de resguardo definitivas<br \/>\nB) Deber de sanci\u00f3n: r\u00e9gimen legal por acoso en el trabajo<br \/>\n3.5. Despido por acoso horizontal en el trabajo<br \/>\n3.6. Autodespido por acoso del empleador en el trabajo<\/li>\n<\/ol>\n<p style=\"font-weight: 400;\"><b><strong>CAP\u00cdTULO III<\/strong><\/b><br \/>\n<b><strong>ACOSO EN EL TRABAJO, DERECHOS FUNDAMENTALES Y TUTELA LABORAL<\/strong><\/b><\/p>\n<ol>\n<li style=\"font-weight: 400;\"><b><strong> INTRODUCCI\u00d3N<\/strong><\/b><\/li>\n<li style=\"font-weight: 400;\"><b><strong> ACOSO EN EL TRABAJO Y LA LESI\u00d3N DE LA INTEGRIDAD F\u00cdSICA Y PS\u00cdQUICA<\/strong><\/b><br \/>\n2.1. Acoso laboral como conducta lesiva<br \/>\n2.2. Acoso sexual laboral como conducta lesiva<br \/>\n2.3. Acoso sexista como conducta lesiva<\/li>\n<li style=\"font-weight: 400;\"><b><strong> TUTELA LABORAL FRENTE AL ACOSO EN EL TRABAJO: REGULACI\u00d3N DE LAS CONSECUENCIAS JUR\u00cdDICAS<\/strong><\/b><br \/>\n3.1. La conducta lesiva del empleador en el acoso en el trabajo<br \/>\n3.2. Las partes en la tutela laboral en el acoso del trabajo<br \/>\nA) Sujeto activo de la acci\u00f3n de tutela por acoso en el trabajo: el empleador<br \/>\n3.3. La prueba en la tutela del acoso en el trabajo<br \/>\nA) La prueba del acoso y declaraci\u00f3n de la v\u00edctima<br \/>\nB) La prueba del acoso y la exclusi\u00f3n probatoria de la prueba il\u00edcita<br \/>\n3.4. Reparaci\u00f3n y sanci\u00f3n del acoso en el trabajo en tutela laboral<br \/>\nA) Tutela por acoso en el trabajo durante la relaci\u00f3n laboral<br \/>\nB) Tutela por acoso en el trabajo con ocasi\u00f3n del despido<br \/>\nC) El despido por acoso en el trabajo<br \/>\nD) Autodespido por acoso en el trabajo y lesi\u00f3n de derechos fundamentales en tutela<br \/>\nE) El despido lesivo por acoso en el trabajo y sus consecuencias jur\u00eddicas: haz indemnizatorio<br \/>\nF) El despido por acoso en el trabajo y el da\u00f1o moral<\/li>\n<\/ol>\n<p style=\"font-weight: 400;\"><b><strong>CAP\u00cdTULO IV<\/strong><\/b><br \/>\n<b><strong>ACOSO EN EL LUGAR DE TRABAJO Y DEBERES DEL EMPLEADOR: PERSPECTIVA DESDE LOS DERECHOS FUNDAMENTALES<\/strong><\/b><\/p>\n<ol>\n<li style=\"font-weight: 400;\"><b><strong> INTRODUCCI\u00d3N<\/strong><\/b><\/li>\n<li style=\"font-weight: 400;\"><b><strong> INVESTIGACI\u00d3N Y SANCI\u00d3N DEL ACOSO EN EL TRABAJO: DERECHOS FUNDAMENTALES DEL DENUNCIANTE<\/strong><\/b><br \/>\n2.1. Lesi\u00f3n en la investigaci\u00f3n del acoso en el trabajo: falta al deber de dar curso efectivo a la investigaci\u00f3n<br \/>\nA) Falta del deber de dar curso efectivo a la investigaci\u00f3n<br \/>\nB) Falta en la aplicaci\u00f3n efectiva de las garant\u00edas procedimentales m\u00ednimas<br \/>\n2.2. Lesi\u00f3n en la etapa de represi\u00f3n del acoso: falta de una sanci\u00f3n adecuada y adopci\u00f3n de represalias<br \/>\nA) Lesi\u00f3n por falta de sanci\u00f3n adecuada al acoso en el trabajo<br \/>\nB) Lesi\u00f3n por represalias<\/li>\n<li style=\"font-weight: 400;\"><b><strong> INVESTIGACI\u00d3N Y SANCI\u00d3N DEL ACOSO EN EL TRABAJO: DERECHOS FUNDAMENTALES DEL O LA DENUNCIADA<\/strong><\/b><br \/>\n3.1. Lesi\u00f3n por falta de investigaci\u00f3n y por falta al deber de garant\u00edas procedimentales<br \/>\n3.2. Lesi\u00f3n en la aplicaci\u00f3n de la sanci\u00f3n: falta de proporcionalidad<\/li>\n<li style=\"font-weight: 400;\"><b><strong> RESGUARDO EN EL ACOSO EN EL TRABAJO: MEDIDAS PROVISIONALES Y DEFINITIVAS<\/strong><\/b><br \/>\n4.1. Lesi\u00f3n por falta de protecci\u00f3n suficiente al o la denunciante<br \/>\n4.2. Lesi\u00f3n por medidas de resguardo excesivas<\/li>\n<\/ol>\n","protected":false},"excerpt":{"rendered":"<p>Env\u00edos a todo Chile \/ Starken &#8211; Correos<\/p>\n<p>Vis\u00edtanos www.bibliotecajuridicavirtual.cl \/ Escr\u00edbenos al +56930565235<\/p>\n<p>&nbsp;<\/p>\n<p>&nbsp;<\/p>\n","protected":false},"featured_media":1789,"comment_status":"open","ping_status":"closed","template":"","meta":{"inline_featured_image":false,"_joinchat":[]},"product_brand":[],"product_cat":[26,41],"product_tag":[],"class_list":{"0":"post-1751","1":"product","2":"type-product","3":"status-publish","4":"has-post-thumbnail","6":"product_cat-derecho","7":"product_cat-laboral","9":"first","10":"instock","11":"shipping-taxable","12":"purchasable","13":"product-type-simple"},"_links":{"self":[{"href":"https:\/\/bibliotecajuridicavirtual.cl\/index.php\/wp-json\/wp\/v2\/product\/1751","targetHints":{"allow":["GET"]}}],"collection":[{"href":"https:\/\/bibliotecajuridicavirtual.cl\/index.php\/wp-json\/wp\/v2\/product"}],"about":[{"href":"https:\/\/bibliotecajuridicavirtual.cl\/index.php\/wp-json\/wp\/v2\/types\/product"}],"replies":[{"embeddable":true,"href":"https:\/\/bibliotecajuridicavirtual.cl\/index.php\/wp-json\/wp\/v2\/comments?post=1751"}],"wp:featuredmedia":[{"embeddable":true,"href":"https:\/\/bibliotecajuridicavirtual.cl\/index.php\/wp-json\/wp\/v2\/media\/1789"}],"wp:attachment":[{"href":"https:\/\/bibliotecajuridicavirtual.cl\/index.php\/wp-json\/wp\/v2\/media?parent=1751"}],"wp:term":[{"taxonomy":"product_brand","embeddable":true,"href":"https:\/\/bibliotecajuridicavirtual.cl\/index.php\/wp-json\/wp\/v2\/product_brand?post=1751"},{"taxonomy":"product_cat","embeddable":true,"href":"https:\/\/bibliotecajuridicavirtual.cl\/index.php\/wp-json\/wp\/v2\/product_cat?post=1751"},{"taxonomy":"product_tag","embeddable":true,"href":"https:\/\/bibliotecajuridicavirtual.cl\/index.php\/wp-json\/wp\/v2\/product_tag?post=1751"}],"curies":[{"name":"wp","href":"https:\/\/api.w.org\/{rel}","templated":true}]}}