{"id":1771,"date":"2026-02-28T00:55:05","date_gmt":"2026-02-28T03:55:05","guid":{"rendered":"https:\/\/bibliotecajuridicavirtual.cl\/?post_type=product&#038;p=1771"},"modified":"2026-02-28T00:55:36","modified_gmt":"2026-02-28T03:55:36","slug":"nueva-ley-de-compras-publicas-estudio-sistematico-y-practico-de-la-reforma-a-la-ley-n19-886","status":"publish","type":"product","link":"https:\/\/bibliotecajuridicavirtual.cl\/index.php\/product\/nueva-ley-de-compras-publicas-estudio-sistematico-y-practico-de-la-reforma-a-la-ley-n19-886\/","title":{"rendered":"Nueva Ley de Compras P\u00fablicas &#8211; Estudio Sistem\u00e1tico y Pr\u00e1ctico de la Reforma a la Ley N\u00b019.886"},"content":{"rendered":"<p style=\"font-weight: 400;\">En diciembre de 2023, se aprob\u00f3 una profunda reforma de la Ley N\u00b0 19.886, de Bases sobre Contratos Administrativos de Suministro y Prestaci\u00f3n de Servicios.\u200b\u200b Es la modificaci\u00f3n de mayor calado que ha experimentado la legislaci\u00f3n de contratos desde su entrada en vigor hace ahora m\u00e1s de 20 a\u00f1os (2003). El libro aborda, en varios estudios exhaustivos y de la mano de muy reconocidos expertos, las principales l\u00edneas de reforma. \u200b\u200bEl redise\u00f1o del \u00e1mbito subjetivo y objetivo de aplicaci\u00f3n, la asunci\u00f3n del enfoque estrat\u00e9gico en la contrataci\u00f3n p\u00fablica, los nuevos poderes a Chile compra y la modificaci\u00f3n del Tribunal de Contrataci\u00f3n P\u00fablica, entre otros.<\/p>\n<p style=\"font-weight: 400;\">El libro aporta una visi\u00f3n completa, actualizada y con un enfoque pr\u00e1ctico de la nueva fisionom\u00eda de la legislaci\u00f3n de compras p\u00fablicas en Chile.\u200b<\/p>\n<p style=\"font-weight: 400;\"><b>INTRODUCCI\u00d3N<\/b><b><br \/>\n<\/b>Iv\u00e1n Obando Camino<\/p>\n<ol>\n<li style=\"font-weight: 400;\">Palabras preliminares<br \/>\n2. La tramitaci\u00f3n de la NLCP en el Congreso Nacional<br \/>\n3. Descripci\u00f3n general de la NLCP<br \/>\n4. La entrada en vigor de la NLCP y adecuaciones normativas<\/li>\n<\/ol>\n<p style=\"font-weight: 400;\"><b>CAP\u00cdTULO I<\/b><b><br \/>\n<\/b><b>EL NUEVO \u00c1MBITO DE APLICACI\u00d3N SUBJETIVODE LA LEY NO 19.886<\/b><b><br \/>\n<\/b>Gabriel Celis Danzinger<\/p>\n<ol>\n<li style=\"font-weight: 400;\">Introducci\u00f3n<br \/>\n2. La eficacia expansiva de la Ley No 19.886 en su \u00e1mbito de aplicaci\u00f3n subjetivo<br \/>\n3. El nuevo \u00e1mbito de aplicaci\u00f3n subjetivo de la Ley No 19.886<br \/>\n4. Conclusiones<\/li>\n<\/ol>\n<p style=\"font-weight: 400;\"><b>CAP\u00cdTULO II<\/b><b><br \/>\n<\/b><b>EL NUEVO \u00c1MBITO DE APLICACI\u00d3N OBJETIVA DE LA LEY NO 19.886<\/b><b><br \/>\n<\/b>Claudio Moraga Klenner<\/p>\n<ol>\n<li style=\"font-weight: 400;\">Rasgos de la Ley No 19.886 y su conexi\u00f3n con los contratos regulados por ella<br \/>\n2. Contratos a los que se aplica la Ley No 19.886, in integrum<br \/>\n3. Contratos a los que no se aplica la Ley No 19.886<br \/>\n4. Contratos a los que se aplica la Ley No 19.886, pero solo en parte<br \/>\n5. Efecto expansivo de la Ley No 19.886<\/li>\n<\/ol>\n<p style=\"font-weight: 400;\"><b>CAP\u00cdTULO III<\/b><b><br \/>\n<\/b><b>CONTRATACI\u00d3N P\u00daBLICA SOSTENIBLE EN LA LEY NO 21.634 QUE MODERNIZA LA LEY DE COMPRAS P\u00daBLICAS<\/b><b><br \/>\n<\/b>Ximena Lazo Vitoria &#8211; Camila Antonieta Castro Fuentes<\/p>\n<ol>\n<li style=\"font-weight: 400;\">Introducci\u00f3n<br \/>\n2. Contexto y estado de la cuesti\u00f3n antes de la reforma 2023<br \/>\n3. El enfoque estrat\u00e9gico de la contrataci\u00f3n p\u00fablica en la nueva Ley de Compras P\u00fablicas<br \/>\n4. Principios de econom\u00eda circular en la adquisici\u00f3n de bienes y servicios de los organismos del Estado<br \/>\n5. Principales consideraciones finales<\/li>\n<\/ol>\n<p style=\"font-weight: 400;\"><b>CAP\u00cdTULO IV<\/b><b><br \/>\n<\/b><b>PROCEDIMIENTO DE ADJUDICACI\u00d3N<\/b><b><br \/>\n<\/b>Alejandro C\u00e1rcamo Righetti<\/p>\n<ol>\n<li style=\"font-weight: 400;\">Introducci\u00f3n<br \/>\n2. Algunos aspectos generales relativos a la naturaleza, importancia y etapas del procedimiento de adjudicaci\u00f3n<br \/>\n3. Revisi\u00f3n panor\u00e1mica de la regulaci\u00f3n bajo la vigencia del antiguo texto de la LCP<br \/>\n4. Escenario regulatorio bajo el texto reformado de la LCP<br \/>\n5. Conclusiones<\/li>\n<\/ol>\n<p style=\"font-weight: 400;\"><b>CAP\u00cdTULO V<\/b><b><br \/>\n<\/b><b>NUEVOS PODERES DE CHILECOMPRA<\/b><b><br \/>\n<\/b>Ricardo Miranda Z\u00fa\u00f1iga<\/p>\n<ol>\n<li style=\"font-weight: 400;\">Introducci\u00f3n2. La creaci\u00f3n de ChileCompra<\/li>\n<li style=\"font-weight: 400;\">Las Agencias de Compras P\u00fablicas en los sistemas comparados<br \/>\n3.1. Agencias de compras p\u00fablicas en pa\u00edses pertenecientes a la OCDE<br \/>\n3.2. Agencias de compras p\u00fablicas en pa\u00edses de Latinoam\u00e9rica<\/li>\n<li style=\"font-weight: 400;\">Antecedentes de la reforma legal<\/li>\n<li style=\"font-weight: 400;\">Las nuevas funciones de ChileCompra<br \/>\n5.1. Nuevas funciones en los convenios marco<br \/>\n5.2. Nuevas funciones en las compras coordinadas<br \/>\n5.3. Nuevas funciones en la administraci\u00f3n del Registro de Proveedores<br \/>\n5.4. Nueva funci\u00f3n de proposici\u00f3n de pol\u00edticas de compra<br \/>\n5.5. Nueva funci\u00f3n de dictaci\u00f3n de instrucciones obligatorias de general aplicaci\u00f3n<br \/>\n5.6. Nueva funci\u00f3n de apoyo a la participaci\u00f3n de las empresas de menor tama\u00f1o<br \/>\n5.7. Nueva funci\u00f3n de administraci\u00f3n de una plataforma de econom\u00eda circular<br \/>\n5.8. Nueva funci\u00f3n de administraci\u00f3n de una plataforma de reclamos<br \/>\n5.9. Nueva funci\u00f3n de administraci\u00f3n de un canal de denuncias reservadas<br \/>\n5.10. Nueva funci\u00f3n de monitoreo<br \/>\n5.11. Nueva funci\u00f3n de publicaci\u00f3n de bases y contratos tipo<br \/>\n6. Conclusiones<\/li>\n<\/ol>\n<p style=\"font-weight: 400;\"><b>CAP\u00cdTULO VI<\/b><b><br \/>\n<\/b><b>EJECUCI\u00d3N CONTRACTUAL: POTESTADES DE MODIFICACI\u00d3N Y T\u00c9RMINO ANTICIPADO DEL CONTRATO EN LA NUEVA LEY DE COMPRAS<\/b><b><br \/>\n<\/b>Karen Roxana Asenjo Asenjo<\/p>\n<ol>\n<li style=\"font-weight: 400;\">Introducci\u00f3n<\/li>\n<li style=\"font-weight: 400;\">De la Potestad Modificatoria o Potestas Variandi en el Contrato de Suministro de Bienes y Servicios<br \/>\n2.1. De la modificaci\u00f3n contractual: potestas variandi, com\u00fan acuerdo y aceptaci\u00f3n del contratista<br \/>\n2.2. De la modificaci\u00f3n por causales previstas<br \/>\n2.3. Modificaci\u00f3n del contrato ante circunstancias imprevisibles<br \/>\n2.3.1. El caso fortuito o fuerza mayor: procedencia, requisitos y prueba en la jurisprudencia de la Contralor\u00eda General de la Rep\u00fablica<br \/>\n2.3.2. Aumento del plazo de ejecuci\u00f3n del contrato por el per\u00edodo que dure el impedimento<br \/>\n2.3.2.1. Otros fen\u00f3menos que inciden en la vigencia del plazo contractual: renovaci\u00f3n, pr\u00f3rroga, ampliaci\u00f3n y suspensi\u00f3n del plazo<br \/>\n2.3.3. Modificaci\u00f3n de bienes o servicios por razones de inter\u00e9s p\u00fablico<br \/>\n2.3.4. Servicios adicionales: accesorios, complementarios o conexos. \u00bfModificaci\u00f3n de contrato o trato directo?<br \/>\n2.4. Reglas comunes a las modificaciones de contrato<br \/>\n2.4.1. Deber de fundamentaci\u00f3n del acto modificatorio<br \/>\n2.4.2. Deber de publicaci\u00f3n del acto modificatorio<br \/>\n2.4.3. El equilibrio econ\u00f3mico o financiero del contrato como l\u00edmite a la modificaci\u00f3n<br \/>\n2.4.4. L\u00edmite presupuestario a la modificaci\u00f3n contractual<br \/>\n2.4.5. La no alteraci\u00f3n de los elementos esenciales del contrato como l\u00edmite a la modificaci\u00f3n<\/li>\n<li style=\"font-weight: 400;\">De la resoluci\u00f3n o t\u00e9rmino anticipado del contrato<br \/>\n3.1. La potestad de resolver anticipadamente el contrato y su naturaleza jur\u00eddica<br \/>\n3.2. Revisi\u00f3n de las causales que dan origen a la terminaci\u00f3n anticipada del contrato de suministro de bienes y\/o servicio<br \/>\n3.2.1. La muerte o incapacidad sobreviniente de la persona natural, o la extinci\u00f3n de la personalidad jur\u00eddica de la sociedad contratista<br \/>\n3.2.2. La resciliaci\u00f3n o mutuo acuerdo entre las partes<br \/>\n3.2.3. Incumplimiento grave de las obligaciones contra\u00eddas por el proveedor<br \/>\n3.2.4. Notoria insolvencia del contratista, suficiencia de las cauciones y la Ley No 20.070<br \/>\n3.2.5. La imposibilidad de ejecutar el contrato cuando no sea posible modificarlo de acuerdo al art\u00edculo 13<br \/>\n3.2.6. Por exigirlo el inter\u00e9s p\u00fablico o la seguridad nacional<br \/>\n3.2.7. Las dem\u00e1s causales establecidas en la ley, en las respectivas bases de licitaci\u00f3n o en el contrato<br \/>\n3.3. Del procedimiento administrativo de t\u00e9rmino anticipado del contrato4. Reflexi\u00f3n Final<\/li>\n<\/ol>\n<p style=\"font-weight: 400;\"><b>CAP\u00cdTULO VII<\/b><b><br \/>\n<\/b><b>EL REDISE\u00d1O LEGAL DEL TRIBUNAL DE CONTRATACI\u00d3N P\u00daBLICA<\/b><b><br \/>\n<\/b>Felipe Olmos Carrasco<\/p>\n<ol>\n<li style=\"font-weight: 400;\">Introducci\u00f3n<br \/>\n2. La competencia<br \/>\n3. Procedimiento<br \/>\n4. Soporte electr\u00f3nico de la tramitaci\u00f3n<br \/>\n5. Estatuto Org\u00e1nico<br \/>\n6. Conclusiones<\/li>\n<\/ol>\n","protected":false},"excerpt":{"rendered":"<p>Ximena Lazo Vitoria &#8211; Iv\u00e1n Obando Camino &#8211; ed. actualizada septiembre a\u00f1o 2024 \/ 364 P\u00e1g.<\/p>\n<p>Buscas un libro Jur\u00eddico.? Lo puedes encontrar en nuestra tienda virtual.<br \/>\nContamos con prestigiosos autores y muchas alternativas en sus diferentes materias al igual que grandes descuentos.!<br \/>\nVis\u00edtanos en www.bibliotecajuridicavirtual.cl<br \/>\nEscr\u00edbenos al +56930565235 \/ <a class=\"KqkLtHqAAjXOQRTERvGIXAwOeCherHGIRUU \" href=\"mailto:ventaslegallexglobal@gmail.com\" target=\"_self\" data-test-app-aware-link=\"\">ventaslegallexglobal@gmail.com<\/a><br \/>\nHacemos env\u00edos a todo Chile \u2013 Starken o Correos Chile \/ Te esperamos.<\/p>\n","protected":false},"featured_media":1818,"comment_status":"open","ping_status":"closed","template":"","meta":{"inline_featured_image":false,"_joinchat":[]},"product_brand":[],"product_cat":[45,27,26],"product_tag":[],"class_list":{"0":"post-1771","1":"product","2":"type-product","3":"status-publish","4":"has-post-thumbnail","6":"product_cat-administrativo","7":"product_cat-civil","8":"product_cat-derecho","10":"first","11":"instock","12":"shipping-taxable","13":"purchasable","14":"product-type-simple"},"_links":{"self":[{"href":"https:\/\/bibliotecajuridicavirtual.cl\/index.php\/wp-json\/wp\/v2\/product\/1771","targetHints":{"allow":["GET"]}}],"collection":[{"href":"https:\/\/bibliotecajuridicavirtual.cl\/index.php\/wp-json\/wp\/v2\/product"}],"about":[{"href":"https:\/\/bibliotecajuridicavirtual.cl\/index.php\/wp-json\/wp\/v2\/types\/product"}],"replies":[{"embeddable":true,"href":"https:\/\/bibliotecajuridicavirtual.cl\/index.php\/wp-json\/wp\/v2\/comments?post=1771"}],"wp:featuredmedia":[{"embeddable":true,"href":"https:\/\/bibliotecajuridicavirtual.cl\/index.php\/wp-json\/wp\/v2\/media\/1818"}],"wp:attachment":[{"href":"https:\/\/bibliotecajuridicavirtual.cl\/index.php\/wp-json\/wp\/v2\/media?parent=1771"}],"wp:term":[{"taxonomy":"product_brand","embeddable":true,"href":"https:\/\/bibliotecajuridicavirtual.cl\/index.php\/wp-json\/wp\/v2\/product_brand?post=1771"},{"taxonomy":"product_cat","embeddable":true,"href":"https:\/\/bibliotecajuridicavirtual.cl\/index.php\/wp-json\/wp\/v2\/product_cat?post=1771"},{"taxonomy":"product_tag","embeddable":true,"href":"https:\/\/bibliotecajuridicavirtual.cl\/index.php\/wp-json\/wp\/v2\/product_tag?post=1771"}],"curies":[{"name":"wp","href":"https:\/\/api.w.org\/{rel}","templated":true}]}}