{"id":1776,"date":"2026-02-28T00:55:06","date_gmt":"2026-02-28T03:55:06","guid":{"rendered":"https:\/\/bibliotecajuridicavirtual.cl\/?post_type=product&#038;p=1776"},"modified":"2026-02-28T00:55:39","modified_gmt":"2026-02-28T03:55:39","slug":"curso-de-derecho-administrativo-espanol-iii-vol-jaime-rodriguez-arana-agosto-2024-862-pag","status":"publish","type":"product","link":"https:\/\/bibliotecajuridicavirtual.cl\/index.php\/product\/curso-de-derecho-administrativo-espanol-iii-vol-jaime-rodriguez-arana-agosto-2024-862-pag\/","title":{"rendered":"Curso de Derecho Administrativo Espa\u00f1ol III Vol. &#8211; Jaime Rodr\u00edguez-Arana &#8211; Agosto 2024 \/ 862 P\u00e1g."},"content":{"rendered":"<p>El Curso de Derecho Administrativo espa\u00f1ol es un manual de la asignatura escrito por varios profesores universitarios \u2014Miguel Send\u00edn y Jos\u00e9 Antonio Moreno Molina, liderados por el catedr\u00e1tico Jaime Rodr\u00edguez-Arana, actual Presidente del Foro Iberoamericano de Derecho Administrativo\u2014, que ofrecen una exposici\u00f3n razonada de los principales conceptos, categor\u00edas e instituciones de esta rama del Derecho P\u00fablico.<\/p>\n<p>En el Tomo I el lector encontrar\u00e1 una aproximaci\u00f3n a la historia, el concepto y, sobre todo la dimensi\u00f3n constitucional del Derecho Administrativo espa\u00f1ol a partir del pre\u00e1mbulo constitucional y, especialmente, de los art\u00edculos 2, 9, 10, 53, 103 y 106 de la Carta Magna de 1978.<\/p>\n<p>En el Tomo II se trata del acto administrativo, sus caracteres, clases, propiedades, eficacia y validez. Igualmente se estudia el procedimiento administrativo como expresi\u00f3n de la voluntad de la Administraci\u00f3n, sus fases y su entero r\u00e9gimen jur\u00eddico. En este Tomo se abordan los recursos administrativos, as\u00ed como la revisi\u00f3n de oficio de los actos administrativos. Todo ello en el marco de las leyes actuales de 2015 de procedimiento administrativo com\u00fan y de r\u00e9gimen jur\u00eddico del sector p\u00fablico.<\/p>\n<p>El Tomo III se dedica al estudio de la contrataci\u00f3n p\u00fablica de acuerdo con la ley espa\u00f1ola de 2017 y las principales directivas de la Uni\u00f3n Europea en la materia. Se analizan los principios informadores de la contrataci\u00f3n p\u00fablica, la tipolog\u00eda, las distintas fases del procedimiento contractual y, especialmente, las consecuencias que proyecta el Estado social y democr\u00e1tico de Derecho sobre el sentido y realizaci\u00f3n de los contratos p\u00fablicos.<\/p>\n<p>I.\u00a0INTRODUCCI\u00d3N<\/p>\n<p>II.\u00a0CONCEPTO Y EVOLUCI\u00d3N HIST\u00d3RICA<\/p>\n<p>III.\u00a0LA PERSPECTIVA CONSTITUCIONAL<\/p>\n<p>IV.\u00a0LOS PRINCIPIOS GENERALES DEL DERECHO EN LA JURISPRUDENCIA ADMINISTRATIVA<\/p>\n<p>1. Introducci\u00f3n<\/p>\n<p>2. Principios generales y Derecho administrativo<\/p>\n<p>3. \u00c9tica, valores y principios generales del Derecho<\/p>\n<p>4. El principio de buena administraci\u00f3n y sus corolarios<\/p>\n<p>5. El principio de buena fe<\/p>\n<p>6. El principio de seguridad jur\u00eddica y el principio de confianza leg\u00edtima<\/p>\n<p>7. El principio de interdicci\u00f3n de la arbitrariedad<\/p>\n<p>8. Reflexi\u00f3n final<\/p>\n<p>V.\u00a0EL PRINCIPIO DE SEGURIDAD JUR\u00cdDICA Y LA ELABORACI\u00d3N DE LAS NORMAS JUR\u00cdDICAS<\/p>\n<p>VI.\u00a0LEY Y REGLAMENTO EN EL DERECHO ADMINISTRATIVO<\/p>\n<p>1. Introducci\u00f3n<\/p>\n<p>2. La cl\u00e1usula del Estado de Derecho<\/p>\n<p>3. El principio de legalidad<\/p>\n<p>4. La ley en la teor\u00eda de las normas<\/p>\n<p>5. La ley en el derecho administrativo (ley y reglamento)<\/p>\n<p>6. El reglamento y la potestad reglamentaria<\/p>\n<p>7. Clases de reglamentos<\/p>\n<p>8. Requisitos y procedimiento de elaboraci\u00f3n de los reglamentos<\/p>\n<p>9. La inderogabilidad singular de los reglamentos<\/p>\n<p>10. Reglamentos ilegales: especial referencia a la cuesti\u00f3n de ilegalidad<\/p>\n<p>11. Reflexi\u00f3n conclusiva<\/p>\n<p>VII.\u00a0LA CENTRALIDAD DE LOS USUARIOS Y CONSUMIDORES Y EL INTER\u00c9S GENERAL<\/p>\n<p>1. Introducci\u00f3n<\/p>\n<p>2. Los ciudadanos y el poder p\u00fablico<\/p>\n<p>3. Los servicios de inter\u00e9s general<\/p>\n<p>4. Los usuarios y los servicios p\u00fablicos<\/p>\n<p>5. El inter\u00e9s general en el levantamiento de la suspensi\u00f3n de la OPA de gas natural sobre Endesa (la relevancia del inter\u00e9s general para el derecho administrativo)<\/p>\n<p>VIII.\u00a0EL MODELO CONSTITUCIONAL DE DESCENTRALIZACI\u00d3N POL\u00cdTICA Y TERRITORIAL<\/p>\n<p>1. Funcionalidad de la\u00a0Constituci\u00f3n Espa\u00f1ola\u00a0de 1978<\/p>\n<p>2. El modelo constitucional: un acierto<\/p>\n<p>3. El Estado auton\u00f3mico espa\u00f1ol<\/p>\n<p>IX.\u00a0EL MARCO CONSTITUCIONAL DEL ACCESO A LA FUNCI\u00d3N PUBLICA<\/p>\n<p>BIBLIOGRAF\u00cdA<\/p>\n<p>&nbsp;<\/p>\n<p><u><strong>TOMO II<\/strong><\/u><\/p>\n<p>ABREVIATURAS<\/p>\n<p>PR\u00d3LOGO<\/p>\n<p>PRIMERA PARTE.\u00a0EL ACTO ADMINISTRATIVO<\/p>\n<p>I. Introducci\u00f3n<\/p>\n<p>II. Delimitaci\u00f3n conceptual<\/p>\n<p>III. Clases<\/p>\n<p>IV. Los elementos del acto administrativo<\/p>\n<p>V. Acto administrativo y norma administrativa<\/p>\n<p>VI. La eficacia de los actos administrativos<\/p>\n<p>VII. Notificaci\u00f3n y publicaci\u00f3n de los actos administrativos<\/p>\n<p>VIII. La nulidad de pleno de derecho de los actos administrativos<\/p>\n<p>IX. La anulabilidad de los actos administrativos<\/p>\n<p>X. Efectos de la nulidad y la anulabilidad, anulaci\u00f3n parcial, conversi\u00f3n y convalidaci\u00f3n de los actos administrativos<\/p>\n<p>SEGUNDA PARTE.\u00a0EL PROCEDIMIENTO ADMINISTRATIVO<\/p>\n<p>I. Definici\u00f3n<\/p>\n<p>II. Finalidad<\/p>\n<p>III. Transcendencia<\/p>\n<p>IV. Procedimiento administrativo com\u00fan y procedimientos especiales o formalizados<\/p>\n<p>V. Principios generales del procedimiento administrativo<\/p>\n<p>VI. Los sujetos en el procedimiento administrativo<\/p>\n<p>1. La Administraci\u00f3n p\u00fablica actuante<\/p>\n<p>2. Abstenci\u00f3n y recusaci\u00f3n<\/p>\n<p>3. Los interesados<\/p>\n<p>4. Capacidad jur\u00eddica<\/p>\n<p>5. Capacidad de obrar<\/p>\n<p>6. Legitimaci\u00f3n<\/p>\n<p>7. Representaci\u00f3n y defensa de los interesados<\/p>\n<p>8. Identificaci\u00f3n y firma de los interesados<\/p>\n<p>9. Colaboraci\u00f3n y comparecencia de las personas<\/p>\n<p>VII. Derechos de los ciudadanos en los procedimientos administrativos<\/p>\n<p>1. Naturaleza jur\u00eddica<\/p>\n<p>2. Derechos de quienes tienen capacidad de obrar ante las administraciones p\u00fablicas en sus relaciones con ellas<\/p>\n<p>VIII. Registros y presentaci\u00f3n de documentos<\/p>\n<p>IX. T\u00e9rminos y plazos<\/p>\n<p>X. Plazo para la cumplimentaci\u00f3n de tr\u00e1mites<\/p>\n<p>XI. El plazo m\u00e1ximo para resolver el procedimiento: obligaci\u00f3n de resolver y silencio administrativo<\/p>\n<p>1. Consecuencias del incumplimiento de la obligaci\u00f3n de resolver en los procedimientos iniciados a instancia de parte: el silencio administrativo<\/p>\n<p>2. Consecuencias derivada del incumplimiento de la obligaci\u00f3n de resolver en los procedimientos iniciados de oficio<\/p>\n<p>XII. Las alteraciones en los plazos del procedimiento<\/p>\n<p>1. Ampliaci\u00f3n de los plazos<\/p>\n<p>2. La reducci\u00f3n de los plazos. La tramitaci\u00f3n de urgencia<\/p>\n<p>XIII. Fases del procedimiento<\/p>\n<p>1. Iniciaci\u00f3n del procedimiento<\/p>\n<p>2. Fase de instrucci\u00f3n<\/p>\n<p>3. Terminaci\u00f3n del procedimiento<\/p>\n<p>TERCERA PARTE.\u00a0LA REVISI\u00d3N DE LOS ACTOS ADMINISTRATIVOS<\/p>\n<p>I. La revisi\u00f3n de los actos administrativos<\/p>\n<p>II. Revisi\u00f3n de oficio<\/p>\n<p>1. Acci\u00f3n de nulidad (art\u00edculo 106.1\u00a0LPAC)<\/p>\n<p>2. Declaraci\u00f3n de lesividad<\/p>\n<p>3. Revocaci\u00f3n de actos administrativos desfavorables<\/p>\n<p>4. Rectificaci\u00f3n de errores materiales<\/p>\n<p>5. Normas generales sobre la revisi\u00f3n de oficio<\/p>\n<p>III. Recursos administrativos<\/p>\n<p>1. El recurso administrativo. Definici\u00f3n y caracter\u00edsticas<\/p>\n<p>2. Fundamento y funcionalidad de los recursos administrativos<\/p>\n<p>3. Procedimiento de recurso<\/p>\n<p>4. Recurso de reposici\u00f3n<\/p>\n<p>5. Recurso de alzada<\/p>\n<p>6. Recurso extraordinario de revisi\u00f3n<\/p>\n<p>IV. Los medios de resoluci\u00f3n de conflictos alternativos a los recursos tradicionales<\/p>\n<p>1. Introducci\u00f3n<\/p>\n<p>2. Supuestos de impugnaci\u00f3n ante comisiones especiales reconocidas en el ordenamiento jur\u00eddico espa\u00f1ol<\/p>\n<p>3. R\u00e9gimen jur\u00eddico de los recursos sustitutivos del art. 112.2\u00a0LPAC<\/p>\n<p>BIBLIOGRAF\u00cdA<\/p>\n<p>&nbsp;<\/p>\n<p><u><strong>TOMO III<\/strong><\/u><\/p>\n<p>PRIMERA PARTE.\u00a0CONCEPTOS GENERALES E INFLUENCIA DEL DERECHO DE LA UNI\u00d3N EUROPEA. LOS PRINCIPIOS GENERALES DE LA CONTRATACI\u00d3N P\u00daBLICA<\/p>\n<p>I. Los contratos p\u00fablicos: definici\u00f3n, origen y evoluci\u00f3n hist\u00f3rica<\/p>\n<p>II. Inter\u00e9s general y contrataci\u00f3n p\u00fablica. La actividad contractual y su necesaria racionalizaci\u00f3n y planificaci\u00f3n<\/p>\n<p>III. Influencia del derecho de la Uni\u00f3n Europea en la regulaci\u00f3n de los contratos p\u00fablicos en Espa\u00f1a<\/p>\n<p>IV. Compra p\u00fablica estrat\u00e9gica<\/p>\n<p>V. La actual prevalencia de los principios generales sobre las prerrogativas de la administraci\u00f3n en los contratos administrativos<\/p>\n<p>VI. Los principios del derecho global de la contrataci\u00f3n p\u00fablica<\/p>\n<p>1. Introducci\u00f3n<\/p>\n<p>2. El Derecho administrativo global<\/p>\n<p>3. Los principios generales y el Derecho administrativo global<\/p>\n<p>4. Los principios generales de la contrataci\u00f3n p\u00fablica en el Derecho administrativo global<\/p>\n<p>5. Reflexi\u00f3n conclusiva<\/p>\n<p>SEGUNDA PARTE.\u00a0EL DERECHO DE LA UNI\u00d3N EUROPEA COMO BASE DE LA REGULACI\u00d3N ESPA\u00d1OLA VIGENTE SOBRE CONTRATACI\u00d3N P\u00daBLICA<\/p>\n<p>I. Las directivas sustantivas y procesales de la Uni\u00f3n Europea sobre contrataci\u00f3n p\u00fablica<\/p>\n<p>II. Objetivos de las actuaciones de la Uni\u00f3n Europea en materia de contratos p\u00fablicos<\/p>\n<p>III. Las primeras directivas sobre la materia<\/p>\n<p>IV. La segunda generaci\u00f3n de directivas<\/p>\n<p>V. La tercera generaci\u00f3n de directivas sobre contratos<\/p>\n<p>VI. Las directivas de recursos<\/p>\n<p>VII. La vigente Directiva 2014\/24\/UE relativa a la contrataci\u00f3n p\u00fablica<\/p>\n<p>1. Justificaci\u00f3n y relevancia de la jurisprudencia del TJUE y del Acuerdo sobre Contrataci\u00f3n P\u00fablica de la Organizaci\u00f3n Mundial del Comercio<\/p>\n<p>2. Relevancia de los principios generales de la contrataci\u00f3n<\/p>\n<p>3. Precisiones en relaci\u00f3n con el \u00e1mbito subjetivo<\/p>\n<p>4. Las relaciones entre poderes adjudicadores: contratos \u00abin house\u00bb y convenios de colaboraci\u00f3n<\/p>\n<p>5. La nueva regulaci\u00f3n de los contratos de servicios y la supresi\u00f3n de la diferenciaci\u00f3n entre los servicios prioritarios y no prioritarios<\/p>\n<p>6. Integridad de los procedimientos de contrataci\u00f3n p\u00fablica<\/p>\n<p>7. Procedimientos de adjudicaci\u00f3n de los contratos. Las novedosas consultas preliminares de mercado<\/p>\n<p>8. La posibilidad de un mayor recurso a la negociaci\u00f3n<\/p>\n<p>9. La decisiva contrataci\u00f3n p\u00fablica electr\u00f3nica<\/p>\n<p>10. T\u00e9cnicas para la contrataci\u00f3n agregada y electr\u00f3nica. El impulso de la contrataci\u00f3n conjunta<\/p>\n<p>11. Medidas en favor de las PYMES<\/p>\n<p>TERCERA PARTE.\u00a0LA REGULACI\u00d3N ESPA\u00d1OLA SOBRE LOS CONTRATOS DEL SECTOR P\u00daBLICO<\/p>\n<p>I. Marco normativo de la contrataci\u00f3n p\u00fablica vigente en el derecho espa\u00f1ol<\/p>\n<p>II. Buena administraci\u00f3n y contrataci\u00f3n p\u00fablica<\/p>\n<p>III. Planeaci\u00f3n y racionalizaci\u00f3n de la contrataci\u00f3n en la Ley Espa\u00f1ola 9\/2017 de contratos del sector p\u00fablico<\/p>\n<p>IV. Compliance y self-cleaning en la contrataci\u00f3n p\u00fablica<\/p>\n<p>1. Introducci\u00f3n<\/p>\n<p>2. La corrupci\u00f3n en el sector p\u00fablico<\/p>\n<p>3. La lucha contra la corrupci\u00f3n en la directiva de contrataci\u00f3n p\u00fablica de 2014<\/p>\n<p>4. Los compromisos de compliance en la lucha anticorrupci\u00f3n: sentido y funcionalidad<\/p>\n<p>5. Self-cleaning en la contrataci\u00f3n p\u00fablica: virtualidad operativa y regulaci\u00f3n en la Uni\u00f3n Europea<\/p>\n<p>6. Reflexi\u00f3n conclusiva<\/p>\n<p>CUARTA PARTE.\u00a0LAS DISTINTAS FASES DE LOS CONTRATOS P\u00daBLICOS<\/p>\n<p>I. Motivaci\u00f3n de la necesidad de contrataci\u00f3n<\/p>\n<p>II. Expediente de contrataci\u00f3n<\/p>\n<p>III. Incorporaci\u00f3n de aspectos sociales y ambientales<\/p>\n<p>IV. Los pliegos como ley del contrato<\/p>\n<p>V. La preparaci\u00f3n y adjudicaci\u00f3n de los contratos como actos jur\u00eddicos separables de los mismos<\/p>\n<p>VI. Diferencia entre criterios de solvencia empresarial y criterios de adjudicaci\u00f3n del contrato<\/p>\n<p>VII. Procedimientos de adjudicaci\u00f3n de los contratos<\/p>\n<p>VIII. Criterios de adjudicaci\u00f3n y evaluaci\u00f3n de la mejor relaci\u00f3n calidad-precio<\/p>\n<p>IX. La fase de ejecuci\u00f3n de los contratos<\/p>\n<p>QUINTA PARTE.\u00a0CONTRATOS ADMINISTRATIVOS Y PRIVADOS Y CONTRATOS NO SUJETOS A LAS NORMAS SOBRE CONTRATOS P\u00daBLICOS. EL RECURSO ESPECIAL EN MATERIA DE CONTRATACI\u00d3N<\/p>\n<p>I. Contratos administrativos y contratos privados de la administraci\u00f3n<\/p>\n<p>II. Prerrogativas del poder p\u00fablico en los contratos administrativos<\/p>\n<p>III. Los contratos sujetos a regulaci\u00f3n armonizada<\/p>\n<p>IV. Contratos celebrados entre entidades p\u00fablicas no sujetos a las normas sobre contrataci\u00f3n p\u00fablica<\/p>\n<p>V. El recurso especial en materia de contrataci\u00f3n p\u00fablica<\/p>\n<p>VI. Contrataci\u00f3n p\u00fablica electr\u00f3nica<\/p>\n","protected":false},"excerpt":{"rendered":"<p>Escr\u00edbenos al +56930565235 \/ Vis\u00edtanos www.bibliotecajuridicavirtual.cl<\/p>\n<p>Env\u00edos a todo Chile \/ Starken-Correos<\/p>\n<p>Haz tu Reserva hoy!<\/p>\n","protected":false},"featured_media":1823,"comment_status":"open","ping_status":"closed","template":"","meta":{"inline_featured_image":false,"_joinchat":[]},"product_brand":[],"product_cat":[45,26],"product_tag":[],"class_list":{"0":"post-1776","1":"product","2":"type-product","3":"status-publish","4":"has-post-thumbnail","6":"product_cat-administrativo","7":"product_cat-derecho","9":"first","10":"instock","11":"shipping-taxable","12":"purchasable","13":"product-type-simple"},"_links":{"self":[{"href":"https:\/\/bibliotecajuridicavirtual.cl\/index.php\/wp-json\/wp\/v2\/product\/1776","targetHints":{"allow":["GET"]}}],"collection":[{"href":"https:\/\/bibliotecajuridicavirtual.cl\/index.php\/wp-json\/wp\/v2\/product"}],"about":[{"href":"https:\/\/bibliotecajuridicavirtual.cl\/index.php\/wp-json\/wp\/v2\/types\/product"}],"replies":[{"embeddable":true,"href":"https:\/\/bibliotecajuridicavirtual.cl\/index.php\/wp-json\/wp\/v2\/comments?post=1776"}],"wp:featuredmedia":[{"embeddable":true,"href":"https:\/\/bibliotecajuridicavirtual.cl\/index.php\/wp-json\/wp\/v2\/media\/1823"}],"wp:attachment":[{"href":"https:\/\/bibliotecajuridicavirtual.cl\/index.php\/wp-json\/wp\/v2\/media?parent=1776"}],"wp:term":[{"taxonomy":"product_brand","embeddable":true,"href":"https:\/\/bibliotecajuridicavirtual.cl\/index.php\/wp-json\/wp\/v2\/product_brand?post=1776"},{"taxonomy":"product_cat","embeddable":true,"href":"https:\/\/bibliotecajuridicavirtual.cl\/index.php\/wp-json\/wp\/v2\/product_cat?post=1776"},{"taxonomy":"product_tag","embeddable":true,"href":"https:\/\/bibliotecajuridicavirtual.cl\/index.php\/wp-json\/wp\/v2\/product_tag?post=1776"}],"curies":[{"name":"wp","href":"https:\/\/api.w.org\/{rel}","templated":true}]}}