{"id":1796,"date":"2026-02-28T00:55:29","date_gmt":"2026-02-28T03:55:29","guid":{"rendered":"https:\/\/bibliotecajuridicavirtual.cl\/?post_type=product&#038;p=1796"},"modified":"2026-02-28T00:55:46","modified_gmt":"2026-02-28T03:55:46","slug":"prescripcion-del-cobro-ejecutivo-de-los-tributos-jaime-garcia-escobar-edicion-actualizada-octubre-ano-2024-364-paginas","status":"publish","type":"product","link":"https:\/\/bibliotecajuridicavirtual.cl\/index.php\/product\/prescripcion-del-cobro-ejecutivo-de-los-tributos-jaime-garcia-escobar-edicion-actualizada-octubre-ano-2024-364-paginas\/","title":{"rendered":"Prescripci\u00f3n del Cobro Ejecutivo de los Tributos &#8211; Jaime Garc\u00eda Escobar &#8211; edici\u00f3n actualizada octubre a\u00f1o 2024 \/ 364 P\u00e1ginas"},"content":{"rendered":"<p>El prop\u00f3sito de la presente obra, es analizar cu\u00e1l es el plazo en que la Administraci\u00f3n debe realizar las gestiones de cobro de la deuda tributaria en Chile en comparaci\u00f3n a Espa\u00f1a. En Espa\u00f1a, el problema se resuelve permitiendo a la Administraci\u00f3n interrumpir el plazo de prescripci\u00f3n de cuatro a\u00f1os a trav\u00e9s de actos efectivamente interruptivos. Pero en Chile, atendida la falta de claridad del C\u00f3digo Tributario, la Tesorer\u00eda General de la Rep\u00fablica estima que, frente a este vac\u00edo legal, su acci\u00f3n es imprescriptible.<\/p>\n<p>La Corte Suprema chilena ha declarado que no puede entenderse que la acci\u00f3n de la Administraci\u00f3n sea imprescriptible, de esta forma, el plazo para cobrar es de tres a\u00f1os, estableciendo al efecto, diversas f\u00f3rmulas procesales para resolver el tema. De esta forma, la Corte Suprema ha resuelto que, si bien el plazo que posee la Tesorer\u00eda General de la Rep\u00fablica para cobrar es de tres a\u00f1os, una vez transcurrido el mismo, debe accionarse ordinariamente en demanda declarativa de prescripci\u00f3n, o bien, solicitar a la Tesorer\u00eda la declaraci\u00f3n del abandono del procedimiento.<\/p>\n<p>Ambas tesis poseen abundante jurisprudencia a favor, lo que genera un estado de especial inseguridad e incertidumbre para el contribuyente.<\/p>\n<p><strong>CAP\u00cdTULO PRIMERO<br \/>\n<\/strong><strong>LA PRESCRIPCI\u00d3N COMO INSTITUCI\u00d3N GENERAL EN CHILE<br \/>\n<\/strong><br \/>\nI.\u00a0 \u00a0 LA PRESCRIPCI\u00d3N EXTINTIVA O LIBERATORIA<br \/>\nII.\u00a0 \u00a0 REGLAS COMUNES A TODA PRESCRIPCI\u00d3N<br \/>\nIII.\u00a0 \u00a0 REQUISITOS DE LA PRESCRIPCI\u00d3N EXTINTIVA<br \/>\nIV.\u00a0 \u00a0 PRESCRIPCI\u00d3N DE LARGO TIEMPO<br \/>\nV.\u00a0 \u00a0 INTERRUPCI\u00d3N DE LA PRESCRIPCI\u00d3N EXTINTIVA DE LARGO TIEMPO<br \/>\nVI.\u00a0 \u00a0 SUSPENSI\u00d3N DE LA PRESCRIPCI\u00d3N EXTINTIVA DE LARGO TIEMPO<br \/>\nVII.\u00a0 \u00a0 PARALELO ENTRE INTERRUPCI\u00d3N Y SUSPENSI\u00d3N DE LA PRESCRIPCI\u00d3N EXTINTIVA<br \/>\nVIII.\u00a0 \u00a0 PRESCRIPCI\u00d3N EXTINTIVA DE CORTO TIEMPO<br \/>\nIX.\u00a0 \u00a0 INTERRUPCI\u00d3N DE LA PRESCRIPCI\u00d3N DE CORTO TIEMPO<br \/>\nX.\u00a0 \u00a0 CADUCIDAD<br \/>\nXI.\u00a0 \u00a0 DIFERENCIAS ENTRE CADUCIDAD Y PRESCRIPCI\u00d3N EXTINTIVA<\/p>\n<p><strong>CAP\u00cdTULO SEGUNDO<br \/>\n<\/strong><strong>LA PRESCRIPCI\u00d3N COMO INSTITUCI\u00d3N GENERAL EN ESPA\u00d1A<br \/>\n<\/strong><br \/>\nI.\u00a0 \u00a0 LA PRESCRIPCI\u00d3N EXTINTIVA O LIBERATORIA<\/p>\n<p>1.\u00a0 \u00a0 Concepto<br \/>\n2.\u00a0 \u00a0 Fundamento<br \/>\n3.\u00a0 \u00a0 El objeto de la prescripci\u00f3n extintiva<br \/>\n4.\u00a0 \u00a0 El funcionamiento de la prescripci\u00f3n<\/p>\n<p>II.\u00a0 \u00a0 PLAZOS DE LA PRESCRIPCI\u00d3N EXTINTIVA<\/p>\n<p>1.\u00a0 \u00a0 Acciones reales e hipotecarias<br \/>\n2.\u00a0 \u00a0 Acciones personales<\/p>\n<p>III.\u00a0 \u00a0 EL DIES A QUO O INICIO DEL C\u00d3MPUTO DEL PLAZO<\/p>\n<p>IV.\u00a0 \u00a0 SUSPENSI\u00d3N DE LA PRESCRIPCI\u00d3N EXTINTIVA<\/p>\n<p>V.\u00a0 \u00a0 INTERRUPCI\u00d3N DE LA PRESCRIPCI\u00d3N EXTINTIVA<\/p>\n<p>1.\u00a0 \u00a0 Por el ejercicio de la acci\u00f3n ante los tribunales<br \/>\n2.\u00a0 \u00a0 Por reclamaci\u00f3n extrajudicial del acreedor<br \/>\n3.\u00a0 \u00a0 Por cualquier acto de reconocimiento de la deuda por el deudor<\/p>\n<p>VI.\u00a0 \u00a0 CADUCIDAD<\/p>\n<p>VII.\u00a0 \u00a0 DIFERENCIACI\u00d3N ENTRE CADUCIDAD Y PRESCRIPCI\u00d3N<\/p>\n<p><strong>CAP\u00cdTULO TERCERO<br \/>\n<\/strong><strong>LA PRESCRIPCI\u00d3N DE LA ACCI\u00d3N EN EL C\u00d3DIGO TRIBUTARIO CHILENO<br \/>\n<\/strong><br \/>\nI.\u00a0 \u00a0 GENERALIDADES<\/p>\n<p>II.\u00a0 \u00a0 PRESCRIPCI\u00d3N DE LA ACCI\u00d3N FISCALIZADORA CUYO TITULAR ES EL SERVICIO DE IMPUESTOS INTERNOS<\/p>\n<p>1.\u00a0 \u00a0 Plazo ordinario<br \/>\n2.\u00a0 \u00a0 Plazo extraordinario<br \/>\n3.\u00a0 \u00a0 Aumento de los plazos<br \/>\n4.\u00a0 \u00a0 Renovaci\u00f3n de los plazos de prescripci\u00f3n<br \/>\n5.\u00a0 \u00a0 La prescripci\u00f3n debe ser alegada<br \/>\n7.\u00a0 \u00a0 Interrupci\u00f3n de la prescripci\u00f3n<\/p>\n<p>III.\u00a0 \u00a0 PRESCRIPCI\u00d3N DE LA ACCI\u00d3N DEL FISCO PARA PERSEGUIR EL PAGO DE IMPUESTOS, INTERESES Y MULTAS (ACCI\u00d3N DE COBRO)<\/p>\n<p>1.\u00a0 \u00a0 La prescripci\u00f3n debe ser alegada<br \/>\n2.\u00a0 \u00a0 La prescripci\u00f3n no debe estar interrumpida<br \/>\n3.\u00a0 \u00a0 Ejercicio de la acci\u00f3n de cobro fuera del plazo<\/p>\n<p>IV.\u00a0 \u00a0 APLICACI\u00d3N DEL PACTO DE SAN JOS\u00c9 DE COSTA RICA SOBRE LOS DERECHOS HUMANOS<\/p>\n<p>V.\u00a0 \u00a0 SITUACI\u00d3N DEL CONTRIBUYENTE QUE PAGA EL IMPUESTO ENCONTR\u00c1NDOSE PRESCRITA LA ACCI\u00d3N<\/p>\n<p>VI.\u00a0 \u00a0 PRESCRIPCI\u00d3N DE LA ACCI\u00d3N DEL FISCO PARA PERSEGUIR LA RESPONSABILIDAD EN EL CASO DE COMISI\u00d3N DE UNA INFRACCI\u00d3N TRIBUTARIA<\/p>\n<p>1.\u00a0 \u00a0 Infracciones civiles<br \/>\n2.\u00a0 \u00a0 Infracciones administrativas o contravenciones<br \/>\n3.\u00a0 \u00a0 Infracciones constitutivas de delitos tributarios<\/p>\n<p><strong>CAP\u00cdTULO CUARTO<br \/>\n<\/strong><strong>LA PRESCRIPCI\u00d3N DE LA ACCI\u00d3N EN LA LEY GENERAL TRIBUTARIA ESPA\u00d1OLA<br \/>\n<\/strong><br \/>\nI.\u00a0 \u00a0 GENERALIDADES<\/p>\n<p>1.\u00a0 \u00a0 \u00bfCu\u00e1l es el objeto de la prescripci\u00f3n?<br \/>\n2.\u00a0 \u00a0 \u00bfPrescripci\u00f3n o caducidad?<\/p>\n<p>II.\u00a0 \u00a0 PLAZOS DE PRESCRIPCI\u00d3N<\/p>\n<p>1.\u00a0 \u00a0 Plazos de prescripci\u00f3n en algunas legislaciones latinoamericanas<br \/>\n2.\u00a0 \u00a0 Plazos y supuestos<\/p>\n<p>III.\u00a0 \u00a0 C\u00d3MPUTO DEL PLAZO DE PRESCRIPCI\u00d3N (DIES A QUO)<\/p>\n<p>1.\u00a0 \u00a0 Dies a quo del plazo que posee la Administraci\u00f3n para liquidar<br \/>\n2.\u00a0 \u00a0 Autoliquidaci\u00f3n de un impuesto aplicando un beneficio sometido a condici\u00f3n<br \/>\n3.\u00a0 \u00a0 Causales de interrupci\u00f3n de la prescripci\u00f3n de la acci\u00f3n para liquidar una deuda<br \/>\n4.\u00a0 \u00a0 Las causales de interrupci\u00f3n referidas al derecho de la Administraci\u00f3n para exigir el pago de las deudas tributarias<br \/>\n5.\u00a0 \u00a0 Extensi\u00f3n de la interrupci\u00f3n del plazo<br \/>\n6.\u00a0 \u00a0 Efectos de la interrupci\u00f3n del plazo<br \/>\n7.\u00a0 \u00a0 Interrupci\u00f3n de la prescripci\u00f3n y obligaciones conexas<\/p>\n<p>IV.\u00a0 \u00a0 EXTENSI\u00d3N Y EFECTO DE LA PRESCRIPCI\u00d3N<\/p>\n<p>V.\u00a0 \u00a0 RESOLUCI\u00d3N EN ESPA\u00d1A DE LA PROBLEM\u00c1TICA RELATIVA A LOS EFECTOS DE LA INTERRUPCI\u00d3N EN EL CASO DEL DERECHO DE LA ADMINISTRACI\u00d3N PARA EXIGIR EL PAGO DE LAS DEUDAS TRIBUTARIAS<\/p>\n<p><strong>CAP\u00cdTULO QUINTO<br \/>\n<\/strong><strong>SOLUCIONES DE LA CORTE SUPREMA PLANTEADO EN<br \/>\n<\/strong><br \/>\nI.\u00a0 \u00a0 GENERALIDADES<\/p>\n<p>II.\u00a0 \u00a0 TESIS CONSISTENTE EN QUE LA ETAPA DE LA COBRANZA DE OBLIGACIONES TRIBUTARIAS QUE SE DESARROLLA ANTE LA TESORER\u00cdA GENERAL DE LA REP\u00daBLICA NO RESULTA SER JURISDICCIONAL SINO ADMINISTRATIVA<\/p>\n<p>III.\u00a0 \u00a0 LA TEOR\u00cdA DEL DECAIMIENTO<\/p>\n<p>IV.\u00a0 \u00a0 TESIS CONSISTENTE EN QUE LA ETAPA DE LA COBRANZA DE OBLIGACIONES TRIBUTARIAS QUE SE SIGUE ANTE LA TESORER\u00cdA GENERAL DE LA REP\u00daBLICA POSEE NATURALEZA JURISDICCIONAL Y NO ADMINISTRATIVA<\/p>\n<p>1.\u00a0 \u00a0 Nacimiento de un nuevo plazo de tres a\u00f1os<br \/>\n2.\u00a0 \u00a0 Abandono del procedimiento<\/p>\n<p>V.\u00a0 \u00a0 SOLUCI\u00d3N AL PROBLEMA PLANTEADO: DECLARACI\u00d3N DE ABANDONO DEL PROCEDIMIENTO<\/p>\n","protected":false},"excerpt":{"rendered":"<p>Escr\u00edbenos al +56930565235 \/ www.bibliotecajuridicavirtual.cl<\/p>\n<p>Env\u00edos a todo Chile \/ Starken-correos<\/p>\n<p>&nbsp;<\/p>\n","protected":false},"featured_media":1826,"comment_status":"open","ping_status":"closed","template":"","meta":{"inline_featured_image":false,"_joinchat":[]},"product_brand":[],"product_cat":[27,26,28],"product_tag":[],"class_list":{"0":"post-1796","1":"product","2":"type-product","3":"status-publish","4":"has-post-thumbnail","6":"product_cat-civil","7":"product_cat-derecho","8":"product_cat-tributario","10":"first","11":"instock","12":"shipping-taxable","13":"purchasable","14":"product-type-simple"},"_links":{"self":[{"href":"https:\/\/bibliotecajuridicavirtual.cl\/index.php\/wp-json\/wp\/v2\/product\/1796","targetHints":{"allow":["GET"]}}],"collection":[{"href":"https:\/\/bibliotecajuridicavirtual.cl\/index.php\/wp-json\/wp\/v2\/product"}],"about":[{"href":"https:\/\/bibliotecajuridicavirtual.cl\/index.php\/wp-json\/wp\/v2\/types\/product"}],"replies":[{"embeddable":true,"href":"https:\/\/bibliotecajuridicavirtual.cl\/index.php\/wp-json\/wp\/v2\/comments?post=1796"}],"wp:featuredmedia":[{"embeddable":true,"href":"https:\/\/bibliotecajuridicavirtual.cl\/index.php\/wp-json\/wp\/v2\/media\/1826"}],"wp:attachment":[{"href":"https:\/\/bibliotecajuridicavirtual.cl\/index.php\/wp-json\/wp\/v2\/media?parent=1796"}],"wp:term":[{"taxonomy":"product_brand","embeddable":true,"href":"https:\/\/bibliotecajuridicavirtual.cl\/index.php\/wp-json\/wp\/v2\/product_brand?post=1796"},{"taxonomy":"product_cat","embeddable":true,"href":"https:\/\/bibliotecajuridicavirtual.cl\/index.php\/wp-json\/wp\/v2\/product_cat?post=1796"},{"taxonomy":"product_tag","embeddable":true,"href":"https:\/\/bibliotecajuridicavirtual.cl\/index.php\/wp-json\/wp\/v2\/product_tag?post=1796"}],"curies":[{"name":"wp","href":"https:\/\/api.w.org\/{rel}","templated":true}]}}