{"id":1834,"date":"2026-02-28T00:55:52","date_gmt":"2026-02-28T03:55:52","guid":{"rendered":"https:\/\/bibliotecajuridicavirtual.cl\/?post_type=product&#038;p=1834"},"modified":"2026-02-28T00:56:02","modified_gmt":"2026-02-28T03:56:02","slug":"manual-de-procedimientos-aplicados-por-los-juzgados-de-policia-local-ambito-legal-judicial-y-practico","status":"publish","type":"product","link":"https:\/\/bibliotecajuridicavirtual.cl\/index.php\/product\/manual-de-procedimientos-aplicados-por-los-juzgados-de-policia-local-ambito-legal-judicial-y-practico\/","title":{"rendered":"Manual de Procedimientos Aplicados por los Juzgados de Polic\u00eda Local, \u00c1mbito Legal, Judicial y Pr\u00e1ctico"},"content":{"rendered":"<p>La presente obra aborda en profundidad la forma en que se tramitan las causas dentro de uno de los tribunales especiales, como son los Juzgados de Polic\u00eda Local, mediante un completo an\u00e1lisis de los tres cuerpos legales aplicables al procedimiento general: Ley N\u00b0 15.231, Ley N\u00b0 18.287 y en forma supletoria, el C\u00f3digo de Procedimiento Civil. Sabido es que estos Juzgados tienen asignadas diversas materias dentro de su competencia (m\u00e1s de 50), por lo que las autoras analizan profundamente los cuatro procedimientos m\u00e1s importantes relacionados con la justicia local. Son aquellos relacionados con causas de accidentes de tr\u00e1nsito contenidas en la Ley N\u00b0 18.290 (Ley de Tr\u00e1nsito), las relacionadas con la Ley N\u00b0 19.496 (sobre protecci\u00f3n de los\u00a0derechos de los consumidores), la Ley N\u00b0 20.009 (Fraude Bancario) y la Ley N\u00b0 21.442 (sobre copropiedad inmobiliaria). Incorporando las herramientas legales necesarias para un completo entendimiento de los mismos, agregando presentaciones y escritos de manera que los lectores puedan utilizarlos como una gu\u00eda para la tramitaci\u00f3n de causas en los Juzgados de Polic\u00eda Local.<br \/>\nEn todo el cuerpo de este libro se abordan en profundidad materias de suma relevancia, como lo son la Ley N\u00b0 15.231, sobre Organizaci\u00f3n y Funcionamiento de los Juzgados de Polic\u00eda Local, en la designaci\u00f3n del juez y sus facultades, el personal de apoyo a su gesti\u00f3n judicial y la vinculaci\u00f3n con la Municipalidad en que desarrolla sus actividades, considerando la especial independencia jurisdiccional que tienen los mismos en el ejercicio de sus funciones. Tambi\u00e9n se estudia el conjunto de procedimientos especiales que se encuentran dentro de la Ley N\u00b0 18.287 y la Ley N\u00b0 18.290, relacionados con determinadas infracciones al tr\u00e1nsito, tales como los denominados empadronados, el futuro CATI, el TAG, la denegaci\u00f3n de la licencia conducir y los exhortos de tr\u00e1nsito, ya que es necesario siempre considerar que tienen particularidades, muchas veces desconocidas, y que pueden generar indefensi\u00f3n a los infractores de la norma legal.<\/p>\n<p style=\"font-weight: 400;\"><b><strong>CAP\u00cdTULO I<\/strong><\/b><br \/>\n<b><strong>AN\u00c1LISIS DE LEY N\u00b0 15.231 SOBRE ORGANIZACI\u00d3N Y FUNCIONAMIENTO DE LOS JUZGADOS DE POLIC\u00cdA LOCAL<\/strong><\/b><\/p>\n<ol>\n<li style=\"font-weight: 400;\">INTRODUCCI\u00d3N: UN POCO DE HISTORIA<\/li>\n<li style=\"font-weight: 400;\">ASPECTOS GENERALES DE LA LEY N\u00b0 15.231 Y LA INDEPENDENCIA DE LOS JUZGADOS DE POLIC\u00cdA LOCAL DE LA MUNICIPALIDAD EN DONDE EJERCEN FUNCIONES<\/li>\n<\/ol>\n<p style=\"font-weight: 400;\">2.1. De la estructura en particular<br \/>\n2.2. Los juzgados de polic\u00eda local: su definici\u00f3n y caracter\u00edsticas particulares<br \/>\n2.3. De la vinculaci\u00f3n de la judicatura local con la municipalidad y la independencia jurisdiccional con la misma<br \/>\nA) \u00bfQu\u00e9 otras manifestaciones de la vinculaci\u00f3n de la judicatura con la municipalidad se han establecido en la Ley N\u00b0 15.231?<br \/>\n2.4. \u00bfQu\u00e9 requisitos se exigen para ser juez de polic\u00eda local?<br \/>\n2.5. \u00bfQu\u00e9 prohibiciones afectan a los jueces de polic\u00eda local?<br \/>\n2.6. \u00bfQu\u00e9 vinculaci\u00f3n tienen los jueces de polic\u00eda local con los tribunales superiores?<br \/>\n2.7. \u00bfQu\u00e9 materias son de competencia de estos tribunales especiales y su actual extensi\u00f3n?<br \/>\n2.8. \u00bfQu\u00e9 facultades y sanciones puede aplicar el juez contenidas en la Ley N\u00b0 15.231?<br \/>\n2.9. De la subrogaci\u00f3n del juez de polic\u00eda loal<\/p>\n<ol start=\"3\">\n<li style=\"font-weight: 400;\">DEL SECRETARIO ABOGADO Y EL PERSONAL SUBALTERNO DEL TRIBUNAL\n<p>3.1. De la prescripci\u00f3n en particular y en normas especiales<br \/>\nA) \u00bfQu\u00e9 dispone el inciso final del art\u00edculo 54 de la Ley N\u00b0 15.231?<\/p>\n<p>3.2. Otras materias especiales tratadas en la Ley N\u00b0 15.231<br \/>\nA) Con relaci\u00f3n a las multas (art\u00edculos 55 y 57)<br \/>\nB) Reglas especiales con relaci\u00f3n al tr\u00e1nsito (art\u00edculos 59, 58, 66 y 67)<\/p>\n<p>3.3. Modelos de escritos y de resoluci\u00f3n judiciales<\/li>\n<\/ol>\n<p style=\"font-weight: 400;\"><b><strong>CAP\u00cdTULO II<\/strong><\/b><br \/>\n<b><strong>DE LA LEY N\u00b0 18.287, SOBRE EL PROCEDIMIENTO GENERAL APLICABLE A LOS JUZGADOS DE POLIC\u00cdA LOCAL<\/strong><\/b><\/p>\n<ol>\n<li style=\"font-weight: 400;\">INTRODUCCI\u00d3N<\/li>\n<li style=\"font-weight: 400;\">ESTRUCTURA DE LA LEY<\/li>\n<li style=\"font-weight: 400;\">DEL PROCEDIMIENTO GENERAL ORDINARIO Y SUS PARTICULARIDADES<\/li>\n<\/ol>\n<p style=\"font-weight: 400;\">3.1. Concepto, proceso, procedimiento y principios que los rigen<\/p>\n<p>3.2. El debido proceso en los procedimientos ante los juzgados de polic\u00eda local<\/p>\n<p>3.3. De las formas de iniciar el procedimiento ante los juzgados de polic\u00eda local<br \/>\nA) Denuncia de autoridad en particular<br \/>\nB) De las denuncias particulares<br \/>\nC) De las demandas en polic\u00eda local<br \/>\nD) Particularidades de las acciones civiles de competencia de polic\u00eda local<\/p>\n<p>3.4. De las notificaciones en particular dentro del procedimiento ante los juzgados de polic\u00eda local<br \/>\nA) De las citaciones en particular<br \/>\nB) De las notificaciones en particular<br \/>\nC) De los diversos tipos de notificaci\u00f3n aplicables en polic\u00eda local en particular<br \/>\nD) Notificaciones del C\u00f3digo de Procedimiento Civil y su aplicaci\u00f3n supletoria a los procedimientos de polic\u00eda local<br \/>\nD) De las nulidades de las citaciones y las notificaciones en el procedimiento ante los juzgados de polic\u00eda local, sus incidencias y el debido proceso<\/p>\n<p>3.5. Del emplazamiento y su importancia en raz\u00f3n de las \u00f3rdenes de arresto en polic\u00eda local<\/p>\n<p>3.6. De las facultades del juez de polic\u00eda local en particular<\/p>\n<p>3.7. De la declaraci\u00f3n indagatoria<\/p>\n<p>3.8. De las audiencias en particular<br \/>\nA) \u00bfQu\u00e9 otras diligencias podemos encontrar dentro del procedimiento ante los juzgados de polic\u00eda local?<\/p>\n<p>3.9. De la teor\u00eda de la prueba en el procedimiento general contenido en la Ley N\u00b0 18.287<br \/>\nA) \u00bfCu\u00e1l es la situaci\u00f3n de la prueba en polic\u00eda local?<\/p>\n<p>3.10. De la sentencia definitiva, la sana cr\u00edtica y fundamentaci\u00f3n de las sentencias de polic\u00eda local<\/p>\n<p>3.11. De las sentencias definitivas masivas dentro del procedimiento de polic\u00eda local y la intervenci\u00f3n del juez al dictar sentencia definitiva<\/p>\n<p>3.12. De los recursos procesales<br \/>\nA) \u00bfC\u00f3mo podemos definir el recurso procesal?<\/p>\n<p>3.13. De los incidentes en el procedimiento de polic\u00eda local<br \/>\nA) \u00bfC\u00f3mo se tramitan los incidentes?<\/p>\n<p>3.14. Del cumplimiento de las resoluciones judiciales en el procedimiento ante los juzgados de polic\u00eda local<br \/>\nA) Cumplimiento incidental de la sentencia definitiva<br \/>\nB) Del juicio ejecutivo<\/p>\n<p>3.15. Algunas reglas particulares para considerar en cuanto a la Ley N\u00b0 18.287<br \/>\nA) Regla especial contenida en el art\u00edculo 6\u00b0 de la ley<br \/>\nB) Cobros judiciales del art\u00edculo 16 ter de la Ley N\u00b0 18.287<br \/>\nC) Sanciones penales del art\u00edculo 31 de la Ley N\u00b0 18.287<\/p>\n<p style=\"font-weight: 400;\"><b><strong>CAP\u00cdTULO III<\/strong><\/b><br \/>\n<b><strong>DE LOS PROCEDIMIENTOS ESPECIALES Y SU TRAMITACI\u00d3N ANTE LOS JUZGADOS DE POLIC\u00cdA LOCAL<\/strong><\/b><\/p>\n<ol>\n<li style=\"font-weight: 400;\">INTRODUCCI\u00d3N<\/li>\n<li style=\"font-weight: 400;\">DE LOS PROCEDIMIENTOS ESPECIALES<\/li>\n<li style=\"font-weight: 400;\">AN\u00c1LISIS PARTICULAR DE LOS PROCEDIMIENTOS ESPECIALES CONTENIDOS EN LAS LEYES N\u00b0 18.287 N\u00b0 18.290 Y N\u00b0 21.549\n<p>3.1. Procedimiento para tramitaci\u00f3n de los empadronados propiamente tales<\/p>\n<p>3.2. Procedimiento para empadronados de veh\u00edculos en movimiento<\/p>\n<p>3.3. Procedimiento aplicable para las v\u00edas concesionadas TAG<br \/>\nA) \u00bfQu\u00e9 requisitos debe cumplir la comunicaci\u00f3n que env\u00eda el director de administraci\u00f3n y finanzas?<br \/>\nB) \u00bfQu\u00e9 aspectos de este procedimiento especial debemos considerar para los efectos de tener la certeza de que se cumple con el debido proceso y el derecho a defensa del infractor denunciado?<br \/>\nC) \u00bfEs efectivo o no, que la regularizaci\u00f3n del pase ante la empresa concesionaria, libera al infractor de la multa infraccional?<br \/>\nD) \u00bfCu\u00e1ndo podr\u00eda eliminarse una anotaci\u00f3n en el Registro de Multas no Pagadas por TAG?<br \/>\nE) \u00bfEs posible que el tribunal pueda rebajar multas informadas al Registro de Multas no Pagadas?<br \/>\nF) \u00bfQu\u00e9 derecho tiene aquel que ha pagado multas informadas al Registro que corresponden a anotaciones err\u00f3neas, inexactas, equ\u00edvocas o incompletas?<\/p>\n<p>3.4. Procedimiento para uso de v\u00edas exclusivas y otras relacionadas con el uso de las v\u00edas<br \/>\nA) \u00bfQu\u00e9 valor tiene la multa por dicha infracci\u00f3n y la misma tiene alguna rebaja en su monto?<\/p>\n<p>3.5. Procedimiento aplicable a la acumulaci\u00f3n de anotaciones de infracciones a la Ley de Tr\u00e1nsito<br \/>\nA) \u00bfC\u00f3mo se tramita el procedimiento de anotaciones por acumulaciones de infracciones a la Ley de Tr\u00e1nsito?<br \/>\nB) \u00bfEs posible condenar a un infractor con una anotaci\u00f3n grave y otra grav\u00edsima?<br \/>\nC) \u00bfPuede el juez de polic\u00eda local modificar los d\u00edas de suspensi\u00f3n de la licencia de conducir establecidos por la Ley de Tr\u00e1nsito?<br \/>\nD) \u00bfCu\u00e1l es la raz\u00f3n de las cr\u00edticas que se han formulado en contra de este tipo especial contravencional para sostener que es inconstitucional?<\/p>\n<p>3.6. Procedimiento de tramitaci\u00f3n de exhortos de tr\u00e1nsito<\/p>\n<p>3.7. Procedimiento para la denegaci\u00f3n de licencia de conducir por falta de idoneidad moral<br \/>\nA) \u00bfQu\u00e9 facultad otorga la ley al director de tr\u00e1nsito y transporte p\u00fablico para denegar una licencia de conductor?<br \/>\nB) \u00bfQu\u00e9 derecho asiste al afectado con la denegaci\u00f3n de licencia de conducir por falta de idoneidad moral?<br \/>\nC) \u00bfQu\u00e9 configura la falta de idoneidad moral y los alcances del art\u00edculo 16 de la Ley de Tr\u00e1nsito?<\/li>\n<li style=\"font-weight: 400;\">DE LA LEY N\u00b0 21.549, SOBRE EL NUEVO SISTEMA DE TRATAMIENTO AUTOMATIZADO DE INFRACCIONES DE TR\u00c1NSITO<\/li>\n<\/ol>\n<p style=\"font-weight: 400;\">4.1. Introducci\u00f3n<\/p>\n<p>4.2. Del nuevo procedimiento establecido por la Ley N\u00b0 21.549<br \/>\nA) \u00bfQu\u00e9 entidad estar\u00e1 a cargo de este proceso de fiscalizaci\u00f3n de determinadas infracciones de tr\u00e1nsito?<br \/>\nB) \u00bfCu\u00e1les son las atribuciones que tiene la Divisi\u00f3n de Fiscalizaci\u00f3n del Transporte y Tratamiento Automatizado de las Infracciones de Tr\u00e1nsito?<br \/>\nC) \u00bfQu\u00e9 normas especiales se establecen con relaci\u00f3n a las comunicaciones y notificaciones dentro de este nuevo procedimiento?<br \/>\nD) \u00bfQu\u00e9 obligaciones de se\u00f1alizaci\u00f3n se establece en la ley para los efectos de establecer y\/o configurar la infracci\u00f3n?<br \/>\nE) \u00bfQu\u00e9 reglas se establecen respecto de los controles y reglamentos aplicables para los efectos de la aplicaci\u00f3n del CATI? (art\u00edculos 6 y 7 de la Ley N\u00b0 21.549)<br \/>\nF) \u00bfQu\u00e9 infracciones deben denunciarse por el CATI? Y \u00bfQui\u00e9n debe notificar y qu\u00e9 obligaciones debe cumplir la autoridad en relaci\u00f3n con la notificaci\u00f3n (art\u00edculo 8 de la Ley N\u00b0 21.549)<br \/>\nG) \u00bfCu\u00e1les son las reglas aplicables para los efectos de la notificaci\u00f3n y certeza de la informaci\u00f3n que ampara la denuncia? (art\u00edculo 9 de la Ley N\u00b0 21.549)<br \/>\nH) \u00bfQu\u00e9 requisitos legales debe cumplir la notificaci\u00f3n de la autoridad? (art\u00edculo 10 de la Ley N\u00b0 21.549)<br \/>\nI) \u00bfQu\u00e9 derecho tiene el notificado que paga la multa (art\u00edculo 11 de la Ley N\u00b0 21.549)<br \/>\nJ) \u00bfEn qu\u00e9 casos procede el env\u00edo de la denuncia al juzgado de polic\u00eda local? (art\u00edculos 12 y 16 de la Ley N\u00b0 21.549)<br \/>\nK) \u00bfC\u00f3mo opera el proceso de impugnaci\u00f3n de la notificaci\u00f3n por la detecci\u00f3n de infracciones de tr\u00e1nsito? (art\u00edculos 13 y 15 de la Ley N\u00b0 21.549)<br \/>\nL) \u00bfQu\u00e9 ocurre una vez que se formule la reclamaci\u00f3n?<br \/>\nM) \u00bfQu\u00e9 otras opciones tienen los infractores que impugna la notificaci\u00f3n de detecci\u00f3n de infracciones de tr\u00e1nsito?<br \/>\nN) \u00bfQu\u00e9 facultad especial establece el art\u00edculo 21 de la Ley N\u00b0 21.549?<br \/>\n\u00d1) \u00bfQu\u00e9 obligaci\u00f3n establece el art\u00edculo 22 de la Ley N\u00b0 21.549?<br \/>\nO) \u00bfD\u00f3nde se paga la multa y en beneficio de qui\u00e9n? (art\u00edculo 18 de la Ley N\u00b0 21.549)<br \/>\nP) \u00bfQu\u00e9 agregados relevantes se introdujeron al art\u00edculo 170 de la Ley de Tr\u00e1nsito?<br \/>\nQ) \u00bfQu\u00e9 sustituci\u00f3n se hizo al art\u00edculo 211 de la Ley de Tr\u00e1nsito?<br \/>\nR) \u00bfQu\u00e9 se agreg\u00f3 a la Ley N\u00b0 18.287?<br \/>\nS) \u00bfCu\u00e1ndo entra en vigencia la Ley N\u00b0 21.549 y sus reglamentos respectivos? (art\u00edculos 26 y 2\u00b0 transitorio)<\/p>\n<ol start=\"5\">\n<li style=\"font-weight: 400;\">PROCEDIMIENTO APLICADO PARA LOS DENOMINADOS PASAJEROS INFRACTORES<\/li>\n<li style=\"font-weight: 400;\">A) \u00bfQui\u00e9n es la autoridad competente para denunciar y cu\u00e1l es el procedimiento aplicado al efecto en el caso que no sea delito?<br \/>\nB) \u00bfQu\u00e9 es el registro de pasajeros infractores?<br \/>\nC) \u00bfQu\u00e9 otras sanciones se establecen en la ley para castigar al pasajero infractor?<\/li>\n<\/ol>\n<p style=\"font-weight: 400;\"><b><strong>CAP\u00cdTULO IV<\/strong><\/b><br \/>\n<b><strong>PARTICULARIDADES DE ALGUNOS PROCEDIMIENTOS JUDICIALES RELACIONADOS CON CIERTAS MATERIAS DE COMPETENCIA DE LOS JUZGADOS DE POLIC\u00cdA LOCAL<\/strong><\/b><\/p>\n<ol>\n<li style=\"font-weight: 400;\">INTRODUCCI\u00d3N<\/li>\n<li style=\"font-weight: 400;\">RESPECTO DEL PROCEDIMIENTO APLICABLE A LAS ACCIONES DEDUCIDAS POR ACCIDENTES DE TR\u00c1NSITO (LEY N\u00b0 18.290)\n<p>2.1. Facultades y obligaciones de las municipalidades en cuanto al tr\u00e1nsito<br \/>\n2.2. Facultades del juez de polic\u00eda local en la Ley de Tr\u00e1nsito<br \/>\n2.3. Sobre la conducci\u00f3n en particular, sus limitaciones y las maniobras de conducir<br \/>\n2.4. Proceso de calificaci\u00f3n de las infracciones de tr\u00e1nsito y su relevancia<br \/>\n2.5. \u00bfQu\u00e9 ocurre con la responsabilidad que se genera con las infracciones a la Ley de Tr\u00e1nsito?<br \/>\nA) Responsabilidades especiales del propietario del veh\u00edculo<br \/>\n2.6. \u00bfQu\u00e9 importancia tiene el Servicio de Registro Civil e Identificaci\u00f3n en relaci\u00f3n con el tr\u00e1nsito?<br \/>\n2.7. \u00bfQu\u00e9 plazos debemos considerar para los efectos de la Ley de Tr\u00e1nsito relacionados con la Ley N\u00b0 18.287?<br \/>\n2.8. \u00bfC\u00f3mo se tramita una causa por accidente de tr\u00e1nsito?<\/li>\n<li style=\"font-weight: 400;\">RESPECTO DEL PROCEDIMIENTO APLICADO PARA LAS ACCIONES DEDUCIDAS EN MATERIAS VINCULADAS CON LA PROTECCI\u00d3N DE LOS DERECHOS DE LOS CONSUMIDORES (LEY N\u00b0 19.496)<\/li>\n<\/ol>\n<p style=\"font-weight: 400;\">3.1. \u00bfCu\u00e1les han sido las reformas que han modifiado el texto original de la Ley N\u00b0 19.496?<br \/>\n3.2. \u00bfQu\u00e9 principios rectores podemos evidenciar en la Ley N\u00b0 19.496?<br \/>\n3.4. \u00bfQu\u00e9 derechos y qu\u00e9 deberes reconoce la Ley N\u00b0 19.496 respecto de los consumidores?<br \/>\n3.5. \u00bfQu\u00e9 obligaciones se imponen por la ley del consumidor los proveedores?<br \/>\n3.6. \u00bfCu\u00e1les son los tipos contravencionales establecidos en la Ley N\u00b0 19.496?<br \/>\n3.7. Facultades del juez de polic\u00eda local en lo que refiere a la Ley N\u00b0 19.496<br \/>\n3.8. De los plazos establecidos por la Ley N\u00b0 19.496<br \/>\n3.9. An\u00e1lisis de las normas procedimentales generales contenidas en la Ley N\u00b0 19.496<br \/>\n3.10. Procedimiento especial para la interposici\u00f3n de la acci\u00f3n contravencional e indemnizatoria ante los juzgados de polic\u00eda local<br \/>\n3.11. De la forma como se tramitan estas acciones en polic\u00eda local<br \/>\n3.12. Procedimiento especial\u00edsimo de la Ley\u00a0\u00a0de Fraude Bancario (Ley N\u00b0 21.234)<\/p>\n<ol start=\"4\">\n<li style=\"font-weight: 400;\">RESPECTO DEL PROCEDIMIENTO APLICADO PARA LAS ACCIONES DEDUCIDAS EN MATERIAS VINCULADAS CON LA COPROPIEDAD INMOBILIARIA (LEY N\u00b0 21.422)<\/li>\n<\/ol>\n","protected":false},"excerpt":{"rendered":"<p>Mar\u00eda Rebeca Ahumada Dur\u00e1n, Francisca L. Ahumada \/1\u00b0Edici\u00f3n Actualizada a\u00f1o 2024 &#8211; 434 P\u00e1ginas<\/p>\n<p>Buscas un libro Jur\u00eddico.? Lo puedes encontrar en nuestra tienda virtual.<br \/>\nContamos con prestigiosos autores y muchas alternativas en sus diferentes materias al igual que grandes descuentos.! V\u00eds\u00edtanos en www.bibliotecajuridicavirtual.cl \/ Escr\u00edbenos al +56930565235<br \/>\nHacemos env\u00edos a todo Chile &#8211; Starken o Correos Chile \/ Te esperamos.<\/p>\n","protected":false},"featured_media":1864,"comment_status":"open","ping_status":"closed","template":"","meta":{"inline_featured_image":false,"_joinchat":[]},"product_brand":[],"product_cat":[45,27,26],"product_tag":[],"class_list":{"0":"post-1834","1":"product","2":"type-product","3":"status-publish","4":"has-post-thumbnail","6":"product_cat-administrativo","7":"product_cat-civil","8":"product_cat-derecho","10":"first","11":"instock","12":"shipping-taxable","13":"purchasable","14":"product-type-simple"},"_links":{"self":[{"href":"https:\/\/bibliotecajuridicavirtual.cl\/index.php\/wp-json\/wp\/v2\/product\/1834","targetHints":{"allow":["GET"]}}],"collection":[{"href":"https:\/\/bibliotecajuridicavirtual.cl\/index.php\/wp-json\/wp\/v2\/product"}],"about":[{"href":"https:\/\/bibliotecajuridicavirtual.cl\/index.php\/wp-json\/wp\/v2\/types\/product"}],"replies":[{"embeddable":true,"href":"https:\/\/bibliotecajuridicavirtual.cl\/index.php\/wp-json\/wp\/v2\/comments?post=1834"}],"wp:featuredmedia":[{"embeddable":true,"href":"https:\/\/bibliotecajuridicavirtual.cl\/index.php\/wp-json\/wp\/v2\/media\/1864"}],"wp:attachment":[{"href":"https:\/\/bibliotecajuridicavirtual.cl\/index.php\/wp-json\/wp\/v2\/media?parent=1834"}],"wp:term":[{"taxonomy":"product_brand","embeddable":true,"href":"https:\/\/bibliotecajuridicavirtual.cl\/index.php\/wp-json\/wp\/v2\/product_brand?post=1834"},{"taxonomy":"product_cat","embeddable":true,"href":"https:\/\/bibliotecajuridicavirtual.cl\/index.php\/wp-json\/wp\/v2\/product_cat?post=1834"},{"taxonomy":"product_tag","embeddable":true,"href":"https:\/\/bibliotecajuridicavirtual.cl\/index.php\/wp-json\/wp\/v2\/product_tag?post=1834"}],"curies":[{"name":"wp","href":"https:\/\/api.w.org\/{rel}","templated":true}]}}