{"id":1846,"date":"2026-02-28T00:55:52","date_gmt":"2026-02-28T03:55:52","guid":{"rendered":"https:\/\/bibliotecajuridicavirtual.cl\/?post_type=product&#038;p=1846"},"modified":"2026-02-28T00:56:24","modified_gmt":"2026-02-28T03:56:24","slug":"el-contrato-de-seguro-comentarios-al-titulo-viii-libro-ii-del-codigo-de-comercio-2-tomos","status":"publish","type":"product","link":"https:\/\/bibliotecajuridicavirtual.cl\/index.php\/product\/el-contrato-de-seguro-comentarios-al-titulo-viii-libro-ii-del-codigo-de-comercio-2-tomos\/","title":{"rendered":"El Contrato de Seguro. Comentarios al T\u00edtulo VIII, Libro II del C\u00f3digo de Comercio 2 tomos"},"content":{"rendered":"<p>&#8220;El contrato de seguros&#8221; es una obra que busca abordar la doctrina y normativa m\u00e1s relevante del Derecho de seguros vigente. Su estructura, a partir de la revisi\u00f3n individual de cada uno de los art\u00edculos del T\u00edtulo VIII del Libro II del C\u00f3digo de Comercio, permite un an\u00e1lisis pormenorizado de cada uno de los elementos del contrato, sus clasificaciones y aplicaciones. As\u00ed mismo, se hace presente el di\u00e1logo del c\u00f3digo con otras normas que modifican, extienden o repercuten en el contrato de seguros.<br \/>\nEsta nueva versi\u00f3n incorpora las diversas discusiones te\u00f3ricas, pr\u00e1cticas, jurisprudenciales y administrativas que se han desarrollado en los \u00faltimos 10 a\u00f1os, luego de la entrada en vigencia de la Ley 20.667 que modific\u00f3 el C\u00f3digo de Comercio. Por lo que esta obra actualiza a su antecesora con varios comentarios completamente nuevos para aquellas disposiciones con mayores modificaciones y con notas con referencias de las lecturas m\u00e1s importantes para aquellas disposiciones que han tenido menor variaci\u00f3n. De esta forma, el lector encontrar\u00e1 una aproximaci\u00f3n vigente y completa de la regulaci\u00f3n del seguro en Chile.<\/p>\n","protected":false},"excerpt":{"rendered":"<p>Director:\u00a0<span class=\"autor\">Roberto R\u00edos Ossa<\/span><br \/>\nEditor\/a: Adriana Villamizar Rivera &#8211;\u00a0<span class=\"autor\">Carolina Schiele Manzor<\/span><\/p>\n<p>1\u00aa edici\u00f3n noviembre a\u00f1o 2024 \/ 1.114 p\u00e1gs. \/ Carton\u00e9 \/ tapa lujo<\/p>\n<p>V\u00eds\u00edtanos en www.bibliotecajuridicavirtual.cl \/ Escr\u00edbenos al +56930565235<br \/>\nHacemos env\u00edos a todo Chile &#8211; Starken o Correos Chile \/ Te esperamos.<\/p>\n","protected":false},"featured_media":1898,"comment_status":"open","ping_status":"closed","template":"","meta":{"inline_featured_image":false,"_joinchat":[]},"product_brand":[],"product_cat":[27,48,26],"product_tag":[],"class_list":{"0":"post-1846","1":"product","2":"type-product","3":"status-publish","4":"has-post-thumbnail","6":"product_cat-civil","7":"product_cat-comercial","8":"product_cat-derecho","10":"first","11":"instock","12":"shipping-taxable","13":"purchasable","14":"product-type-simple"},"_links":{"self":[{"href":"https:\/\/bibliotecajuridicavirtual.cl\/index.php\/wp-json\/wp\/v2\/product\/1846","targetHints":{"allow":["GET"]}}],"collection":[{"href":"https:\/\/bibliotecajuridicavirtual.cl\/index.php\/wp-json\/wp\/v2\/product"}],"about":[{"href":"https:\/\/bibliotecajuridicavirtual.cl\/index.php\/wp-json\/wp\/v2\/types\/product"}],"replies":[{"embeddable":true,"href":"https:\/\/bibliotecajuridicavirtual.cl\/index.php\/wp-json\/wp\/v2\/comments?post=1846"}],"wp:featuredmedia":[{"embeddable":true,"href":"https:\/\/bibliotecajuridicavirtual.cl\/index.php\/wp-json\/wp\/v2\/media\/1898"}],"wp:attachment":[{"href":"https:\/\/bibliotecajuridicavirtual.cl\/index.php\/wp-json\/wp\/v2\/media?parent=1846"}],"wp:term":[{"taxonomy":"product_brand","embeddable":true,"href":"https:\/\/bibliotecajuridicavirtual.cl\/index.php\/wp-json\/wp\/v2\/product_brand?post=1846"},{"taxonomy":"product_cat","embeddable":true,"href":"https:\/\/bibliotecajuridicavirtual.cl\/index.php\/wp-json\/wp\/v2\/product_cat?post=1846"},{"taxonomy":"product_tag","embeddable":true,"href":"https:\/\/bibliotecajuridicavirtual.cl\/index.php\/wp-json\/wp\/v2\/product_tag?post=1846"}],"curies":[{"name":"wp","href":"https:\/\/api.w.org\/{rel}","templated":true}]}}