{"id":1877,"date":"2026-02-28T00:56:21","date_gmt":"2026-02-28T03:56:21","guid":{"rendered":"https:\/\/bibliotecajuridicavirtual.cl\/?post_type=product&#038;p=1877"},"modified":"2026-02-28T00:56:30","modified_gmt":"2026-02-28T03:56:30","slug":"derecho-procesal-penal-estudios-y-comentarios-juan-luis-gomez-colomer","status":"publish","type":"product","link":"https:\/\/bibliotecajuridicavirtual.cl\/index.php\/product\/derecho-procesal-penal-estudios-y-comentarios-juan-luis-gomez-colomer\/","title":{"rendered":"Derecho Procesal Penal Estudios y Comentarios &#8211; Juan Luis G\u00f3mez Colomer"},"content":{"rendered":"<p>El libro Derecho procesal penal. Estudios y comentarios re\u00fane de manera sistem\u00e1tica la producci\u00f3n cient\u00edfica y, para ser m\u00e1s preciso, el pensamiento del maestro espa\u00f1ol Dr. Juan Luis G\u00f3mez Colomer, un catedr\u00e1tico de vocaci\u00f3n, investigador riguroso y noble persona que ha contribuido al avance del derecho procesal espa\u00f1ol y latinoamericano, con una marcada orientaci\u00f3n metodol\u00f3gica hacia la comparaci\u00f3n jur\u00eddica. Baste como ejemplo su cl\u00e1sico libro Introducci\u00f3n al proceso penal alem\u00e1n (Bosch, 1985), reconocido por Hans-Heinrich Jescheck como un aporte valioso al derecho comparado.<\/p>\n<p>CAP\u00cdTULO I<br \/>\nPROCESO Y DERECHO PENAL INTERNACIONAL HUMANITARIO<\/p>\n<p>Derecho y guerra: dos ense\u00f1anzas<\/p>\n<p>CAP\u00cdTULO II<br \/>\nSISTEMA DE ENJUICIAMIENTO CRIMINAL<\/p>\n<p>El proceso penal espa\u00f1ol<\/p>\n<p>Hacia una nueva Ley de Enjuiciamiento Criminal acusatoria pura espa\u00f1ola: pros y contras del modelo<\/p>\n<p>La reforma estructural del proceso penal y la elecci\u00f3n del modelo a seguir<\/p>\n<p>Principales desaf\u00edos que plantea la globalizaci\u00f3n a la justicia penal<\/p>\n<p>Realidad social, pol\u00edtica criminal, dogm\u00e1tica penal y nuevo proceso penal espa\u00f1ol adversarial<\/p>\n<p>El proceso penal de la confusi\u00f3n<\/p>\n<p>El proceso penal espa\u00f1ol a comienzos del siglo XXI Diagn\u00f3stico sobre sus principales problemas y propuesta de posibles soluciones, al hilo de la lucha contra la criminalidad organizada y la persecuci\u00f3n de los delitos de corrupci\u00f3n<\/p>\n<p>Las caracter\u00edsticas principales de nuestro proceso penal vigente: sin rumbo definido ni identidad propia<\/p>\n<p>Cuestiones procesales relevantes de la sentencia del Proc\u00e9s<\/p>\n<p>Bases de lo que deber\u00eda ser una totalmente nueva Ley de Enjuiciamiento Criminal en Espa\u00f1a<\/p>\n<p>Pol\u00edtica criminal, dogm\u00e1tica procesal penal y pragmatismo<\/p>\n<p>CAP\u00cdTULO III<br \/>\nCONSTITUCIONALIZACI\u00d3N DEL PROCESO PENAL<\/p>\n<p>Constituci\u00f3n espa\u00f1ola de 1978 y su influencia en el derecho procesal penal<\/p>\n<p>El significado de la Constituci\u00f3n espa\u00f1ola y sus principios democr\u00e1ticos para el proceso penal<\/p>\n<p>La constitucionalizaci\u00f3n del proceso penal<\/p>\n<p>CAP\u00cdTULO IV<br \/>\nTRIBUNALES Y COMPETENCIA<\/p>\n<p>Comentarios a los art\u00edculos 19.2 y 83<br \/>\nde la Ley Org\u00e1nica del Poder Judicial de 1985 v J Problemas pr\u00e1cticos aplicativos y de lege ferenda<br \/>\ndel futuro juicio con jurados en el proceso penal<\/p>\n<p>La jurisdicci\u00f3n penal<\/p>\n<p>Primer juicio con jurado en Castell\u00f3n: impresiones y sentencia<\/p>\n<p>La competencia del Tribunal del Jurado para conocer de delitos en concurso real<\/p>\n<p>Experiencias pr\u00e1cticas de la Ley del Jurado<\/p>\n<p>La competencia territorial en el delito ecol\u00f3gico<\/p>\n<p>El Jurado espa\u00f1ol: ley y pr\u00e1ctica<\/p>\n<p>Los Juzgados de Violencia sobre la Mujer aspectos org\u00e1nicos y competenciales<\/p>\n<p>El Jurado espa\u00f1ol<\/p>\n<p>CAP\u00cdTULO V<br \/>\nMINISTERIO FISCAL<\/p>\n<p>No es conveniente que nos pueda procesar un fiscal<\/p>\n<p>La instrucci\u00f3n del proceso penal por el Ministerio Fiscal: aspectos estructurales a la luz de derecho comparado<\/p>\n<p>Instrucci\u00f3n del proceso penal y principio acusatorio: la posici\u00f3n del Ministerio P\u00fablico en Espa\u00f1a y en los principales pa\u00edses latinoamericanos. Influencias europeas y norteamericanas<\/p>\n<p>Materiales de derecho comparado sobre la instrucci\u00f3n del proceso penal por el Ministerio Fiscal, con un apunte sobre las ventajas y desventajas de que lo haga en Espa\u00f1a<\/p>\n<p>El Ministerio Fiscal: \u00bfeje de la reforma procesal penal?<\/p>\n<p>El dif\u00edcil encaje del fiscal instructor adversarial en la tradici\u00f3n y sistema de enjuiciamiento criminal espa\u00f1ol vigente<\/p>\n<p>La Fiscal\u00eda espa\u00f1ola: \u00bfdebe ser una instituci\u00f3n independiente?<\/p>\n<p>La Fiscal\u00eda Europea y el nuevo proceso penal que se est\u00e1 dise\u00f1ando<\/p>\n","protected":false},"excerpt":{"rendered":"<p>1\u00b0Edici\u00f3n a\u00f1o 2022 &#8211; 1.085 P\u00e1ginas<\/p>\n<p>Vis\u00edtanos en www.bibliotecajuridicavirtual.cl<br \/>\nEscr\u00edbenos al +56930565235<br \/>\nHacemos env\u00edos a todo Chile &#8211; Starken o Correos Chile \/ Te esperamos.<\/p>\n","protected":false},"featured_media":1906,"comment_status":"open","ping_status":"closed","template":"","meta":{"inline_featured_image":false,"_joinchat":[]},"product_brand":[],"product_cat":[34],"product_tag":[],"class_list":{"0":"post-1877","1":"product","2":"type-product","3":"status-publish","4":"has-post-thumbnail","6":"product_cat-procesal-penal","8":"first","9":"instock","10":"shipping-taxable","11":"purchasable","12":"product-type-simple"},"_links":{"self":[{"href":"https:\/\/bibliotecajuridicavirtual.cl\/index.php\/wp-json\/wp\/v2\/product\/1877","targetHints":{"allow":["GET"]}}],"collection":[{"href":"https:\/\/bibliotecajuridicavirtual.cl\/index.php\/wp-json\/wp\/v2\/product"}],"about":[{"href":"https:\/\/bibliotecajuridicavirtual.cl\/index.php\/wp-json\/wp\/v2\/types\/product"}],"replies":[{"embeddable":true,"href":"https:\/\/bibliotecajuridicavirtual.cl\/index.php\/wp-json\/wp\/v2\/comments?post=1877"}],"wp:featuredmedia":[{"embeddable":true,"href":"https:\/\/bibliotecajuridicavirtual.cl\/index.php\/wp-json\/wp\/v2\/media\/1906"}],"wp:attachment":[{"href":"https:\/\/bibliotecajuridicavirtual.cl\/index.php\/wp-json\/wp\/v2\/media?parent=1877"}],"wp:term":[{"taxonomy":"product_brand","embeddable":true,"href":"https:\/\/bibliotecajuridicavirtual.cl\/index.php\/wp-json\/wp\/v2\/product_brand?post=1877"},{"taxonomy":"product_cat","embeddable":true,"href":"https:\/\/bibliotecajuridicavirtual.cl\/index.php\/wp-json\/wp\/v2\/product_cat?post=1877"},{"taxonomy":"product_tag","embeddable":true,"href":"https:\/\/bibliotecajuridicavirtual.cl\/index.php\/wp-json\/wp\/v2\/product_tag?post=1877"}],"curies":[{"name":"wp","href":"https:\/\/api.w.org\/{rel}","templated":true}]}}