{"id":1885,"date":"2026-02-28T00:56:22","date_gmt":"2026-02-28T03:56:22","guid":{"rendered":"https:\/\/bibliotecajuridicavirtual.cl\/?post_type=product&#038;p=1885"},"modified":"2026-02-28T00:56:40","modified_gmt":"2026-02-28T03:56:40","slug":"tocqueville-y-el-espiritu-de-la-democracia-guellec-laurence-ed-400-pag-ano-2019","status":"publish","type":"product","link":"https:\/\/bibliotecajuridicavirtual.cl\/index.php\/product\/tocqueville-y-el-espiritu-de-la-democracia-guellec-laurence-ed-400-pag-ano-2019\/","title":{"rendered":"Tocqueville y el esp\u00edritu de la democracia &#8211; Guellec, Laurence (ed.)  400 P\u00e1g. A\u00f1o 2019"},"content":{"rendered":"<p>A lo largo de 39 a\u00f1os, The Tocqueville Review\/La Revue Tocqueville ha estimulado la reflexi\u00f3n y el debate en torno al pensamiento de Alexis de Tocqueville. Los ensayos publicados en esta revista actualizan, revalorizan y tambi\u00e9n discuten una obra a medio camino entre la filosof\u00eda pol\u00edtica, la sociolog\u00eda, el ensayo y, por qu\u00e9 no, la mejor cr\u00f3nica de viajes. Alexis de Tocqueville (1805-1859) fue un autor extravagante, sin duda un adelantado a su \u00e9poca, un hombre de letras con una capacidad de observaci\u00f3n poco frecuente, con intuiciones que el tiempo ha transformado en axiomas y con una prosa \u2013un estilo, dig\u00e1moslo\u2013 que disuelve las r\u00edgidas fronteras que hoy dividen las disciplinas acad\u00e9micas. Este volumen recoge la selecci\u00f3n de textos con que la revista celebr\u00f3 el a\u00f1o 2005 el bicentenario del nacimiento del autor de La democracia en Am\u00e9rica y El Antiguo r\u00e9gimen y la Revoluci\u00f3n. Al escribir sobre Tocqueville, intelectuales como Raymond Aron, Arthur Kaledin, Sonia Chabot y Francoise Melonio, por nombrar algunos de los intelectuales reunidos en este libro, iluminan temas que siguen siendo atingentes en la actualidad: el futuro de las democracias en sociedades cada vez m\u00e1s pr\u00f3speras, el rol de las \u00e9lites en la configuraci\u00f3n de una sociedad m\u00e1s igualitaria y plural, los aspectos culturales e idiosincr\u00e1ticos que influyen la consolidaci\u00f3n de la democracia o la importancia de una educaci\u00f3n para la formaci\u00f3n de una sociedad libre y responsable. Son conflictos que desde luego fueron abordados por Tocqueville y que, en definitiva, constituyen la raz\u00f3n por la cual sigue siendo necesario leer, estudiar y analizar a uno de los grandes cl\u00e1sicos de la teor\u00eda y la sociolog\u00eda pol\u00edtica modernas.<\/p>\n","protected":false},"excerpt":{"rendered":"<p>Vis\u00edtanos en www.bibliotecajuridicavirtual.cl<br \/>\nEscr\u00edbenos al +56930565235<br \/>\nHacemos env\u00edos a todo Chile &#8211; Starken o Correos Chile \/ Te esperamos.<\/p>\n","protected":false},"featured_media":1914,"comment_status":"open","ping_status":"closed","template":"","meta":{"inline_featured_image":false,"_joinchat":[]},"product_brand":[],"product_cat":[44],"product_tag":[],"class_list":{"0":"post-1885","1":"product","2":"type-product","3":"status-publish","4":"has-post-thumbnail","6":"product_cat-filosofia-del-derecho-y-introduccion","8":"first","9":"instock","10":"shipping-taxable","11":"purchasable","12":"product-type-simple"},"_links":{"self":[{"href":"https:\/\/bibliotecajuridicavirtual.cl\/index.php\/wp-json\/wp\/v2\/product\/1885","targetHints":{"allow":["GET"]}}],"collection":[{"href":"https:\/\/bibliotecajuridicavirtual.cl\/index.php\/wp-json\/wp\/v2\/product"}],"about":[{"href":"https:\/\/bibliotecajuridicavirtual.cl\/index.php\/wp-json\/wp\/v2\/types\/product"}],"replies":[{"embeddable":true,"href":"https:\/\/bibliotecajuridicavirtual.cl\/index.php\/wp-json\/wp\/v2\/comments?post=1885"}],"wp:featuredmedia":[{"embeddable":true,"href":"https:\/\/bibliotecajuridicavirtual.cl\/index.php\/wp-json\/wp\/v2\/media\/1914"}],"wp:attachment":[{"href":"https:\/\/bibliotecajuridicavirtual.cl\/index.php\/wp-json\/wp\/v2\/media?parent=1885"}],"wp:term":[{"taxonomy":"product_brand","embeddable":true,"href":"https:\/\/bibliotecajuridicavirtual.cl\/index.php\/wp-json\/wp\/v2\/product_brand?post=1885"},{"taxonomy":"product_cat","embeddable":true,"href":"https:\/\/bibliotecajuridicavirtual.cl\/index.php\/wp-json\/wp\/v2\/product_cat?post=1885"},{"taxonomy":"product_tag","embeddable":true,"href":"https:\/\/bibliotecajuridicavirtual.cl\/index.php\/wp-json\/wp\/v2\/product_tag?post=1885"}],"curies":[{"name":"wp","href":"https:\/\/api.w.org\/{rel}","templated":true}]}}