{"id":1888,"date":"2026-02-28T00:56:22","date_gmt":"2026-02-28T03:56:22","guid":{"rendered":"https:\/\/bibliotecajuridicavirtual.cl\/?post_type=product&#038;p=1888"},"modified":"2026-02-28T00:56:41","modified_gmt":"2026-02-28T03:56:41","slug":"hermeneutica-y-decision-judicial-streck-lenio-luiz-1-edicion-ano-2013-186-pags","status":"publish","type":"product","link":"https:\/\/bibliotecajuridicavirtual.cl\/index.php\/product\/hermeneutica-y-decision-judicial-streck-lenio-luiz-1-edicion-ano-2013-186-pags\/","title":{"rendered":"Hermen\u00e9utica y decisi\u00f3n judicial Streck, Lenio Luiz &#8211; 1\u00b0 Edici\u00f3n a\u00f1o 2013. 186 p\u00e1gs."},"content":{"rendered":"<p>Contenido: I. Positivismo jur\u00eddico: 1. El positivismo, los principios constitucionales y la superaci\u00f3n de los antiguos principios generales del Derecho; 2. \u00bfEs posible una teor\u00eda constitucional post-positivista?. Acuerdos y desacuerdos con Luigi Ferrajoli. II. Los problemas fundamentales de la hermen\u00e9utica jur\u00eddica: 1. La interpretaci\u00f3n del derecho dentro del giro ling\u00fc\u00edstico; 2. La hermen\u00e9utica delante de ese intrincado contexto. III. La hermen\u00e9utica (constitucional) en pa\u00edses perif\u00e9ricos: 1. El estado del arte: en tiempos de Constituci\u00f3n democr\u00e1tica, la crisis es de efectividad; 2. El constitucionalismo compromisorio y dirigente y el mundo pr\u00e1ctico: la superaci\u00f3n del modelo positivista de reglas: la hermen\u00e9utica y el antidualismo metaf\u00edsico; 3. De c\u00f3mo la Constituci\u00f3n (dirigente) demanda (y posibilita) respuestas correctas en el derecho. IV. La hermen\u00e9utica y las posibilidades de encontrar respuestas adecuadas a la Constituci\u00f3n: la incompatibilidad del positivismo con el constitucionalismo contempor\u00e1neo: 1. Tiempos (dif\u00edciles) de post-positivismo; 2. La Constituci\u00f3n como remedio contra la exorcizaci\u00f3n de la realidad; 3. El problema de la discrecionalidad positivista y su incompatibilidad con los principios; 4. El viejo y el nuevo o de c\u00f3mo la Constituci\u00f3n (a\u00fan) constituye; 5. La (inadecuada) dicotom\u00eda \u201dcasos f\u00e1ciles-casos dif\u00edciles\u201c y \u201dregla-principio\u201c; 6. Consideraciones conclusivas: la tarea de una hermen\u00e9utica cr\u00edtica. V. Hermen\u00e9utica y decisi\u00f3n jur\u00eddica: 1. Desconstruyendo los \u201dmodelos\u201c de juez; 2. Cuestiones epistemol\u00f3gicas; 3. Hermen\u00e9utica, decisi\u00f3n y un\u00a0<em>m\u00ednimum applicandi<\/em>\u00a0mediante el uso de cinco principios; 4. Consideraciones conclusivas: de como existe derecho fundamental a la obtenci\u00f3n de respuestas adecuadas a la Constituci\u00f3n.<\/p>\n","protected":false},"excerpt":{"rendered":"<p>Vis\u00edtanos en www.bibliotecajuridicavirtual.cl<br \/>\nEscr\u00edbenos al +56930565235 \/ <a class=\"zpeZuNgEWZXUHvjXxvENrtcVxHAUOzWxDM \" href=\"mailto:ventaslegallexglobal@gmail.com\" target=\"_self\" data-test-app-aware-link=\"\" rel=\"noopener\">ventaslegallexglobal@gmail.com<\/a><br \/>\nHacemos env\u00edos a todo Chile &#8211; Starken o Correos Chile \/ Te esperamos.<\/p>\n","protected":false},"featured_media":1917,"comment_status":"open","ping_status":"closed","template":"","meta":{"inline_featured_image":false,"_joinchat":[]},"product_brand":[],"product_cat":[33],"product_tag":[],"class_list":{"0":"post-1888","1":"product","2":"type-product","3":"status-publish","4":"has-post-thumbnail","6":"product_cat-constitucional","8":"first","9":"instock","10":"shipping-taxable","11":"purchasable","12":"product-type-simple"},"_links":{"self":[{"href":"https:\/\/bibliotecajuridicavirtual.cl\/index.php\/wp-json\/wp\/v2\/product\/1888","targetHints":{"allow":["GET"]}}],"collection":[{"href":"https:\/\/bibliotecajuridicavirtual.cl\/index.php\/wp-json\/wp\/v2\/product"}],"about":[{"href":"https:\/\/bibliotecajuridicavirtual.cl\/index.php\/wp-json\/wp\/v2\/types\/product"}],"replies":[{"embeddable":true,"href":"https:\/\/bibliotecajuridicavirtual.cl\/index.php\/wp-json\/wp\/v2\/comments?post=1888"}],"wp:featuredmedia":[{"embeddable":true,"href":"https:\/\/bibliotecajuridicavirtual.cl\/index.php\/wp-json\/wp\/v2\/media\/1917"}],"wp:attachment":[{"href":"https:\/\/bibliotecajuridicavirtual.cl\/index.php\/wp-json\/wp\/v2\/media?parent=1888"}],"wp:term":[{"taxonomy":"product_brand","embeddable":true,"href":"https:\/\/bibliotecajuridicavirtual.cl\/index.php\/wp-json\/wp\/v2\/product_brand?post=1888"},{"taxonomy":"product_cat","embeddable":true,"href":"https:\/\/bibliotecajuridicavirtual.cl\/index.php\/wp-json\/wp\/v2\/product_cat?post=1888"},{"taxonomy":"product_tag","embeddable":true,"href":"https:\/\/bibliotecajuridicavirtual.cl\/index.php\/wp-json\/wp\/v2\/product_tag?post=1888"}],"curies":[{"name":"wp","href":"https:\/\/api.w.org\/{rel}","templated":true}]}}