{"id":1890,"date":"2026-02-28T00:56:22","date_gmt":"2026-02-28T03:56:22","guid":{"rendered":"https:\/\/bibliotecajuridicavirtual.cl\/?post_type=product&#038;p=1890"},"modified":"2026-02-28T00:56:45","modified_gmt":"2026-02-28T03:56:45","slug":"litigacion-penal-juicio-oral-y-prueba-baytelman-a-andres-duce-j-mauricio-reimp-ano-2018-298-pag","status":"publish","type":"product","link":"https:\/\/bibliotecajuridicavirtual.cl\/index.php\/product\/litigacion-penal-juicio-oral-y-prueba-baytelman-a-andres-duce-j-mauricio-reimp-ano-2018-298-pag\/","title":{"rendered":"Litigaci\u00f3n penal. Juicio oral y prueba Baytelman A., Andr\u00e9s; Duce J., Mauricio &#8211; Reimp. a\u00f1o 2018, 298 p\u00e1g."},"content":{"rendered":"<p><em>Litigaci\u00f3n penal, juicio oral y prueba<\/em>\u00a0puede ser consultado y estudiado por la comunidad jur\u00eddica latinoamericana, en general y colombiana, en particular porque, aunque consulta el C\u00f3digo de Procedimiento Penal chileno, se inspira en los principios de la oralidad que, cada d\u00eda, se impone en los sistemas procesales de la regi\u00f3n; porque aun en aquellos pa\u00edses donde la oralidad no es plena, ya los testigos est\u00e1n sujetos al r\u00e9gimen del examen y el contraexamen y porque el garantismo que le es inherente, en cuanto piensa al sujeto pasivo de la acci\u00f3n penal como persona humana, es universal. Esta obra, pues, escrita en lenguaje serio y sencillo, est\u00e1 llamada a convertirse en el libro de cabecera del litigante colombiano<\/p>\n<p style=\"font-weight: 400;\">Esta obra es un trabajo de gran calidad did\u00e1ctica que se ofrece como \u00fatil instrumento para los litigantes.<\/p>\n<p style=\"font-weight: 400;\">No es un manual para aprender a hablar en p\u00fablico ni contiene las reglas del histrionismo forense.<\/p>\n<p style=\"font-weight: 400;\">En \u00e9l, los abogados aprender\u00e1n de la experiencia de sus autores desde lo m\u00e1s elemental hasta lo m\u00e1s sofisticado del juicio oral y encontrar\u00e1n una \u00fatil orientaci\u00f3n sobre el manejo de la prueba: qu\u00e9 hacer y qu\u00e9 no hacer con peritos y testigos; c\u00f3mo acreditarlos; c\u00f3mo interrogarlos; en qu\u00e9 consisten y c\u00f3mo se hacen su examen directo y su contraexamen; cu\u00e1l es la importancia de sus declaraciones previas y c\u00f3mo aprovecharlas; cu\u00e1ndo una pregunta es \u201cde m\u00e1s\u201d.<\/p>\n<p style=\"font-weight: 400;\">C\u00f3mo acreditar la prueba material, en fin, c\u00f3mo actuar en el juicio oral para que su gesti\u00f3n sea consistente y para que sirva a su \u00fanico inter\u00e9s: que el juez acoja su teor\u00eda del caso.<\/p>\n<p>&nbsp;<\/p>\n","protected":false},"excerpt":{"rendered":"<p>Vis\u00edtanos en www.bibliotecajuridicavirtual.cl<br \/>\nEscr\u00edbenos al +56930565235 \/ <a class=\"zpeZuNgEWZXUHvjXxvENrtcVxHAUOzWxDM \" href=\"mailto:ventaslegallexglobal@gmail.com\" target=\"_self\" rel=\"noopener\" data-test-app-aware-link=\"\">ventaslegallexglobal@gmail.com<\/a><br \/>\nHacemos env\u00edos a todo Chile &#8211; Starken o Correos Chile \/ Te esperamos.<\/p>\n","protected":false},"featured_media":1943,"comment_status":"open","ping_status":"closed","template":"","meta":{"inline_featured_image":false,"_joinchat":[]},"product_brand":[],"product_cat":[30],"product_tag":[],"class_list":{"0":"post-1890","1":"product","2":"type-product","3":"status-publish","4":"has-post-thumbnail","6":"product_cat-penal","8":"first","9":"instock","10":"shipping-taxable","11":"purchasable","12":"product-type-simple"},"_links":{"self":[{"href":"https:\/\/bibliotecajuridicavirtual.cl\/index.php\/wp-json\/wp\/v2\/product\/1890","targetHints":{"allow":["GET"]}}],"collection":[{"href":"https:\/\/bibliotecajuridicavirtual.cl\/index.php\/wp-json\/wp\/v2\/product"}],"about":[{"href":"https:\/\/bibliotecajuridicavirtual.cl\/index.php\/wp-json\/wp\/v2\/types\/product"}],"replies":[{"embeddable":true,"href":"https:\/\/bibliotecajuridicavirtual.cl\/index.php\/wp-json\/wp\/v2\/comments?post=1890"}],"wp:featuredmedia":[{"embeddable":true,"href":"https:\/\/bibliotecajuridicavirtual.cl\/index.php\/wp-json\/wp\/v2\/media\/1943"}],"wp:attachment":[{"href":"https:\/\/bibliotecajuridicavirtual.cl\/index.php\/wp-json\/wp\/v2\/media?parent=1890"}],"wp:term":[{"taxonomy":"product_brand","embeddable":true,"href":"https:\/\/bibliotecajuridicavirtual.cl\/index.php\/wp-json\/wp\/v2\/product_brand?post=1890"},{"taxonomy":"product_cat","embeddable":true,"href":"https:\/\/bibliotecajuridicavirtual.cl\/index.php\/wp-json\/wp\/v2\/product_cat?post=1890"},{"taxonomy":"product_tag","embeddable":true,"href":"https:\/\/bibliotecajuridicavirtual.cl\/index.php\/wp-json\/wp\/v2\/product_tag?post=1890"}],"curies":[{"name":"wp","href":"https:\/\/api.w.org\/{rel}","templated":true}]}}