{"id":1969,"date":"2026-02-28T00:57:06","date_gmt":"2026-02-28T03:57:06","guid":{"rendered":"https:\/\/bibliotecajuridicavirtual.cl\/?post_type=product&#038;p=1969"},"modified":"2026-02-28T00:57:15","modified_gmt":"2026-02-28T03:57:15","slug":"regimen-inmobiliario-chileno-doctrina-legislacion-y-formularios-eric-andres-chavez-chavez","status":"publish","type":"product","link":"https:\/\/bibliotecajuridicavirtual.cl\/index.php\/product\/regimen-inmobiliario-chileno-doctrina-legislacion-y-formularios-eric-andres-chavez-chavez\/","title":{"rendered":"R\u00e9gimen Inmobiliario Chileno, Doctrina, Legislaci\u00f3n y Formularios &#8211; Eric Andr\u00e9s Ch\u00e1vez Ch\u00e1vez"},"content":{"rendered":"<p>La Ley N\u00b017.336 sobre Propiedad Intelectual proh\u00edbe el uso no exceptuado de obras protegidas sin la autorizaci\u00f3n expresa<\/p>\n<p>de los titulares de los derechos de autor. No se permite la reproducci\u00f3n total o parcial de esta obra, ni su incorporaci\u00f3n a<\/p>\n<p>un sistema inform\u00e1tico, ni su transmisi\u00f3n en cualquier forma o por cualquier medio (electr\u00f3nico, mec\u00e1nico, fotocopia,<\/p>\n<p>grabaci\u00f3n u otros) sin autorizaci\u00f3n previa y por escrito de los titulares del copyright. La infracci\u00f3n de dichos derechos puede<\/p>\n<p>constituir un delito contra la propiedad intelectual. Usos infractores pueden constituir delito.<\/p>\n<p>\u00cdNDICE GENERAL<\/p>\n<p>CAPITULO I<\/p>\n<p>OBJETIVOS DEL DERECHO<\/p>\n<p>BIENES \u2026\u2026\u2026\u2026\u2026\u2026\u2026\u2026\u2026\u2026\u2026\u2026\u2026\u2026\u2026\u2026\u2026\u2026\u2026\u2026\u2026\u2026\u2026\u2026\u2026\u2026\u2026\u2026\u2026\u2026\u2026\u2026\u2026\u2026\u2026\u2026\u2026\u2026\u2026\u2026. 9<\/p>\n<p>EL DOMINIO. \u2026\u2026\u2026\u2026\u2026\u2026\u2026\u2026\u2026\u2026\u2026\u2026\u2026\u2026\u2026\u2026\u2026\u2026\u2026\u2026\u2026\u2026\u2026\u2026\u2026\u2026\u2026\u2026\u2026\u2026\u2026\u2026\u2026\u2026\u2026.. 10<\/p>\n<p>DIFERENTES SITUACIONES DE PROPIEDAD. \u2026\u2026\u2026\u2026\u2026\u2026\u2026\u2026\u2026\u2026\u2026\u2026\u2026\u2026\u2026\u2026. 10<\/p>\n<p>MODOS DE ADQUIRIR EL DOMINIO. \u2026\u2026\u2026\u2026\u2026\u2026\u2026\u2026\u2026\u2026\u2026\u2026\u2026\u2026\u2026\u2026\u2026\u2026\u2026\u2026\u2026 11<\/p>\n<p>FUNCI\u00d3N DE LA INSCRIPCI\u00d3N EN EL REGISTRO DEL CONSERVADOR<\/p>\n<p>DE BIENES RA\u00cdCES. \u2026\u2026\u2026\u2026\u2026\u2026\u2026\u2026\u2026\u2026\u2026\u2026\u2026\u2026\u2026\u2026\u2026\u2026\u2026\u2026\u2026\u2026\u2026\u2026\u2026\u2026\u2026\u2026\u2026\u2026.. 14<\/p>\n<p>LA ACCI\u00d3N REIVINDICATORIA. \u2026\u2026\u2026\u2026\u2026\u2026\u2026\u2026\u2026\u2026\u2026\u2026\u2026\u2026\u2026\u2026\u2026\u2026\u2026\u2026\u2026\u2026\u2026\u2026. 20<\/p>\n<p>ACCIONES POSESORIAS. \u2026\u2026\u2026\u2026\u2026\u2026\u2026\u2026\u2026\u2026\u2026\u2026\u2026\u2026\u2026\u2026\u2026\u2026\u2026\u2026\u2026\u2026\u2026\u2026\u2026\u2026\u2026\u2026.. 26<\/p>\n<p>LIMITACIONES AL DERECHO DE DOMINIO. \u2026\u2026\u2026\u2026\u2026\u2026\u2026\u2026\u2026\u2026\u2026\u2026\u2026\u2026\u2026\u2026. 27<\/p>\n<p>DERECHO REAL DE CONSERVACI\u00d3N MEDIOAMBIENTAL. \u2026\u2026\u2026\u2026\u2026\u2026\u2026\u2026 3<\/p>\n<p>CAPITULO II<\/p>\n<p>Legislaci\u00f3n<\/p>\n<p>1\u00aa Parte<\/p>\n<p>LEY N\u00b0 21.442, APRUEBA NUEVA LEY DE COPROPIEDAD INMOBILIARIA \u2026\u2026\u2026\u2026\u2026\u2026\u2026\u2026\u2026\u2026\u2026 41<\/p>\n<p>REGLAMENTO TIPO DE COPROPIEDAD \u2026\u2026\u2026\u2026\u2026\u2026\u2026\u2026\u2026\u2026\u2026\u2026\u2026\u2026\u2026\u2026.. 85<\/p>\n<p>2\u00aa Parte<\/p>\n<p>C\u00d3DIGO CIVIL \u2026\u2026\u2026\u2026\u2026\u2026\u2026\u2026\u2026\u2026\u2026\u2026\u2026\u2026\u2026\u2026\u2026\u2026\u2026\u2026\u2026\u2026\u2026\u2026\u2026\u2026\u2026\u2026\u2026\u2026\u2026 101<\/p>\n<p>3\u00aa Parte<\/p>\n<p>LEYES COMPLEMENTARIAS<\/p>\n<p>LEY SOBRE EL EFECTO RETROACTIVO DE LAS LEYES \u2026\u2026\u2026\u2026\u2026\u2026\u2026\u2026. 343<\/p>\n<p>LEY DE PESOS Y MEDIDAS \u2026\u2026\u2026\u2026\u2026\u2026\u2026\u2026\u2026\u2026\u2026\u2026\u2026\u2026\u2026\u2026\u2026\u2026\u2026\u2026\u2026\u2026\u2026\u2026. 347<\/p>\n<p>LEY 16.271. SOBRE IMPUESTO A LAS HERENCIAS, ASIGNACIONES Y<\/p>\n<p>DONACIONES \u2026\u2026\u2026\u2026\u2026\u2026\u2026\u2026\u2026\u2026\u2026\u2026\u2026\u2026\u2026\u2026\u2026\u2026\u2026\u2026\u2026\u2026\u2026\u2026\u2026\u2026\u2026\u2026\u2026\u2026\u2026.. 349<\/p>\n<p>LEY 16.665. RECONSTITUCION DE INSCRIPCIONES EN REGISTRO<\/p>\n<p>DE CONSERVADORES DE BIENES RAICES \u2026\u2026\u2026\u2026\u2026\u2026\u2026\u2026\u2026\u2026\u2026\u2026\u2026\u2026\u2026. 365<\/p>\n<p>LEY N\u00b0 18.101, FIJA NORMAS ESPECIALES SOBRE ARRENDAMIENTO<\/p>\n<p>DE PREDIOS URBANOS \u2026\u2026\u2026\u2026\u2026\u2026\u2026\u2026\u2026\u2026\u2026\u2026\u2026\u2026\u2026\u2026\u2026\u2026\u2026\u2026\u2026\u2026\u2026\u2026\u2026\u2026. 369<\/p>\n<p>LEY 19.281. ESTABLECE NORMAS SOBRE ARRENDAMIENTO DE VIVIENDAS CON PROMESA DE COMPRAVENTA \u2026\u2026\u2026\u2026\u2026\u2026\u2026\u2026\u2026\u2026\u2026\u2026\u2026\u2026. 379<\/p>\n<p>LEY 19.799. SOBRE DOCUMENTOS ELECTRONICOS, FIRMA ELECTRONICA Y SERVICIOS DE CERTIFICACION DE DICHA FIRMA \u2026\u2026\u2026\u2026\u2026.. 393<\/p>\n<p>4\u00aa Parte<\/p>\n<p>REGLAMENTOS Y DECRETOS LEYES<\/p>\n<p>REGLAMENTO DEL REGISTRO CONSERVATORIO DE BIENES<\/p>\n<p>RAICES \u2026\u2026\u2026\u2026\u2026\u2026\u2026\u2026\u2026\u2026\u2026\u2026\u2026\u2026\u2026\u2026\u2026\u2026\u2026\u2026\u2026\u2026\u2026\u2026\u2026\u2026\u2026\u2026\u2026\u2026\u2026\u2026\u2026\u2026\u2026. 403<\/p>\n<p>LEY GENERAL DE URBANISMO Y CONSTRUCCI\u00d3N \u2026\u2026\u2026\u2026\u2026\u2026\u2026\u2026\u2026\u2026.. 413<\/p>\n<p>DECRETO LEY N\u00b0 2.695, FIJA NORMAS PARA REGULARIZAR LA POSESI\u00d3N DE LA PEQUE\u00d1A PROPIEDAD RA\u00cdZ Y PARA LA CONSTITUCI\u00d3N DEL DOMINIO SOBRE ELLA \u2026\u2026\u2026\u2026\u2026\u2026.. 471<\/p>\n<p>DECRETO LEY 993. DISPOSICIONES ESPECIALES SOBRE ARRENDAMIENTO DE PREDIOS RUSTICOS, MEDIERIAS O APARCERIAS Y<\/p>\n<p>OTRAS FORMAS DE EXPLOTACION POR TERCEROS \u2026\u2026\u2026\u2026\u2026\u2026\u2026\u2026\u2026. 483<\/p>\n<p>CAPITULO III<\/p>\n<p>Practica Forense Inmobiliaria<\/p>\n<p>N\u00ba1.- MANDATO. AL ADMINISTRADOR DE CONDOMINIO. ESCRITURA. FORMULARIO \u2026\u2026\u2026\u2026\u2026\u2026\u2026\u2026\u2026\u2026\u2026\u2026\u2026\u2026\u2026\u2026\u2026\u2026\u2026\u2026\u2026\u2026\u2026 489<\/p>\n<p>N.\u00ba2.- DEMANDA. EJECUTIVA. GASTOS COMUNES. EDIFICIOS. \u2026\u2026\u2026\u2026\u2026\u2026\u2026\u2026\u2026\u2026\u2026\u2026\u2026\u2026\u2026\u2026\u2026\u2026\u2026\u2026\u2026\u2026\u2026\u2026\u2026\u2026\u2026\u2026\u2026\u2026\u2026\u2026\u2026\u2026\u2026\u2026. 491<\/p>\n<p>N\u00b03.- COPROPIEDAD INMOBILIARIA. DEMANDA. NULIDAD ASAMBLEA. FORMATO N\u00b01. \u2026\u2026\u2026\u2026\u2026\u2026\u2026\u2026\u2026\u2026\u2026\u2026\u2026\u2026\u2026\u2026\u2026\u2026\u2026\u2026\u2026\u2026. 493<\/p>\n<p>N\u00b04.- COPROPIEDAD INMOBILIARIA. DEMANDA. NULIDAD ASAMBLEA. FORMATO N\u00b02. \u2026\u2026\u2026\u2026\u2026\u2026\u2026\u2026\u2026\u2026\u2026\u2026\u2026\u2026\u2026\u2026\u2026\u2026\u2026\u2026\u2026\u2026. 495<\/p>\n<p>N\u00b05.- COPROPIEDAD INMOBILIARIA. DEMANDA. RENDICI\u00d3N<\/p>\n<p>CUENTA ADMINISTRADOR. \u2026\u2026\u2026\u2026\u2026\u2026\u2026\u2026\u2026\u2026\u2026\u2026\u2026\u2026\u2026\u2026\u2026\u2026\u2026\u2026\u2026\u2026\u2026\u2026.. 497<\/p>\n<p>N\u00b06.- Copropiedad Inmobiliaria. EXHIBICI\u00d3N DOCUMENTOS\u2026\u2026\u2026\u2026\u2026\u2026..501<\/p>\n","protected":false},"excerpt":{"rendered":"<p>1\u00b0 edici\u00f3n Diciembre a\u00f1o 2024 \/ 500 P\u00e1ginas Tapa Dura<\/p>\n<p>Buscas un libro Jur\u00eddico.? Lo puedes encontrar en nuestra tienda virtual.<br \/>\nContamos con prestigiosos autores y muchas alternativas en sus diferentes materias al igual que grandes descuentos.! Vis\u00edtanos en www.bibliotecajuridicavirtual.cl<\/p>\n<p>Escr\u00edbenos al +56930565235 \/ <a class=\"jCfTHtsPmIgRjtBDjLhWBFZYFwBhY \" href=\"mailto:ventaslegallexglobal@gmail.com\" target=\"_self\" data-test-app-aware-link=\"\">ventaslegallexglobal@gmail.com<\/a><br \/>\nHacemos env\u00edos a todo Chile &#8211; Starken o Correos Chile \/ Te esperamos.<\/p>\n<p>&nbsp;<\/p>\n","protected":false},"featured_media":1999,"comment_status":"open","ping_status":"closed","template":"","meta":{"inline_featured_image":false,"_joinchat":[]},"product_brand":[],"product_cat":[45,27,48,26],"product_tag":[],"class_list":{"0":"post-1969","1":"product","2":"type-product","3":"status-publish","4":"has-post-thumbnail","6":"product_cat-administrativo","7":"product_cat-civil","8":"product_cat-comercial","9":"product_cat-derecho","11":"first","12":"instock","13":"shipping-taxable","14":"purchasable","15":"product-type-simple"},"_links":{"self":[{"href":"https:\/\/bibliotecajuridicavirtual.cl\/index.php\/wp-json\/wp\/v2\/product\/1969","targetHints":{"allow":["GET"]}}],"collection":[{"href":"https:\/\/bibliotecajuridicavirtual.cl\/index.php\/wp-json\/wp\/v2\/product"}],"about":[{"href":"https:\/\/bibliotecajuridicavirtual.cl\/index.php\/wp-json\/wp\/v2\/types\/product"}],"replies":[{"embeddable":true,"href":"https:\/\/bibliotecajuridicavirtual.cl\/index.php\/wp-json\/wp\/v2\/comments?post=1969"}],"wp:featuredmedia":[{"embeddable":true,"href":"https:\/\/bibliotecajuridicavirtual.cl\/index.php\/wp-json\/wp\/v2\/media\/1999"}],"wp:attachment":[{"href":"https:\/\/bibliotecajuridicavirtual.cl\/index.php\/wp-json\/wp\/v2\/media?parent=1969"}],"wp:term":[{"taxonomy":"product_brand","embeddable":true,"href":"https:\/\/bibliotecajuridicavirtual.cl\/index.php\/wp-json\/wp\/v2\/product_brand?post=1969"},{"taxonomy":"product_cat","embeddable":true,"href":"https:\/\/bibliotecajuridicavirtual.cl\/index.php\/wp-json\/wp\/v2\/product_cat?post=1969"},{"taxonomy":"product_tag","embeddable":true,"href":"https:\/\/bibliotecajuridicavirtual.cl\/index.php\/wp-json\/wp\/v2\/product_tag?post=1969"}],"curies":[{"name":"wp","href":"https:\/\/api.w.org\/{rel}","templated":true}]}}