{"id":1972,"date":"2026-02-28T00:57:06","date_gmt":"2026-02-28T03:57:06","guid":{"rendered":"https:\/\/bibliotecajuridicavirtual.cl\/?post_type=product&#038;p=1972"},"modified":"2026-02-28T00:57:17","modified_gmt":"2026-02-28T03:57:17","slug":"juzgar-con-perspectiva-de-genero-alejandra-corvalan-helbig-198-pag-ano-2024","status":"publish","type":"product","link":"https:\/\/bibliotecajuridicavirtual.cl\/index.php\/product\/juzgar-con-perspectiva-de-genero-alejandra-corvalan-helbig-198-pag-ano-2024\/","title":{"rendered":"Juzgar con Perspectiva de G\u00e9nero &#8211; Alejandra Corval\u00e1n Helbig &#8211; 198 P\u00e1g. a\u00f1o 2024"},"content":{"rendered":"<p>El presente libro tiene por objeto responder a la pregunta sobre el por qu\u00e9 y el c\u00f3mo incorporar la perspectiva de g\u00e9nero en la valoraci\u00f3n de la prueba y en la interpretaci\u00f3n de los textos normativos en el \u00e1mbito penal, esto es, en la justificaci\u00f3n externa de la premisa f\u00e1ctica y normativa. En ese sentido, se utilizan elementos te\u00f3ricos de la justificaci\u00f3n racional de las sentencias judiciales y de la teor\u00eda de g\u00e9nero, teniendo como resultado, por una parte, la descripci\u00f3n de las funciones que cumple la perspectiva de g\u00e9nero en los distintos momentos de la actividad probatoria, plante\u00e1ndose una propuesta en torno a la valoraci\u00f3n del testimonio \u00fanico de la v\u00edctima. Por otra parte, se propone la utilizaci\u00f3n de ciertas pautas interpretativas en el ejercicio hermen\u00e9utico realizado por jueces y juezas. Asimismo, se realiza una propuesta sobre c\u00f3mo incorporar la perspectiva de g\u00e9nero, a trav\u00e9s de las pautas interpretativas se\u00f1aladas, en el \u00e1mbito de la interpretaci\u00f3n de las disposiciones penales en el caso de los delitos de omisi\u00f3n impropia fundamentados en una posici\u00f3n de garante por relaci\u00f3n materno-filial.<\/p>\n","protected":false},"excerpt":{"rendered":"<p>Buscas un libro Jur\u00eddico.? Lo puedes encontrar en nuestra tienda virtual.<br \/>\nContamos con prestigiosos autores y muchas alternativas en sus diferentes materias al igual que grandes descuentos.! Vis\u00edtanos en www.bibliotecajuridicavirtual.cl<\/p>\n<p>Escr\u00edbenos al +56930565235 \/ <a class=\"jCfTHtsPmIgRjtBDjLhWBFZYFwBhY \" href=\"mailto:ventaslegallexglobal@gmail.com\" target=\"_self\" data-test-app-aware-link=\"\">ventaslegallexglobal@gmail.com<\/a><br \/>\nHacemos env\u00edos a todo Chile &#8211; Starken o Correos Chile \/ Te esperamos.<\/p>\n","protected":false},"featured_media":2002,"comment_status":"open","ping_status":"closed","template":"","meta":{"inline_featured_image":false,"_joinchat":[]},"product_brand":[],"product_cat":[27,26],"product_tag":[],"class_list":{"0":"post-1972","1":"product","2":"type-product","3":"status-publish","4":"has-post-thumbnail","6":"product_cat-civil","7":"product_cat-derecho","9":"first","10":"instock","11":"shipping-taxable","12":"purchasable","13":"product-type-simple"},"_links":{"self":[{"href":"https:\/\/bibliotecajuridicavirtual.cl\/index.php\/wp-json\/wp\/v2\/product\/1972","targetHints":{"allow":["GET"]}}],"collection":[{"href":"https:\/\/bibliotecajuridicavirtual.cl\/index.php\/wp-json\/wp\/v2\/product"}],"about":[{"href":"https:\/\/bibliotecajuridicavirtual.cl\/index.php\/wp-json\/wp\/v2\/types\/product"}],"replies":[{"embeddable":true,"href":"https:\/\/bibliotecajuridicavirtual.cl\/index.php\/wp-json\/wp\/v2\/comments?post=1972"}],"wp:featuredmedia":[{"embeddable":true,"href":"https:\/\/bibliotecajuridicavirtual.cl\/index.php\/wp-json\/wp\/v2\/media\/2002"}],"wp:attachment":[{"href":"https:\/\/bibliotecajuridicavirtual.cl\/index.php\/wp-json\/wp\/v2\/media?parent=1972"}],"wp:term":[{"taxonomy":"product_brand","embeddable":true,"href":"https:\/\/bibliotecajuridicavirtual.cl\/index.php\/wp-json\/wp\/v2\/product_brand?post=1972"},{"taxonomy":"product_cat","embeddable":true,"href":"https:\/\/bibliotecajuridicavirtual.cl\/index.php\/wp-json\/wp\/v2\/product_cat?post=1972"},{"taxonomy":"product_tag","embeddable":true,"href":"https:\/\/bibliotecajuridicavirtual.cl\/index.php\/wp-json\/wp\/v2\/product_tag?post=1972"}],"curies":[{"name":"wp","href":"https:\/\/api.w.org\/{rel}","templated":true}]}}