{"id":1991,"date":"2026-02-28T00:57:07","date_gmt":"2026-02-28T03:57:07","guid":{"rendered":"https:\/\/bibliotecajuridicavirtual.cl\/?post_type=product&#038;p=1991"},"modified":"2026-02-28T00:57:43","modified_gmt":"2026-02-28T03:57:43","slug":"codigo-del-trabajo-edicion-estudiante-ano-2025-actualizado-enj-319-pag","status":"publish","type":"product","link":"https:\/\/bibliotecajuridicavirtual.cl\/index.php\/product\/codigo-del-trabajo-edicion-estudiante-ano-2025-actualizado-enj-319-pag\/","title":{"rendered":"C\u00f3digo del Trabajo, Edici\u00f3n Estudiante a\u00f1o 2025 Actualizado \/ ENJ &#8211; 319 P\u00e1g."},"content":{"rendered":"<p>Texto completo del C\u00f3digo del Trabajo m\u00e1s un Ap\u00e9ndice con las siguientes normas:<\/p>\n<p>Ley N\u00b0 16.744, seguro social contra riesgos de accidentes del trabajo y enfermedades profesionales.<\/p>\n<p>Ley N\u00b0 19.728, establece un seguro de desempleo.<\/p>\n<p>Decreto Ley N\u00b03500, establece nuevo sistema de pensiones.<\/p>\n<p>Decreto con Fuerza de Ley N \u00b0 44, establece normas comunes para subsidios por incapacidad laboral de los trabajadores dependientes del sector privado.<\/p>\n<p>Decreto con Fuerza de Ley N\u00b0 90, establece r\u00e9gimen previsional de asignaci\u00f3n por muerte.<\/p>\n<p>Decreto con Fuerza de Ley N\u00b0 150, fija el texto refundido, coordinado y sistematizado de las normas sobre sistema \u00fanico de prestaciones familiares y sistema de subsidios\u00a0 cesant\u00eda para los trabajadores de los sectores privado y p\u00fablico.<\/p>\n<p>\u00cdNDICE<\/p>\n<p>leer mas&#8230;<\/p>\n","protected":false},"excerpt":{"rendered":"<p>Buscas un libro Jur\u00eddico.? Lo puedes encontrar en nuestra tienda virtual.<br \/>\nContamos con prestigiosos autores y muchas alternativas en sus diferentes materias al igual que grandes descuentos.! Vis\u00edtanos en <a class=\"YYDYAPmgJNiHoOtGRjnLDnVQkrxYpXVJuwxY \" href=\"https:\/\/lnkd.in\/eiAG7jdZ\" target=\"_blank\" rel=\"noopener\" data-test-app-aware-link=\"\">https:\/\/lnkd.in\/eiAG7jdZ<\/a><br \/>\nEscr\u00edbenos al +56930565235 \/ <a class=\"YYDYAPmgJNiHoOtGRjnLDnVQkrxYpXVJuwxY \" href=\"mailto:ventaslegallexglobal@gmail.com\" target=\"_self\" data-test-app-aware-link=\"\">ventaslegallexglobal@gmail.com<\/a><br \/>\nHacemos env\u00edos a todo Chile \u2013 Starken o Correos Chile \/ Te esperamos<\/p>\n","protected":false},"featured_media":2043,"comment_status":"open","ping_status":"closed","template":"","meta":{"inline_featured_image":false,"_joinchat":[]},"product_brand":[],"product_cat":[26,41],"product_tag":[],"class_list":{"0":"post-1991","1":"product","2":"type-product","3":"status-publish","4":"has-post-thumbnail","6":"product_cat-derecho","7":"product_cat-laboral","9":"first","10":"instock","11":"shipping-taxable","12":"purchasable","13":"product-type-simple"},"_links":{"self":[{"href":"https:\/\/bibliotecajuridicavirtual.cl\/index.php\/wp-json\/wp\/v2\/product\/1991","targetHints":{"allow":["GET"]}}],"collection":[{"href":"https:\/\/bibliotecajuridicavirtual.cl\/index.php\/wp-json\/wp\/v2\/product"}],"about":[{"href":"https:\/\/bibliotecajuridicavirtual.cl\/index.php\/wp-json\/wp\/v2\/types\/product"}],"replies":[{"embeddable":true,"href":"https:\/\/bibliotecajuridicavirtual.cl\/index.php\/wp-json\/wp\/v2\/comments?post=1991"}],"wp:featuredmedia":[{"embeddable":true,"href":"https:\/\/bibliotecajuridicavirtual.cl\/index.php\/wp-json\/wp\/v2\/media\/2043"}],"wp:attachment":[{"href":"https:\/\/bibliotecajuridicavirtual.cl\/index.php\/wp-json\/wp\/v2\/media?parent=1991"}],"wp:term":[{"taxonomy":"product_brand","embeddable":true,"href":"https:\/\/bibliotecajuridicavirtual.cl\/index.php\/wp-json\/wp\/v2\/product_brand?post=1991"},{"taxonomy":"product_cat","embeddable":true,"href":"https:\/\/bibliotecajuridicavirtual.cl\/index.php\/wp-json\/wp\/v2\/product_cat?post=1991"},{"taxonomy":"product_tag","embeddable":true,"href":"https:\/\/bibliotecajuridicavirtual.cl\/index.php\/wp-json\/wp\/v2\/product_tag?post=1991"}],"curies":[{"name":"wp","href":"https:\/\/api.w.org\/{rel}","templated":true}]}}