{"id":2015,"date":"2026-02-28T00:57:33","date_gmt":"2026-02-28T03:57:33","guid":{"rendered":"https:\/\/bibliotecajuridicavirtual.cl\/?post_type=product&#038;p=2015"},"modified":"2026-02-28T00:57:45","modified_gmt":"2026-02-28T03:57:45","slug":"codigo-organico-de-tribunales-enj-edicion-actualizada-ano-2025-153-pag","status":"publish","type":"product","link":"https:\/\/bibliotecajuridicavirtual.cl\/index.php\/product\/codigo-organico-de-tribunales-enj-edicion-actualizada-ano-2025-153-pag\/","title":{"rendered":"C\u00f3digo Org\u00e1nico de Tribunales (ENJ) &#8211; edici\u00f3n actualizada a\u00f1o 2025 \/ 153 P\u00e1g."},"content":{"rendered":"<p>Texto completo del C\u00f3digo Org\u00e1nico de Tribunales m\u00e1s un Ap\u00e9ndice con las siguientes normas:<\/p>\n<p>Ley N\u00b0 18.287, Establece procedimiento ante los Juzgados de Polic\u00eda Local.<\/p>\n<p>Decreto Supremo N\u00b0 307, fija el texto refundido, coordinado y sistematizado de la Ley N\u00b0 15.231, sobre Organizaci\u00f3n y Atribuciones de los Jueces de Polic\u00eda Local.<\/p>\n<p>Auto Acordado de la Corte Suprema, sobre tramitaci\u00f3n y fallo de los recursos de queja.<\/p>\n<p>Auto Acordado de la Corte Suprema, que distribuye las materias de que conocen las Salas especializadas de la Corte Suprema durante el funcionamiento ordinario y extraordinario.<\/p>\n","protected":false},"excerpt":{"rendered":"<p>Buscas un libro Jur\u00eddico.? Lo puedes encontrar en nuestra tienda virtual.<br \/>\nContamos con prestigiosos autores y muchas alternativas en sus diferentes materias al igual que grandes descuentos.!<br \/>\nVis\u00edtanos en www.bibliotecajuridicavirtual.cl<br \/>\nEscr\u00edbenos al +56930565235 \/ <a class=\"WcRvzJTaEdcTWnOLcEpRJjmseBruSnnDRXsNZM \" href=\"mailto:ventaslegallexglobal@gmail.com\" target=\"_self\" data-test-app-aware-link=\"\">ventaslegallexglobal@gmail.com<\/a><br \/>\nHacemos env\u00edos a todo Chile \u2013 Starken o Correos Chile \/ Te esperamos.<\/p>\n","protected":false},"featured_media":2045,"comment_status":"open","ping_status":"closed","template":"","meta":{"inline_featured_image":false,"_joinchat":[]},"product_brand":[],"product_cat":[27,33,26,39],"product_tag":[],"class_list":{"0":"post-2015","1":"product","2":"type-product","3":"status-publish","4":"has-post-thumbnail","6":"product_cat-civil","7":"product_cat-constitucional","8":"product_cat-derecho","9":"product_cat-procesal-civil","11":"first","12":"instock","13":"shipping-taxable","14":"purchasable","15":"product-type-simple"},"_links":{"self":[{"href":"https:\/\/bibliotecajuridicavirtual.cl\/index.php\/wp-json\/wp\/v2\/product\/2015","targetHints":{"allow":["GET"]}}],"collection":[{"href":"https:\/\/bibliotecajuridicavirtual.cl\/index.php\/wp-json\/wp\/v2\/product"}],"about":[{"href":"https:\/\/bibliotecajuridicavirtual.cl\/index.php\/wp-json\/wp\/v2\/types\/product"}],"replies":[{"embeddable":true,"href":"https:\/\/bibliotecajuridicavirtual.cl\/index.php\/wp-json\/wp\/v2\/comments?post=2015"}],"wp:featuredmedia":[{"embeddable":true,"href":"https:\/\/bibliotecajuridicavirtual.cl\/index.php\/wp-json\/wp\/v2\/media\/2045"}],"wp:attachment":[{"href":"https:\/\/bibliotecajuridicavirtual.cl\/index.php\/wp-json\/wp\/v2\/media?parent=2015"}],"wp:term":[{"taxonomy":"product_brand","embeddable":true,"href":"https:\/\/bibliotecajuridicavirtual.cl\/index.php\/wp-json\/wp\/v2\/product_brand?post=2015"},{"taxonomy":"product_cat","embeddable":true,"href":"https:\/\/bibliotecajuridicavirtual.cl\/index.php\/wp-json\/wp\/v2\/product_cat?post=2015"},{"taxonomy":"product_tag","embeddable":true,"href":"https:\/\/bibliotecajuridicavirtual.cl\/index.php\/wp-json\/wp\/v2\/product_tag?post=2015"}],"curies":[{"name":"wp","href":"https:\/\/api.w.org\/{rel}","templated":true}]}}