{"id":2084,"date":"2026-02-28T00:58:19","date_gmt":"2026-02-28T03:58:19","guid":{"rendered":"https:\/\/bibliotecajuridicavirtual.cl\/?post_type=product&#038;p=2084"},"modified":"2026-02-28T00:58:36","modified_gmt":"2026-02-28T03:58:36","slug":"codigo-de-comercio-jose-ignacio-diaz-villalobos-edicion-actualizada-ano-2025-1-380-pag","status":"publish","type":"product","link":"https:\/\/bibliotecajuridicavirtual.cl\/index.php\/product\/codigo-de-comercio-jose-ignacio-diaz-villalobos-edicion-actualizada-ano-2025-1-380-pag\/","title":{"rendered":"C\u00f3digo de Comercio  &#8211; Jos\u00e9 Ignacio Diaz Villalobos &#8211; edici\u00f3n actualizada a\u00f1o 2025, 1.380 P\u00e1g."},"content":{"rendered":"<p class=\"thomsonreuterscl-dynamic-description-0-x-dynamicDescriptionItem\"><img decoding=\"async\" class=\"emoji\" role=\"img\" draggable=\"false\" src=\"https:\/\/s.w.org\/images\/core\/emoji\/14.0.0\/svg\/2714.svg\" alt=\"\u2714\" \/>\u00a0Respaldo de un Director. Cada c\u00f3digo cuenta con la supervisi\u00f3n de un destacado abogado en la materia, quien revisa las normas que componen el ap\u00e9ndice, concordancias, t\u00edtulos de art\u00edculos e \u00edndice tem\u00e1tico.<\/p>\n<p class=\"thomsonreuterscl-dynamic-description-0-x-dynamicDescriptionItem\"><img decoding=\"async\" class=\"emoji\" role=\"img\" draggable=\"false\" src=\"https:\/\/s.w.org\/images\/core\/emoji\/14.0.0\/svg\/2714.svg\" alt=\"\u2714\" \/>\u00a0Ap\u00e9ndice normativo. Compilaci\u00f3n y sistematizaci\u00f3n de normas complementarias al c\u00f3digo, indispensables para el ejercicio profesional.<\/p>\n<p class=\"thomsonreuterscl-dynamic-description-0-x-dynamicDescriptionItem\"><img decoding=\"async\" class=\"emoji\" role=\"img\" draggable=\"false\" src=\"https:\/\/s.w.org\/images\/core\/emoji\/14.0.0\/svg\/2714.svg\" alt=\"\u2714\" \/>\u00a0T\u00edtulos en cada art\u00edculo del c\u00f3digo y del ap\u00e9ndice. Representan una breve descripci\u00f3n de su contenido.<\/p>\n<p class=\"thomsonreuterscl-dynamic-description-0-x-dynamicDescriptionItem\"><img decoding=\"async\" class=\"emoji\" role=\"img\" draggable=\"false\" src=\"https:\/\/s.w.org\/images\/core\/emoji\/14.0.0\/svg\/2714.svg\" alt=\"\u2714\" \/>\u00a0Concordancias. Correlacionan art\u00edculos del mismo c\u00f3digo o con otras normas, cuando tratan materias similares.<\/p>\n<p class=\"thomsonreuterscl-dynamic-description-0-x-dynamicDescriptionItem\"><img decoding=\"async\" class=\"emoji\" role=\"img\" draggable=\"false\" src=\"https:\/\/s.w.org\/images\/core\/emoji\/14.0.0\/svg\/2714.svg\" alt=\"\u2714\" \/>\u00a0\u00cdndice tem\u00e1tico. Relaciona t\u00e9rminos jur\u00eddicos, contenidos en este c\u00f3digo, con el n\u00famero del art\u00edculo en que se encuentra tratado el concepto.<\/p>\n<p class=\"thomsonreuterscl-dynamic-description-0-x-dynamicDescriptionItem\"><img decoding=\"async\" class=\"emoji\" role=\"img\" draggable=\"false\" src=\"https:\/\/s.w.org\/images\/core\/emoji\/14.0.0\/svg\/2714.svg\" alt=\"\u2714\" \/>\u00a0Articulado y ap\u00e9ndice actualizados. Todos los art\u00edculos est\u00e1n actualizados hasta la fecha de cierre de la edici\u00f3n de este c\u00f3digo.<\/p>\n<section id=\"tomoII\">\n<div id=\"abstract\">\n<p class=\"IG_IndiceGeneral\" lang=\"es-ES\"><strong>\u00cdndice del C\u00f3digo de comercio<\/strong><\/p>\n<p class=\"IG_1\" lang=\"es-ES\">\u2013 Texto completo del C\u00f3digo de comercio<\/p>\n<p class=\"IG_IndiceGeneral\" lang=\"es-ES\">Ap\u00e9ndice<\/p>\n<p class=\"IG_1\" lang=\"es-ES\"><span class=\"CharOverride-1\" lang=\"\">\u2013 Ley N\u00ba 20.720. Sustituye el R\u00e9gimen Concursal vigente por una Ley de Reorganizaci\u00f3n y Liquidaci\u00f3n de Empresas y Personas, y perfecciona el rol de la Superintendencia del ramo (D.O. de 9 de enero de 2014)<\/span><\/p>\n<p class=\"IG_1\" lang=\"es-ES\"><span class=\"CharOverride-1\" lang=\"\">\u2013 Reglamento para el Registro de Comercio<\/span><\/p>\n<p class=\"IG_1\" lang=\"es-ES\"><span class=\"CharOverride-1\" lang=\"\">\u2013 Ley N\u00ba 18.046. Ley sobre Sociedades An\u00f3nimas (D.O. de 22 de octubre de 1981)<\/span><\/p>\n<p class=\"IG_1\" lang=\"es-ES\"><span class=\"CharOverride-1\" lang=\"\">\u2013 Decreto Supremo N\u00ba 702. Aprueba nuevo Reglamento de Sociedades An\u00f3nimas (D.O. de 6 de julio de 2012)<\/span><\/p>\n<p class=\"IG_1\" lang=\"es-ES\"><span class=\"CharOverride-1\" lang=\"\">\u2013 Ley N\u00ba 3.918. Ley sobre Sociedades de Responsabilidad Limitada (D.O. de 14 de marzo de 1923)<\/span><\/p>\n<p class=\"IG_1\" lang=\"es-ES\"><span class=\"CharOverride-1\" lang=\"\">\u2013 Ley N\u00ba 19.857. Autoriza el establecimiento de empresas individuales de responsabilidad limitada (D.O. de 11 de febrero de 2003)<\/span><\/p>\n<p class=\"IG_1\" lang=\"es-ES\"><span class=\"CharOverride-1\" lang=\"\">\u2013 Ley N\u00ba 19.499. Establece normas sobre saneamiento de vicios de nulidad de sociedades y modifica C\u00f3digo de Comercio y otros cuerpos legales (D.O. de 11 de abril de 1997)<\/span><\/p>\n<p class=\"IG_1\" lang=\"es-ES\"><span class=\"CharOverride-1\" lang=\"\">\u2013 Ley N\u00ba 20.659. Simplifica el R\u00e9gimen de Constituci\u00f3n, Modificaci\u00f3n y Disoluci\u00f3n de las Sociedades Comerciales (D.O. de 8 de febrero de 2013)<\/span><\/p>\n<p class=\"IG_1\" lang=\"es-ES\"><span class=\"CharOverride-1\" lang=\"\">\u2013 Decreto N\u00ba 83. Aprueba nuevo reglamento de la Ley N\u00ba 20.659, que simplifica el R\u00e9gimen de Constituci\u00f3n, Modificaci\u00f3n y Disoluci\u00f3n de las Sociedades Comerciales (D.O. de 25 de agosto de 2022)<\/span><\/p>\n<p class=\"IG_1\" lang=\"es-ES\"><span class=\"CharOverride-1\" lang=\"\">\u2013 Ley N\u00ba 18.045. Ley de Mercado de Valores (D.O. de 22 de octubre de 1981)<\/span><\/p>\n<p class=\"IG_1\" lang=\"es-ES\"><span class=\"CharOverride-1\" lang=\"\">\u2013 Decreto Ley N\u00ba 3.538. Crea la Comisi\u00f3n para el Mercado Financiero (D.O. de 23 de febrero de 2017 y su rectificaci\u00f3n el 4 de marzo de 2017)<\/span><\/p>\n<p class=\"IG_1\" lang=\"es-ES\"><span class=\"CharOverride-1\" lang=\"\">\u2013 Decreto con Fuerza de Ley N\u00ba 251. Decreto con fuerza de ley sobre Compa\u00f1\u00edas de Seguros, Sociedades An\u00f3nimas y Bolsas de Comercio (D.O. de 22 de mayo de 1931)<\/span><\/p>\n<p class=\"IG_1\" lang=\"es-ES\"><span class=\"CharOverride-1\" lang=\"\">\u2013 Ley N\u00ba 18.092. Dicta nuevas normas sobre letra de cambio y pagar\u00e9 y deroga disposiciones del C\u00f3digo de Comercio (D.O. de 14 de enero de 1982)<\/span><\/p>\n<p class=\"IG_1\" lang=\"es-ES\"><span class=\"CharOverride-1\" lang=\"\">\u2013 Decreto con Fuerza de Ley N\u00ba 707. Fija texto refundido, coordinado y sistematizado de la Ley sobre Cuentas Corrientes Bancarias y Cheques (D.O. de 7 de octubre de 1982)<\/span><\/p>\n<p class=\"IG_1\" lang=\"es-ES\"><span class=\"CharOverride-1\" lang=\"\">\u2013 Ley N\u00ba 19.983. Regula la transferencia y otorga m\u00e9rito ejecutivo a copia de la factura (D.O. de 15 de diciembre de 2004)<\/span><\/p>\n<p class=\"IG_1\" lang=\"es-ES\"><span class=\"CharOverride-1\" lang=\"\">\u2013 Ley N\u00ba 18.552. Regula tratamiento de t\u00edtulos de cr\u00e9dito (D.O. de 20 de septiembre de 1986)<\/span><\/p>\n<p class=\"IG_1\" lang=\"es-ES\"><span class=\"CharOverride-1\" lang=\"\">\u2013 Ley N\u00ba 4.287. Ley sobre Prenda de Valores Mobiliarios a favor de los Bancos (D.O. de 23 y 29 de febrero de 1928)<\/span><\/p>\n<p class=\"IG_1\" lang=\"es-ES\"><span class=\"CharOverride-1\" lang=\"\">\u2013 Ley N\u00ba 18.010. Establece normas para las operaciones de cr\u00e9dito y otras obligaciones de dinero que indica (D.O. de 27 de junio de 1981)<\/span><\/p>\n<p class=\"IG_1\" lang=\"es-ES\"><span class=\"CharOverride-1\" lang=\"\">\u2013 Decreto con Fuerza de Ley N\u00ba 3. Fija texto refundido, sistematizado y concordado de la Ley General de Bancos y de otros Cuerpos Legales que se indican (D.O. de 19 de diciembre de 1997)<\/span><\/p>\n<p class=\"IG_1\" lang=\"es-ES\"><span class=\"CharOverride-1\" lang=\"\">\u2013 Decreto con Fuerza de Ley N\u00ba 3. Fija texto refundido, coordinado y sistematizado de la Ley N\u00ba 19.496, que establece Normas sobre Protecci\u00f3n de los Derechos de los Consumidores (D.O. de 31 de mayo de 2021)<\/span><\/p>\n<p class=\"IG_1\" lang=\"es-ES\"><span class=\"CharOverride-1\" lang=\"\">\u2013 Decreto N\u00ba 84. Aprueba Reglamento que regula la Mediaci\u00f3n, Conciliaci\u00f3n y Arbitraje en materias de consumo, de conformidad con lo dispuesto por la Ley N\u00ba 19.496, sobre Protecci\u00f3n de los Derechos de los Consumidores (D.O. de 13 de diciembre de 2022)<\/span><\/p>\n<p class=\"IG_1\" lang=\"es-ES\"><span class=\"CharOverride-1\" lang=\"\">MODIFICACIONES INCORPORADAS A ESTA EDICI\u00d3N<\/span><\/p>\n<p class=\"IG_1\" lang=\"es-ES\"><span class=\"CharOverride-1\" lang=\"\">\u00cdNDICE TEM\u00c1TICO<\/span><\/p>\n<p class=\"IG_1\" lang=\"es-ES\"><span class=\"CharOverride-1\" lang=\"\">C\u00d3MO ACCEDER A ESTE LIBRO DIGITAL A TRAV\u00c9S DE THOMSON REUTERS PROVIEW<\/span><\/p>\n<\/div>\n<\/section>\n<section id=\"salto\">\n<div id=\"abstract\">\n<p class=\"IG_IndiceGeneral\" lang=\"es-ES\">Modificaciones incorporadas a esta edici\u00f3n<\/p>\n<p class=\"IG_Texto\" lang=\"es-ES\">Modificaciones introducidas en el per\u00edodo comprendido entre el 1 de febrero de 2002 y el 3 de enero de 2025:<\/p>\n<p class=\"IG_Texto\" lang=\"es-ES\"><span class=\"TextoI\" lang=\"\">\u2013 El art\u00edculo tercero de la Ley N\u00ba 21.719, publicada en el Diario Oficial de 13 de diciembre de 2024, suprime el art\u00edculo 15 bis del Decreto con Fuerza de Ley N\u00ba 3, que Fija texto refundido, coordinado y sistematizado de la Ley N\u00ba 19.496, que establece normas sobre protecci\u00f3n de los derechos de los consumidores.<\/span><\/p>\n<p class=\"IG_Texto\" lang=\"es-ES\"><span class=\"TextoI\" lang=\"\">\u2013 El art\u00edculo \u00fanico de la Ley N\u00ba 21.708, publicada en el Diario Oficial de 15 de noviembre de 2024, modifica el art\u00edculo 30 del Decreto con Fuerza de Ley N\u00ba 3, que Fija texto refundido, coordinado y sistematizado de la Ley N\u00ba 19.496, que establece normas sobre protecci\u00f3n de los derechos de los consumidores.<\/span><\/p>\n<p class=\"IG_Texto\" lang=\"es-ES\"><span class=\"TextoI\" lang=\"\">\u2013 El art\u00edculo 15 de la Ley N\u00ba 21.713, publicada en el Diario Oficial de 24 de octubre de 2024, modifica el art\u00edculo 154 del Decreto con Fuerza de Ley N\u00ba 3, que Fija texto refundido, sistematizado y concordado de la Ley General de Bancos.<\/span><\/p>\n<p class=\"IG_Texto\" lang=\"es-ES\"><span class=\"TextoI\" lang=\"\">\u2013 El art\u00edculo \u00fanico de la Ley\u00a0N\u00ba\u00a021.695, publicada en el Diario Oficial de 10 de octubre de 2024, modifica los art\u00edculos\u00a012\u00a0C y 12\u00a0D del Decreto con Fuerza de Ley\u00a0N\u00ba\u00a03, que Fija texto refundido, coordinado y sistematizado de la Ley\u00a0N\u00ba\u00a019.496, que establece normas sobre protecci\u00f3n de los derechos de los consumidores.<\/span><\/p>\n<p class=\"IG_Texto\" lang=\"es-ES\"><span class=\"TextoI\" lang=\"\">\u2013 El art\u00edculo octavo de la Ley\u00a0N\u00ba\u00a021.694, publicada en el Diario Oficial de 4 de septiembre de 2024, modifica el art\u00edculo\u00a0154 del Decreto con Fuerza de Ley\u00a0N\u00ba\u00a03, que Fija texto refundido, sistematizado y concordado de la Ley General de Bancos.<\/span><\/p>\n<p class=\"IG_Texto\" lang=\"es-ES\"><span class=\"TextoI\" lang=\"\">\u2013 El art\u00edculo\u00a02\u00ba de la Ley\u00a0N\u00ba\u00a021.673, publicada en el Diario Oficial de 30 de mayo de 2024, modifica el art\u00edculo\u00a090 del Decreto con Fuerza de Ley N\u00ba\u00a0251, sobre Compa\u00f1\u00edas de Seguros, Sociedades An\u00f3nimas y Bolsas de Comercio.<\/span><\/p>\n<p class=\"IG_Texto\" lang=\"es-ES\"><span class=\"TextoI\" lang=\"\">\u2013 El art\u00edculo\u00a03\u00ba de la Ley\u00a0N\u00ba\u00a021.673, publicada en el Diario Oficial de 30 de mayo de 2024, agrega un T\u00edtulo\u00a0IV, y el art\u00edculo\u00a037 de la Ley N\u00ba\u00a018.010, que establece normas para las operaciones de cr\u00e9dito y otras obligaciones de dinero que indica.<\/span><\/p>\n<p class=\"IG_Texto\" lang=\"es-ES\"><span class=\"TextoI\" lang=\"\">\u2013 El art\u00edculo\u00a01\u00ba de la Ley\u00a0N\u00ba\u00a021.641, publicada en el Diario Oficial de 30 de diciembre de 2023, modifica los art\u00edculos\u00a057 y 140 de la Ley\u00a0N\u00ba\u00a020.720, que Sustituye el r\u00e9gimen concursal vigente por una ley de reorganizaci\u00f3n y liquidaci\u00f3n de empresas y personas, y perfecciona el rol de la Superintendencia del ramo.<\/span><\/p>\n<p class=\"IG_Texto\" lang=\"es-ES\"><span class=\"TextoI\" lang=\"\">\u2013 El art\u00edculo\u00a02\u00ba de la Ley\u00a0N\u00ba\u00a021.641, publicada en el Diario Oficial de 30 de diciembre de 2023, modifica los art\u00edculos\u00a0116, 117 y 136 del Decreto con Fuerza de Ley\u00a0N\u00ba\u00a03, que Fija texto refundido, sistematizado y concordado de la Ley General de Bancos.<\/span><\/p>\n<p class=\"IG_Texto\" lang=\"es-ES\"><span class=\"TextoI\" lang=\"\">\u2013 El art\u00edculo\u00a08\u00ba de la Ley\u00a0N\u00ba\u00a021.641, publicada en el Diario Oficial de 30 de diciembre de 2023, modifica el art\u00edculo\u00a048 de la Ley\u00a0N\u00ba\u00a018.045, de Mercado de Valores.<\/span><\/p>\n<p class=\"IG_Texto\" lang=\"es-ES\"><span class=\"TextoI\" lang=\"\">\u2013 El art\u00edculo \u00fanico de la Ley\u00a0N\u00ba\u00a021.608, publicada en el Diario Oficial de 23 de septiembre de 2023, modifica el art\u00edculo\u00a0426 del C\u00f3digo de Comercio.<\/span><\/p>\n<p class=\"IG_Texto\" lang=\"es-ES\"><span class=\"TextoI\" lang=\"\">\u2013 El art\u00edculo\u00a051 de la Ley\u00a0N\u00ba\u00a021.595, publicada en el Diario Oficial de 17 de agosto de 2023, modifica los art\u00edculos\u00a0134 y 134\u00a0bis de la Ley\u00a0N\u00ba\u00a018.046, sobre Sociedades An\u00f3nimas.<\/span><\/p>\n<p class=\"IG_Texto\" lang=\"es-ES\"><span class=\"TextoI\" lang=\"\">\u2013 El art\u00edculo\u00a052 de la Ley\u00a0N\u00ba\u00a021.595, publicada en el Diario Oficial de 17 de agosto de 2023, modifica los art\u00edculos, 59, 60, 61, 62, 63, 85, 165, 166 y 241 de la Ley\u00a0N\u00ba\u00a018.045, de Mercado de Valores.<\/span><\/p>\n<p class=\"IG_Texto\" lang=\"es-ES\"><span class=\"TextoI\" lang=\"\">\u2013 El art\u00edculo\u00a05\u00ba de la Ley\u00a0N\u00ba\u00a021.582, publicada en el Diario Oficial de 7 de julio de 2023, modifica el art\u00edculo\u00a0122 de la Ley\u00a0N\u00ba\u00a020.720, que Sustituye el r\u00e9gimen concursal vigente por una ley de reorganizaci\u00f3n y liquidaci\u00f3n de empresas y personas, y perfecciona el rol de la Superintendencia del ramo.<\/span><\/p>\n<p class=\"IG_Texto\" lang=\"es-ES\"><span class=\"TextoI\" lang=\"\">\u2013 El art\u00edculo \u00fanico de la Ley\u00a0N\u00ba\u00a021.572, publicada en el Diario Oficial de 24 de mayo de 2023, modifica el art\u00edculo\u00a0156 del Decreto con Fuerza de Ley\u00a0N\u00ba\u00a03, que Fija texto refundido, sistematizado y concordado de la Ley General de Bancos.<\/span><\/p>\n<p class=\"IG_Texto\" lang=\"es-ES\"><span class=\"TextoI\" lang=\"\">\u2013 El art\u00edculo\u00a01\u00ba de la Ley\u00a0N\u00ba\u00a021.563, publicada en el Diario Oficial de 10 de mayo de 2023, modifica los art\u00edculos\u00a02\u00ba, 6\u00ba, 6\u00a0A), 6\u00a0B), 9\u00ba, 12, 13, 18, 25, 26, 30, 32, 37, 38, 40, 42, 50, 51, 52, 55, 56, 57, 58, 60\u00a0A), 61, 63, 66, 69, 70, 72, 73, 74, 77, 80, 85, 88, 94, 96\u00a0A), Cap\u00edtulo\u00a0III T\u00edtulo\u00a03 Ep\u00edgrafe, 102, 103, 104, 105, 106, 107, 108, 109, 110, 112, 113, 114, 115, 117, 118, 119, 120, 131, 169, 169\u00a0A), 182, 190, 194, 203, 247, 254, 255, Cap\u00edtulo\u00a0V, Ep\u00edgrafe, 260, 261, 262, 263, 264, 265, 266, 267, 268, 269, 272, 272\u00a0A), 272\u00a0B), Cap\u00edtulo\u00a0V T\u00edtulo\u00a0II Ep\u00edgrafe, 273, 273\u00a0A), 273\u00a0B), 274, 275, 277, 277\u00a0A), 277\u00a0B), 277\u00a0C), 277\u00a0D), 277\u00a0E), 277\u00a0F), 278, 278\u00a0A), 279, 279\u00a0A), 279\u00a0B), 281, 281\u00a0A), 281\u00a0B), Cap\u00edtulo\u00a0V T\u00edtulo\u00a02 P\u00e1rrafo 2 Ep\u00edgrafe, 282, 283, 284, 285, T\u00edtulo\u00a0III, 286, 286\u00a0A), 286\u00a0B), 286\u00a0C), 286\u00a0D), 286\u00a0E), 286\u00a0F), 286\u00a0G), 286\u00a0H), 286\u00a0I), 286\u00a0J), 286\u00a0K), 286\u00a0L), 286\u00a0M), 286\u00a0N), 286\u00a0\u00d1), 286\u00a0O), 286\u00a0P), 286\u00a0Q), 286\u00a0R), 286\u00a0S), 290, 337 y D\u00e9cimo tercero transitorio de la Ley\u00a0N\u00ba\u00a020.720, que Sustituye el r\u00e9gimen concursal vigente por una ley de reorganizaci\u00f3n y liquidaci\u00f3n de empresas y personas, y perfecciona el rol de la Superintendencia del ramo.<\/span><\/p>\n<p class=\"IG_Texto\" lang=\"es-ES\"><span class=\"TextoI\" lang=\"\">\u2013 El art\u00edculo\u00a032 de la Ley N\u00ba\u00a021.521, publicada en el Diario Oficial de 4 de enero de 2023, modifica los art\u00edculos\u00a04\u00ba, 5\u00ba, 6\u00ba, 8\u00ba ter, 10, 23, 24, 25, 26, 27, 28, 29, 30, 31, 36, 38, 39, 40, 41, 42, 250, 251, 252, 253 y 254 de la Ley N\u00ba\u00a018.045, de Mercado de Valores.<\/span><\/p>\n<p class=\"IG_Texto\" lang=\"es-ES\"><span class=\"TextoI\" lang=\"\">\u2013 El art\u00edculo\u00a033 de la Ley N\u00ba\u00a021.521, publicada en el Diario Oficial de 4 de enero de 2023, modifica los art\u00edculos\u00a02\u00ba, 126 y 127 de la Ley N\u00ba\u00a018.046, sobre Sociedades An\u00f3nimas.<\/span><\/p>\n<p class=\"IG_Texto\" lang=\"es-ES\"><span class=\"TextoI\" lang=\"\">\u2013 El art\u00edculo\u00a034 de la Ley N\u00ba\u00a021.521, publicada en el Diario Oficial de 4 de enero de 2023, modifica los art\u00edculos\u00a0430 y 507\u00a0bis del C\u00f3digo de Comercio.<\/span><\/p>\n<p class=\"IG_Texto\" lang=\"es-ES\"><span class=\"TextoI\" lang=\"\">\u2013 El art\u00edculo 37 de la Ley N\u00ba 21.521, publicada en el Diario Oficial de 4 de enero de 2023, modifica los art\u00edculos 2\u00ba, 37, 38, 74 y 155 del Decreto con Fuerza de Ley N\u00ba 3, que Fija texto refundido, sistematizado y concordado de la Ley General de Bancos.<\/span><\/p>\n<\/div>\n<\/section>\n<p class=\"thomsonreuterscl-dynamic-description-0-x-dynamicDescriptionItem\">Las modificaciones han sido incorporadas en los art\u00edculos y el sentido de estas, se explican en detalle en las notas al pie de p\u00e1gina.<\/p>\n<p class=\"thomsonreuterscl-dynamic-description-0-x-dynamicDescriptionItem\">En los casos de modificaciones con vigencia diferida, el nuevo texto se incluye en la nota del art\u00edculo correspondiente, contando el lector con la versi\u00f3n actual y con la futura.<\/p>\n<p class=\"thomsonreuterscl-dynamic-description-0-x-dynamicDescriptionItem\"><img decoding=\"async\" class=\"emoji\" role=\"img\" draggable=\"false\" src=\"https:\/\/s.w.org\/images\/core\/emoji\/14.0.0\/svg\/2714.svg\" alt=\"\u2714\" \/>\u00a0Listado hist\u00f3rico de modificaciones. Se presentan todos los cambios normativos, detallando la norma modificatoria, la modificada, y los art\u00edculos correspondientes.<\/p>\n<p class=\"thomsonreuterscl-dynamic-description-0-x-dynamicDescriptionItem\">Contempla las modificaciones introducidas desde el 1 de febrero del 2002 al 3 de enero de 2025.<\/p>\n","protected":false},"excerpt":{"rendered":"<p>Buscas un libro Jur\u00eddico.? Lo puedes encontrar en nuestra tienda virtual.<br \/>\nContamos con prestigiosos autores y muchas alternativas en sus diferentes materias al igual que grandes descuentos.! Vis\u00edtanos en <a class=\"SZPZpAPDAyijRClaXyBhVTlzKUCxMiFHpwYDY \" href=\"https:\/\/lnkd.in\/eiAG7jdZ\" target=\"_blank\" rel=\"noopener\" data-test-app-aware-link=\"\">https:\/\/lnkd.in\/eiAG7jdZ<\/a><br \/>\nEscr\u00edbenos al +56930565235 \/ <a class=\"SZPZpAPDAyijRClaXyBhVTlzKUCxMiFHpwYDY \" href=\"mailto:ventaslegallexglobal@gmail.com\" target=\"_self\" data-test-app-aware-link=\"\">ventaslegallexglobal@gmail.com<\/a><br \/>\nHacemos env\u00edos a todo Chile \u2013 Starken o Correos Chile \/ Te esperamos<\/p>\n","protected":false},"featured_media":2114,"comment_status":"open","ping_status":"closed","template":"","meta":{"inline_featured_image":false,"_joinchat":[]},"product_brand":[],"product_cat":[51],"product_tag":[],"class_list":{"0":"post-2084","1":"product","2":"type-product","3":"status-publish","4":"has-post-thumbnail","6":"product_cat-codigos-de-la-republica-de-chile-ano-2025","8":"first","9":"instock","10":"sale","11":"shipping-taxable","12":"purchasable","13":"product-type-simple"},"_links":{"self":[{"href":"https:\/\/bibliotecajuridicavirtual.cl\/index.php\/wp-json\/wp\/v2\/product\/2084","targetHints":{"allow":["GET"]}}],"collection":[{"href":"https:\/\/bibliotecajuridicavirtual.cl\/index.php\/wp-json\/wp\/v2\/product"}],"about":[{"href":"https:\/\/bibliotecajuridicavirtual.cl\/index.php\/wp-json\/wp\/v2\/types\/product"}],"replies":[{"embeddable":true,"href":"https:\/\/bibliotecajuridicavirtual.cl\/index.php\/wp-json\/wp\/v2\/comments?post=2084"}],"wp:featuredmedia":[{"embeddable":true,"href":"https:\/\/bibliotecajuridicavirtual.cl\/index.php\/wp-json\/wp\/v2\/media\/2114"}],"wp:attachment":[{"href":"https:\/\/bibliotecajuridicavirtual.cl\/index.php\/wp-json\/wp\/v2\/media?parent=2084"}],"wp:term":[{"taxonomy":"product_brand","embeddable":true,"href":"https:\/\/bibliotecajuridicavirtual.cl\/index.php\/wp-json\/wp\/v2\/product_brand?post=2084"},{"taxonomy":"product_cat","embeddable":true,"href":"https:\/\/bibliotecajuridicavirtual.cl\/index.php\/wp-json\/wp\/v2\/product_cat?post=2084"},{"taxonomy":"product_tag","embeddable":true,"href":"https:\/\/bibliotecajuridicavirtual.cl\/index.php\/wp-json\/wp\/v2\/product_tag?post=2084"}],"curies":[{"name":"wp","href":"https:\/\/api.w.org\/{rel}","templated":true}]}}