{"id":2088,"date":"2026-02-28T00:58:19","date_gmt":"2026-02-28T03:58:19","guid":{"rendered":"https:\/\/bibliotecajuridicavirtual.cl\/?post_type=product&#038;p=2088"},"modified":"2026-02-28T00:58:45","modified_gmt":"2026-02-28T03:58:45","slug":"causalidad-y-culpa-en-la-responsabilidad-civil-historia-y-dogmatica-edicion-ano-2019-256-pag","status":"publish","type":"product","link":"https:\/\/bibliotecajuridicavirtual.cl\/index.php\/product\/causalidad-y-culpa-en-la-responsabilidad-civil-historia-y-dogmatica-edicion-ano-2019-256-pag\/","title":{"rendered":"Causalidad y Culpa en la Responsabilidad Civil &#8211; Historia y Dogm\u00e1tica &#8211; edici\u00f3n a\u00f1o 2019 &#8211; 256 P\u00e1g."},"content":{"rendered":"<p style=\"font-weight: 400;\">La idea de publicar este libro en Colombia, se gest\u00f3 a partir de una serie de encuentros acad\u00e9micos acaecidos en Antofagasta y Valpara\u00edso en el a\u00f1o 2018 ambos producto del trabajo incansable y generosidad desbordante del profesor \u00c1lvaro Vidal Olivares, lo cual fue seguido de una serie de comunicaciones epistolares facilitadas por los modernos medios electr\u00f3nicos, donde se coincidi\u00f3 en una vieja idea consistente en fortalecer los hist\u00f3ricos lazos acad\u00e9micos entre Chile y Colombia, que se fundan en la propia adopci\u00f3n del C\u00f3digo Civil preparado por Andr\u00e9s Bello, base de la juridicidad de ambos pa\u00edses.<\/p>\n<p style=\"font-weight: 400;\">Estos lazos, otrora muy fuertes a partir de la influencia de la doctrina chilena cl\u00e1sica que durante d\u00e9cadas ha servido como faro a la doctrina y jurisprudencia colombiana y tambi\u00e9n como soporte para la ense\u00f1anza del Derecho civil, no deben ser abandonados so pretexto de mirar a otras culturas jur\u00eddicas. Si bien dentro del ejercicio de Derecho comparado es v\u00e1lido dirigirse hacia otros pa\u00edses y sistemas, lo es m\u00e1s aun cuando se comparten ra\u00edces, idioma, cultura y realidades sociales, pol\u00edticas y econ\u00f3micas semejantes y sobre todo cuando hay un aspecto que todav\u00eda dista mucho de ser abordado por la doctrina de ambos pa\u00edses, como estudiar la forma como ha sido adaptado y aplicado en ambos el C\u00f3digo de Bello.<\/p>\n<p style=\"font-weight: 400;\">La obra se compone de ocho cap\u00edtulos cuidadosamente seleccionados, que est\u00e1n basados en art\u00edculos publicados ya sea en revistas cient\u00edficas o en obras colectivas, los cuales no solamente han sido recogidos sistem\u00e1ticamente, sino que adem\u00e1s vienen acompa\u00f1ados por concordancias a las normas colombianas, con el fin de facilitar su lectura por parte del p\u00fablico nacional.<\/p>\n<ul>\n<li style=\"font-weight: 400;\"><b><strong> 1. LOS REQUISITOS DE LA LEX AQUILLA, CON ESPECIAL REFERENCIA AL DA\u00d1O. LECTURAS DESDE LAS DISTINTAS TEOR\u00cdAS SOBRE EL CAP\u00cdTULO TERCERO<\/strong><\/b><\/li>\n<li style=\"font-weight: 400;\">El cap\u00edtulo tercero como instrumento para la comprensi\u00f3n del problema de los requisitos de la lex aquilia y especialmente del da\u00f1o aquiliano: las distintas visionesII. Los requisitos del delito: una lectura desde el tercer cap\u00edtulo de la lex aquiliaIII. Especial referencia al da\u00f1o<br \/>\na. Plan<br \/>\nb. Concepto del da\u00f1o<br \/>\nc. El problema del principio id quod interest<\/p>\n<p>IV. Conclusiones<\/li>\n<\/ul>\n<ul>\n<li style=\"font-weight: 400;\"><b><strong>2. EL PROBLEMA DEL CONCEPTO DE LA CULPA EN LA LEX AQUILIA: UNA MIRADA FUNCIONAL<\/strong><\/b><\/li>\n<\/ul>\n<ol>\n<li style=\"font-weight: 400;\">Introducci\u00f3n: la culpa en el contexto de la lex aquilia<\/li>\n<li style=\"font-weight: 400;\">El concepto de la culpa: las distintas posiciones<br \/>\nA. La tesis objetivista: la culpa como mera imputabilidad o equivalente al nexo de causalidad<br \/>\nB. La culpa como negligencia<br \/>\nC. La culpa como falta<br \/>\n1. La contribuci\u00f3n de MacCormack<br \/>\n2. La tesis de Schipani<\/li>\n<\/ol>\n<p style=\"font-weight: 400;\">III. Nuestro punto de vista<\/p>\n<ol>\n<li style=\"font-weight: 400;\">La dicotom\u00eda responsabilidad objetiva-subjetiva, \u00bfadecuada para el derecho romano?<br \/>\nB. Las deficiencias de las tesis objetivista y subjetivista<br \/>\nC. El papel relacional de la culpa: sus v\u00ednculos con la causalidad<\/li>\n<\/ol>\n<ul>\n<li style=\"font-weight: 400;\"><b><strong> 3. LA CUESTI\u00d3N CAUSAL EN LA &#8220;LEX AQUILIA&#8221; Y SU SOLUCI\u00d3N MEDIANTE EL MECANISMO DE LA CULPA<\/strong><\/b><\/li>\n<\/ul>\n<ol>\n<li style=\"font-weight: 400;\">Causalidad en la &#8220;lex aquilia versus causalidad en el sistema moderno: una necesaria contextualizaci\u00f3n<\/li>\n<li style=\"font-weight: 400;\">El problema causal en el derecho romano: un esbozo<\/li>\n<\/ol>\n<p style=\"font-weight: 400;\">III. El desarrollo causal desde la regla &#8220;Damnum corpore corpori datum&#8221; y su evoluci\u00f3n<br \/>\nA. La regla &#8220;Damnum corpore corpori datum&#8221; para ambos cap\u00edtulos: el car\u00e1cter penal de la ley<br \/>\nB. &#8220;Occidere&#8221; versus &#8220;Causam mortis praestrare&#8221;: la evoluci\u00f3n en el cap\u00edtulo primero<br \/>\nC. El desarrollo decretal del cap\u00edtulo tercero en la perspectiva causal<\/p>\n<ol>\n<li style=\"font-weight: 400;\">Dificultades en la reinterpretaci\u00f3n de los verbos<br \/>\nA. En relaci\u00f3n con el cap\u00edtulo primero<br \/>\nb. En relaci\u00f3n con el cap\u00edtulo tercero<br \/>\nc. Las posibles soluciones y el rol de la culpa<\/li>\n<li style=\"font-weight: 400;\">El empleo general de la culpa para resolver problemas de causalidad<\/li>\n<li style=\"font-weight: 400;\">Conclusiones<\/li>\n<\/ol>\n<ul>\n<li style=\"font-weight: 400;\"><b><strong>4. LA FUNCI\u00d3N DE LA CULPA EN EL SISTEMA DE LA RESPONSABILIDAD CIVIL: UNA LECTURA DESDE EL DERECHO ROMANO ES POSIBLE<\/strong><\/b><\/li>\n<\/ul>\n<ol>\n<li style=\"font-weight: 400;\">La dimensi\u00f3n hist\u00f3rica de la culpa<br \/>\nA. la unicidad hist\u00f3rica-conceptual de la culpa<br \/>\nB. Una interpretaci\u00f3n hist\u00f3rica parad\u00f3jica<\/li>\n<li style=\"font-weight: 400;\">una mirada relacional a la culpa: Una reflexi\u00f3n desde el derecho romano<br \/>\nA. Las relaciones de la culpa con la antijuridicidad<br \/>\nB. Las relaciones de la culpa con la causalidad<\/li>\n<\/ol>\n<ul>\n<li style=\"font-weight: 400;\"><b><strong> 5. EL CONCEPTO DE CULPA AQUILIANA Y SU EVOLUCI\u00d3N EN LAS \u00daLTIMAS D\u00c9CADAS. DISTINTAS TEOR\u00cdAS<\/strong><\/b><\/li>\n<\/ul>\n<ol>\n<li style=\"font-weight: 400;\">El rol de la culpa en los sistemas modernos de responsabilidad civil<\/li>\n<li style=\"font-weight: 400;\">La tesis sobre el concepto de la culpa<br \/>\nA. Lo que envuelven las tesis sobre la culpa<br \/>\nB. La tesis psicol\u00f3gica, la culpa como vulneraci\u00f3n de la diligencia<br \/>\nC. El concepto \u00e9tico de la culpa: el juicio de culpa como reproche personal<br \/>\nD. La posici\u00f3n dogm\u00e1tica mayoritaria: la culpa como concepto normativo<\/li>\n<\/ol>\n<p style=\"font-weight: 400;\">III. Nuestro punto de vista<\/p>\n<ol>\n<li style=\"font-weight: 400;\">Necesaria aproximaci\u00f3n desde el fundamento: la culpa no es un reproche moral<br \/>\nB. La relaci\u00f3n de la culpa con el componente psicol\u00f3gico: el plano dogm\u00e1tico<\/li>\n<\/ol>\n<ul>\n<li style=\"font-weight: 400;\"><b><strong>6. \u00bfPOR QU\u00c9 EN LA CULPA NO HAY SIEMPRE UNA INFRACCI\u00d3N A UN DEBER DE CUIDADO?<\/strong><\/b><\/li>\n<\/ul>\n<ol>\n<li style=\"font-weight: 400;\">La construcci\u00f3n del modelo de conducta en la culpa<br \/>\nA. El concepto normativo de la culpa<br \/>\nb. \u00bfQu\u00e9 papel cumple el modelo?<br \/>\nc. \u00bfQu\u00e9 papel juega el juez en la construcci\u00f3n del modelo?<br \/>\nd. \u00bfUn deber de cuidado?<\/li>\n<\/ol>\n<ul>\n<li style=\"font-weight: 400;\"><b><strong> 7. EL TRATAMIENTO DOGM\u00c1TICO DE LA CULPA DE LA V\u00cdCTIMA EN LA RESPONSABILIDAD CIVIL: UN ENFOQUE DESDE LA IMPUTACI\u00d3N OBJETIVA<\/strong><\/b><\/li>\n<\/ul>\n<ol>\n<li style=\"font-weight: 400;\">Introducci\u00f3n: un antiguo problema jur\u00eddico<br \/>\nII. La culpa de la v\u00edctima, \u00bfun problema de culpa?<br \/>\nIII. La culpa de la v\u00edctima como exclusivo problema causal<br \/>\nIV. La lectura desde la imputaci\u00f3n objetiva<\/li>\n<\/ol>\n<ul>\n<li style=\"font-weight: 400;\"><b><strong> 8. LA CREACI\u00d3N DE RIESGOS NO PERMITIDOS EN LA IMPUTACI\u00d3N OBJETIVA: \u00bfUN PROBLEMA DE CULPA? HACIA UN SISTEMA FUNCIONAL<\/strong><\/b><\/li>\n<\/ul>\n<ol>\n<li style=\"font-weight: 400;\">Introducci\u00f3n<br \/>\nII. Causalidad versus causalidad jur\u00eddica<br \/>\nIII. La recepci\u00f3n de la imputaci\u00f3n objetiva en la responsabilidad civil<br \/>\nIV. La creaci\u00f3n de riesgo no permitido, \u00bfun problema de culpa?<\/li>\n<\/ol>\n","protected":false},"excerpt":{"rendered":"<p>Buscas un libro Jur\u00eddico.? Lo puedes encontrar en nuestra tienda virtual.<br \/>\nContamos con prestigiosos autores y muchas alternativas en sus diferentes materias al igual que grandes descuentos.! Vis\u00edtanos en <a class=\"DUFxffkzvZTzzBLKfodAUIaDUiVRMfGZkOxoaQ \" href=\"https:\/\/lnkd.in\/eiAG7jdZ\" target=\"_blank\" rel=\"noopener\" data-test-app-aware-link=\"\">https:\/\/lnkd.in\/eiAG7jdZ<\/a><br \/>\nEscr\u00edbenos al +56930565235 \/ <a class=\"DUFxffkzvZTzzBLKfodAUIaDUiVRMfGZkOxoaQ \" href=\"mailto:ventaslegallexglobal@gmail.com\" target=\"_self\" data-test-app-aware-link=\"\">ventaslegallexglobal@gmail.com<\/a><br \/>\nHacemos env\u00edos a todo Chile \u2013 Starken o Correos Chile \/ Te esperamos<\/p>\n","protected":false},"featured_media":2137,"comment_status":"open","ping_status":"closed","template":"","meta":{"inline_featured_image":false,"_joinchat":[]},"product_brand":[],"product_cat":[27,26],"product_tag":[],"class_list":{"0":"post-2088","1":"product","2":"type-product","3":"status-publish","4":"has-post-thumbnail","6":"product_cat-civil","7":"product_cat-derecho","9":"first","10":"instock","11":"shipping-taxable","12":"purchasable","13":"product-type-simple"},"_links":{"self":[{"href":"https:\/\/bibliotecajuridicavirtual.cl\/index.php\/wp-json\/wp\/v2\/product\/2088","targetHints":{"allow":["GET"]}}],"collection":[{"href":"https:\/\/bibliotecajuridicavirtual.cl\/index.php\/wp-json\/wp\/v2\/product"}],"about":[{"href":"https:\/\/bibliotecajuridicavirtual.cl\/index.php\/wp-json\/wp\/v2\/types\/product"}],"replies":[{"embeddable":true,"href":"https:\/\/bibliotecajuridicavirtual.cl\/index.php\/wp-json\/wp\/v2\/comments?post=2088"}],"wp:featuredmedia":[{"embeddable":true,"href":"https:\/\/bibliotecajuridicavirtual.cl\/index.php\/wp-json\/wp\/v2\/media\/2137"}],"wp:attachment":[{"href":"https:\/\/bibliotecajuridicavirtual.cl\/index.php\/wp-json\/wp\/v2\/media?parent=2088"}],"wp:term":[{"taxonomy":"product_brand","embeddable":true,"href":"https:\/\/bibliotecajuridicavirtual.cl\/index.php\/wp-json\/wp\/v2\/product_brand?post=2088"},{"taxonomy":"product_cat","embeddable":true,"href":"https:\/\/bibliotecajuridicavirtual.cl\/index.php\/wp-json\/wp\/v2\/product_cat?post=2088"},{"taxonomy":"product_tag","embeddable":true,"href":"https:\/\/bibliotecajuridicavirtual.cl\/index.php\/wp-json\/wp\/v2\/product_tag?post=2088"}],"curies":[{"name":"wp","href":"https:\/\/api.w.org\/{rel}","templated":true}]}}