{"id":2094,"date":"2026-02-28T00:58:19","date_gmt":"2026-02-28T03:58:19","guid":{"rendered":"https:\/\/bibliotecajuridicavirtual.cl\/?post_type=product&#038;p=2094"},"modified":"2026-02-28T00:58:49","modified_gmt":"2026-02-28T03:58:49","slug":"los-contratos-parte-general-jorge-lopez-santa-maria-actualizado-fabian-elorriaga-de-bonis-6ta-edicion-actualizada-2017-750-pag","status":"publish","type":"product","link":"https:\/\/bibliotecajuridicavirtual.cl\/index.php\/product\/los-contratos-parte-general-jorge-lopez-santa-maria-actualizado-fabian-elorriaga-de-bonis-6ta-edicion-actualizada-2017-750-pag\/","title":{"rendered":"Los Contratos &#8211; Parte General &#8211; Jorge Lopez Santa Mar\u00eda \/ Actualizado &#8211; Fabi\u00e1n Elorriaga De Bonis, 6ta. edici\u00f3n actualizada 2017 &#8211; 750 P\u00e1g."},"content":{"rendered":"<p>Esta obra sobre contratos es se\u00f1era en el \u00e1mbito del derecho privado nacional y extranjero.<br \/>\nPublicada en su primera edici\u00f3n en 1986, se ha mantenido ininterrumpidamente a disposici\u00f3n del p\u00fablico jur\u00eddico chileno hasta ahora, a trav\u00e9s de sucesivas ediciones actualizadas con la excelencia y el rigor propios del profesor Jorge L\u00f3pez Santa Mar\u00eda, rasgos que caracterizan su aporte intelectual a la investigaci\u00f3n jur\u00eddica. Desde entonces, esta obra ha sido permanentemente requerida por acad\u00e9micos, estudiantes, jueces y abogados, adquiriendo un valor que la distingue dentro de la especialidad.<br \/>\nEsta sexta edici\u00f3n ha sido revisada y ampliada, con igual rigor, por el profesor Fabi\u00e1n Elorriaga De Bonis. En ella se incorporan las \u00faltimas aportaciones doctrinarias, nacionales y extranjeras, y las resoluciones judiciales m\u00e1s recientes que inciden en cada uno de los t\u00f3picos de la obra, lo que la convierte en un texto plenamente vigente y de extraordinaria utilidad, tanto en Chile como en Iberoam\u00e9rica.<br \/>\nEl libro trata ampliamente de la noci\u00f3n del contrato a trav\u00e9s de la historia; de las clasificaciones y las categor\u00edas contractuales legales y doctrinarias; de todos los principios inspiradores de la contrataci\u00f3n; de la interpretaci\u00f3n de los contratos y de los efectos particulares de los contratos bilaterales, como la resoluci\u00f3n por incumplimiento, la excepci\u00f3n de contrato no cumplido y la doctrina del riesgo contractual.<br \/>\nPRIMERA PARTE<br \/>\nLA NOCI\u00d3N DE CONTRATO<br \/>\nCAP\u00cdTULO PRIMERO<br \/>\nEL CONCEPTO TRADICIONAL DE CONTRATO<br \/>\n1. Generalidades<br \/>\n2. El concepto del contrato en el C\u00f3digo Civil<br \/>\n3. Elementos de los contratos<br \/>\n4. Funciones econ\u00f3mica y social de los contratos<br \/>\n5. Subfunciones de los contratos<br \/>\nCAP\u00cdTULO SEGUNDO<br \/>\nAPROXIMACI\u00d3N HIST\u00d3RICA AL CONCEPTO DEL CONTRATO<br \/>\n6. Generalidades<br \/>\n7. Perspectiva del contrato en el Derecho griego de la antig\u00fcedad<br \/>\n8. Perspectiva general del contrato en el Derecho Romano. El m\u00e9todo jur\u00eddico en Roma<br \/>\nA. El contrato como relaci\u00f3n jur\u00eddica bilateral ya formada<br \/>\nB. Las ideas de Michel Villey<br \/>\n9. Perspectiva particular del contrato en el Derecho Romano<br \/>\nA. El consentimiento no es la base de las obligaciones contractuales<br \/>\nB. \u00bfSurgi\u00f3 primero el delito o el contrato?<br \/>\nC. Concepci\u00f3n amplia y concepci\u00f3n restringida del contrato en la \u00e9poca cl\u00e1sica D. El contrato en la \u00e9poca poscl\u00e1sica<br \/>\n10. El contrato en Roma seg\u00fan los estudios de Rouhette<br \/>\n\u00bfCu\u00e1l es la concepci\u00f3n del contrato que tuvieron los jurisconsultos?<br \/>\n11. Bosquejo de la \u00e9poca llamada del Derecho intermedio<br \/>\n12. El contrato en la Edad Media<br \/>\nA. La supuesta \u201cespiritualizaci\u00f3n\u201d del contrato en la Edad Media<br \/>\nB. El contrato nace y obliga en virtud del cumplimiento de las formas<br \/>\nC. La contrataci\u00f3n formalista de los pueblos germanos D. El surgimiento del consensualismo en Espa\u00f1a<br \/>\n13. El contrato en los tiempos modernos<br \/>\nCAP\u00cdTULO TERCERO<br \/>\nAPROXIMACI\u00d3N COMPARADA AL CONCEPTO DE CONTRATO<\/p>\n<p>14. Desarrollo y tutela del contrato en Inglaterra<br \/>\n15. Un aspecto especialmente relevante en el Derecho ingl\u00e9s de los contratos: la consideration<br \/>\n16. El contrato en el Derecho sovi\u00e9tico y en la Rusia actual<br \/>\n16 bis. El contrato en China<br \/>\nSEGUNDA PARTE<br \/>\nCLASIFICACIONES Y CATEGOR\u00cdAS CONTRACTUALES<br \/>\n17. Generalidades<br \/>\nCAP\u00cdTULO PRIMERO<br \/>\nCLASIFICACIONES DE LOS CONTRATOS FORMULADAS POR EL C\u00d3DIGO CIVIL<br \/>\n18. Contratos unilaterales y bilaterales<br \/>\n19. Contratos sinalagm\u00e1ticos imperfectos<br \/>\n20. Contratos plurilaterales o asociativos<br \/>\n21. Contratos gratuitos y onerosos<br \/>\n22. Contratos conmutativos y aleatorios<br \/>\n23. Contratos principales y accesorios<br \/>\n24. Contratos consensuales, solemnes y reales<br \/>\nCAP\u00cdTULO SEGUNDO<br \/>\nOTRAS CLASIFICACIONES DE LOS CONTRATOS<br \/>\n25. Contratos nominados o t\u00edpicos y contratos innominados o at\u00edpicos<br \/>\n26. Contratos de ejecuci\u00f3n instant\u00e1nea, de ejecuci\u00f3n diferida y de tracto sucesivo<br \/>\n26 bis. Los contratos relacionales o de larga duraci\u00f3n<br \/>\n27. Contratos individuales y contratos colectivos<br \/>\n28. Contratos libremente discutidos y contratos por adhesi\u00f3n<br \/>\n29. Naturaleza jur\u00eddica de la adhesi\u00f3n. Reglas especiales para interpretar el contrato de adhesi\u00f3n<br \/>\n30. Soluciones a los inconvenientes de la adhesi\u00f3n<br \/>\n31. Contratos preparatorios y contratos definitivos<br \/>\nCAP\u00cdTULO TERCERO<br \/>\nCATEGOR\u00cdAS CONTRACTUALES<br \/>\n32. El contrato dirigido<br \/>\n33. El contrato forzoso<br \/>\nA. Aspectos generales<br \/>\nB. Casos de contratos forzosos ortodoxos en la legislaci\u00f3n chilena<br \/>\nC. Casos de contratos forzosos heterodoxos en la legislaci\u00f3n chilena D. Fallos chilenos que acogen la categor\u00eda del contrato forzoso<br \/>\nE. Car\u00e1cter propiamente contractual de los contratos forzosos<br \/>\nF. Supremac\u00eda de la obligaci\u00f3n contractual sobre la obligaci\u00f3n legal<br \/>\n34. El contrato tipo. Condiciones generales de la contrataci\u00f3n. Estandarizaci\u00f3n contractual. Contratos en masa. Protecci\u00f3n del consumidor<br \/>\nA. Contrato tipo y condiciones generales de la contrataci\u00f3n<br \/>\nB. Protecci\u00f3n del consumidor. En especial frente a cl\u00e1usulas abusivas en contratos celebrados masivamente<br \/>\na) Aspectos generales<br \/>\nb) La noci\u00f3n de consumidor<br \/>\nc) \u00c1mbito de protecci\u00f3n del consumidor<br \/>\nd) Cl\u00e1usulas y contratos ineficaces<br \/>\ne) La contrataci\u00f3n electr\u00f3nica<br \/>\n35. El contrato-ley<br \/>\n36. El subcontrato<br \/>\n37. El auto contrato<br \/>\n38. El contrato por persona a nombrar y el contrato por cuenta de quien corresponda<br \/>\n38 bis. El contrato llave en mano o turnkey contract<br \/>\nTERCERA PARTE<br \/>\nPRINCIPIOS FUNDAMENTALES DE LA CONTRATACI\u00d3N<br \/>\nCAP\u00cdTULO PRIMERO<br \/>\nLA AUTONOM\u00cdA DE LA VOLUNTAD<br \/>\n39. La doctrina de la autonom\u00eda de la voluntad, cimiento del enfoque tradicional de la contrataci\u00f3n. Proyecciones<br \/>\n40. Examen de los principales fundamentos de la autonom\u00eda de la voluntad. Bosquejo de cr\u00edticas<br \/>\nA. Fundamento filos\u00f3fico<br \/>\nB. Fundamento econ\u00f3mico<br \/>\nCAP\u00cdTULO SEGUNDO<br \/>\nEL PRINCIPIO DEL CONSENSUALISMO CONTRACTUAL Y SU DETERIORO<br \/>\n41. Recapitulaci\u00f3n y subclasificaci\u00f3n de los contratos consensuales<br \/>\n42. Excepciones y atenuantes al principio del consensualismo contractual<br \/>\nA. Los contratos solemnes y reales<br \/>\nB. Las formalidades habilitantes<br \/>\nC. Las formalidades de publicidad D. Las formalidades de prueba<br \/>\nE. Las formalidades convencionales<br \/>\nF. Las formalidades at\u00edpicas<br \/>\n43. Ventajas del formalismo. Reflexiones de Ihering<br \/>\nCAP\u00cdTULO TERCERO<br \/>\nEL PRINCIPIO DE LA LIBERTAD CONTRACTUAL Y SU DETERIORO<br \/>\n44. Planteamiento general y remisiones<br \/>\n44 bis. La libertad contractual en la jurisprudencia reciente<br \/>\nCAP\u00cdTULO CUARTO<br \/>\nEL PRINCIPIO DE LA FUERZA OBLIGATORIA DE LOS CONTRATOS<br \/>\n45. Fuerza obligatoria del contrato. Ley y contrato<br \/>\n46. Fundamentos de la fuerza obligatoria de los contratos<br \/>\nA. Concepci\u00f3n voluntarista tradicional<br \/>\nB. Concepci\u00f3n idealista de Gounot<br \/>\nC. Ideas de Giorgi D. Hans Kelsen<br \/>\nE. Sincretismo de Ghestin<\/p>\n<p>F. Observaci\u00f3n metodol\u00f3gica<br \/>\n47. La fuerza obligatoria de los contratos frente al legislador<br \/>\nA. Derecho chileno hoy vigente<br \/>\nB. Cr\u00edtica de la situaci\u00f3n privilegiada en que hoy se encuentran los contratos en curso frente al legislador chileno<br \/>\n48. La fuerza obligatoria de los contratos frente al juez.<br \/>\nDoctrina de la imprevisi\u00f3n o de la variaci\u00f3n de las circunstancias vigentes al contratar<br \/>\n49. La revisi\u00f3n judicial de los contratos en curso y la resoluci\u00f3n por excesiva onerosidad sobreviniente<br \/>\nA. Tres posturas equivocadas en favor de la revisi\u00f3n judicial de los contratos<br \/>\nB. Tres posturas mejor fundadas en favor de la revisi\u00f3n judicial de los contratos<br \/>\nC. Resoluci\u00f3n por excesiva onerosidad sobrevenida D. Dos casos en que se acoge la imprevisi\u00f3n contractual<br \/>\n50. Adaptaci\u00f3n del contrato a las nuevas circunstancias, por acuerdo de las propias partes. La cl\u00e1usula hardship y otras t\u00e9cnicas de modificaci\u00f3n de lo pactado<br \/>\nA. T\u00e9cnicas estrictamente convencionales de adaptaci\u00f3n del contrato a las nuevas circunstancias<br \/>\nB. Reprogramaci\u00f3n voluntaria de los contratos facilitada por la autoridad<br \/>\n51. La terminaci\u00f3n del contrato o el agotamiento de su fuerza obligatoria<br \/>\n52. El recurso de casaci\u00f3n en el fondo por infracci\u00f3n de la ley del contrato<br \/>\nCAP\u00cdTULO QUINTO<br \/>\nEL PRINCIPIO DEL EFECTO RELATIVO DE LOS CONTRATOS. EFECTO RELATIVO Y EFECTO ABSOLUTO U OPONIBILIDAD DE LOS CONTRATOS<br \/>\n53. Generalidades<br \/>\n54. Sujetos concernidos por el principio del efecto relativo de los contratos<br \/>\nA. Las partes del contrato<br \/>\nB. Los terceros<br \/>\nC. Los causahabientes a t\u00edtulo singular D. Los acreedores de las partes del contrato<br \/>\nE. Codeudores solidarios e indivisibles<br \/>\n55. Excepciones al efecto relativo de los contratos. La estipulaci\u00f3n por otro<br \/>\nLa estipulaci\u00f3n a favor de otro<br \/>\nA. Noci\u00f3n y antecedentes<br \/>\nB. Naturaleza jur\u00eddica<br \/>\na) La teor\u00eda de la oferta<br \/>\nb) La teor\u00eda de la gesti\u00f3n de negocios ajenos<br \/>\nc) La teor\u00eda de la declaraci\u00f3n unilateral de voluntad<br \/>\nd) La teor\u00eda de la adquisici\u00f3n directa del derecho<br \/>\nC. Efectos de la estipulaci\u00f3n a favor de otro<br \/>\na) Efectos entre estipulante y prometiente<br \/>\nb) Efectos entre prometiente y beneficiario<br \/>\nc) Efectos entre estipulante y beneficiario<br \/>\n56. La promesa de hecho ajeno<br \/>\n57. El efecto reflejo o expansivo de los contratos<br \/>\nA. El efecto expansivo no es excepci\u00f3n al efecto relativo<br \/>\nB. Manifestaciones del efecto reflejo o expansivo de los contratos<br \/>\na) Acciones directas con base legal expl\u00edcita<br \/>\nb) Acciones directas sin base legal expl\u00edcita<br \/>\nc) La oponibilidad de un contrato por terceros a las partes en sede de responsabilidad civil extracontractual<br \/>\nd) La oponibilidad de un contrato por las partes a terceros<br \/>\n58. La inoponibilidad de los contratos<br \/>\nPrincipales motivos de inoponibilidad<br \/>\nA. Inoponibilidades por omisi\u00f3n de las formalidades de publicidad<br \/>\nB. Inoponibilidades por falta de fecha cierta<br \/>\nC. Inoponibilidades por falta de consentimiento D. Inoponibilidades derivadas de nulidades u otras causales de ineficacia de los actos jur\u00eddicos<br \/>\nE. Inoponibilidad en procedimientos concursales<br \/>\nF. Inoponibilidades por simulaci\u00f3n<br \/>\nG. Inoponibilidades por fraude<br \/>\n59. La simulaci\u00f3n de los contratos<br \/>\nA. Noci\u00f3n<br \/>\nB. Simulaci\u00f3n l\u00edcita e il\u00edcita<br \/>\nC. Simulaci\u00f3n absoluta y relativa D. Simulaci\u00f3n por fraude a la ley o por interposici\u00f3n de persona<br \/>\nE. Efectos de la simulaci\u00f3n<br \/>\na) Efectos entre las partes<br \/>\nb) Efectos respecto de terceros<br \/>\nF. Prueba de la simulaci\u00f3n<br \/>\nCAP\u00cdTULO SEXTO<br \/>\nEL PRINCIPIO DE LA BUENA FE CONTRACTUAL<br \/>\n60. Generalidades conceptuales<br \/>\n61. Buena fe subjetiva<br \/>\n62. Buena fe objetiva<br \/>\n63. Diversas manifestaciones de la buena fe objetiva<br \/>\nA. Los tratos preliminares<br \/>\nB. La celebraci\u00f3n del contrato<br \/>\nC. El cumplimiento o incumplimiento del contrato D. La interpretaci\u00f3n del contrato<br \/>\nE. La terminaci\u00f3n del contrato y relaciones pos-contractuales<br \/>\nF. Conclusi\u00f3n<br \/>\nCUARTA PARTE<br \/>\nINTERPRETACI\u00d3N DE LOS CONTRATOS<br \/>\n64. Generalidades<br \/>\nA. La labor interpretativa<br \/>\nB. Interpretaci\u00f3n, calificaci\u00f3n e integraci\u00f3n de los contratos<br \/>\nCAP\u00cdTULO PRIMERO<br \/>\nINTERPRETACI\u00d3N SUBJETIVA DE LOS CONTRATOS<br \/>\n\u00a7 1. La interpretaci\u00f3n concebida exclusivamente como una b\u00fasqueda de voluntad<br \/>\n65. El antiguo art\u00edculo 1156 del C\u00f3digo franc\u00e9s y el art\u00edculo 1560 del chileno en cuanto bases del sistema subjetivo de interpretaci\u00f3n contractual<br \/>\n66. C\u00f3mo descubrir la voluntad com\u00fan \u201cprobable\u201d de los contratantes. Circunstancias de la especie<\/p>\n<p>\u00a7 2. Condiciones necesarias para que haya lugar a interpretaci\u00f3n<br \/>\n67. La oscuridad del contrato como condici\u00f3n de la interpretaci\u00f3n. Historia del problema<br \/>\n68. El problema de la oscuridad del contrato ante la doctrina y la jurisprudencia m\u00e1s recientes<br \/>\n69. Conclusiones frente al problema de la oscuridad del contrato como requisito de la interpretaci\u00f3n<br \/>\n70. Causas de la contienda que toda interpretaci\u00f3n contractual presupone<br \/>\nA. Ambig\u00fcedad en el contrato<br \/>\nB. Oscuridad en el contrato<br \/>\nC. Los t\u00e9rminos del contrato son claros pero insuficientes D. Los t\u00e9rminos del contrato son claros pero excesivos<br \/>\nE. Los t\u00e9rminos son claros pero son usados de forma dudosa<br \/>\n\u00a7 3. Las reglas de interpretaci\u00f3n de los contratos<br \/>\n71. Definici\u00f3n y generalidades<br \/>\n72. Casos de interpretaci\u00f3n legal<br \/>\n73. Reglas de interpretaci\u00f3n relativas a los elementos intr\u00ednsecos del contrato<br \/>\nA. Regla de la armon\u00eda de las cl\u00e1usulas<br \/>\nB. Regla de la utilidad de las cl\u00e1usulas<br \/>\nC. Regla del sentido natural del contrato<br \/>\n74. Reglas de interpretaci\u00f3n relativas a los elementos extr\u00ednsecos del contrato<br \/>\nA. Aspectos generales<br \/>\nB. La situaci\u00f3n chilena<br \/>\na) Regla de la aplicaci\u00f3n restringida del texto contractual<br \/>\nb) Regla de la natural extensi\u00f3n de la declaraci\u00f3n<br \/>\nc) Regla de los otros contratos de las partes sobre igual materia<br \/>\nd) Regla de la interpretaci\u00f3n aut\u00e9ntica<br \/>\n75. Reglas subsidiarias de interpretaci\u00f3n contractual<br \/>\nA. Reglas de las cl\u00e1usulas usuales<br \/>\nB. Regla de la \u00faltima alternativa<br \/>\n76. Naturaleza de las reglas de interpretaci\u00f3n. \u00bfSon simples consejos o normas imperativas?<br \/>\n77. Reglas no legales de interpretaci\u00f3n contractual<br \/>\n\u00a7 4. Cr\u00edtica al sistema subjetivo de interpretaci\u00f3n contractual<br \/>\n78. El car\u00e1cter ficticio del sistema subjetivo de interpretaci\u00f3n<br \/>\n79. El car\u00e1cter individualista del sistema subjetivo de interpretaci\u00f3n contractual<br \/>\nCAP\u00cdTULO SEGUNDO<br \/>\nINTERPRETACI\u00d3N OBJETIVA DE LOS CONTRATOS<br \/>\n80. Las normas del C\u00f3digo Civil alem\u00e1n sobre interpretaci\u00f3n contractual. Par\u00e1grafos 133 y 157 del BGB. Willenstheorie y Erkl\u00e4rungstheorie<br \/>\n81. Las circunstancias ostensibles de la especie. Comparaci\u00f3n con el sistema subjetivo<br \/>\n82. El hombre razonable como criterio de la interpretaci\u00f3n objetiva<br \/>\n83. El int\u00e9rprete debe considerar los resultados econ\u00f3micos perseguidos por los contratantes. Reglas de la experiencia. S\u00edntesis del sistema objetivo de<br \/>\ninterpretaci\u00f3n<br \/>\n84. Los usos sociales. El lenguaje. Las circunstancias de tiempo, territorio y grupo a las que los usos se aplican<br \/>\n85. La buena fe en la interpretaci\u00f3n contractual objetiva<br \/>\n86. Conclusiones sobre sistemas de interpretaci\u00f3n contractual<br \/>\nCAP\u00cdTULO TERCERO<br \/>\nLA INTERPRETACI\u00d3N Y LA CALIFICACI\u00d3N DE LOS CONTRATOS FRENTE AL RECURSO DE CASACI\u00d3N EN EL FONDO<br \/>\n87. Consideraciones previas<br \/>\nA. La calificaci\u00f3n del contrato supone su previa interpretaci\u00f3n<br \/>\nB. Las cuestiones de hecho y de derecho<br \/>\n88. Casaci\u00f3n en el fondo por err\u00f3nea calificaci\u00f3n del contrato<br \/>\nJurisprudencia chilena<br \/>\n89. Casaci\u00f3n en el fondo por err\u00f3nea interpretaci\u00f3n del contrato<br \/>\nA. Improcedencia del recurso en el fondo por err\u00f3nea interpretaci\u00f3n contractual<br \/>\nJurisprudencia chilena<br \/>\nB. Improcedencia del recurso de casaci\u00f3n en el fondo, salvo desnaturalizaci\u00f3n del contrato<br \/>\na) La cuesti\u00f3n en Francia<br \/>\nb) La doctrina de Claro Solar<br \/>\nc) Jurisprudencia chilena<br \/>\nC. Amplia procedencia de la casaci\u00f3n en el fondo por err\u00f3nea interpretaci\u00f3n contractual<br \/>\nJurisprudencia chilena<br \/>\nQUINTA PARTE<br \/>\nEFECTOS PARTICULARES DE LOS CONTRATOS SINALAGM\u00c1TICOS<br \/>\n90. Panorama de los efectos particulares y fundamentaci\u00f3n<br \/>\n91. La excepci\u00f3n de contrato no cumplido<br \/>\nA. Noci\u00f3n<br \/>\nB. Requisitos<br \/>\nC. Efectos de la excepci\u00f3n de contrato no cumplido<br \/>\n92. La resoluci\u00f3n por inejecuci\u00f3n<br \/>\nA. Aspectos generales<br \/>\nB. La resoluci\u00f3n y las condiciones resolutorias<br \/>\nC. La necesidad de resoluci\u00f3n judicial D. Incumplimiento imputable<br \/>\nE. El problema de los incumplimientos parciales<br \/>\nF. Ausencia de mora del acreedor G. La posibilidad de enervar la resoluci\u00f3n<br \/>\nH. Las consecuencias de la resoluci\u00f3n contractual<br \/>\n93. La teor\u00eda de los riesgos<br \/>\nA. La noci\u00f3n de riesgo<br \/>\nB. La doctrina del riesgo contractual<br \/>\na) Planteamiento de la cuesti\u00f3n<br \/>\nb) Condiciones de procedencia<br \/>\ni. Existencia de un contrato bilateral<br \/>\nii. Contrato en curso<br \/>\niii. Caso fortuito sobreviniente<br \/>\nC. Criterios de soluci\u00f3n al problema de los riesgos<br \/>\na) Riesgos de cargo del acreedor (res perit creditori)<br \/>\nb) Riesgos de cargo del deudor (res perit debitori)<br \/>\nc) Riesgos de cargo del propietario (res perit domino) D. Situaci\u00f3n chilena<br \/>\na) La regla aparentemente general<br \/>\nb) Antecedentes de esta soluci\u00f3n<br \/>\nc) Apreciaci\u00f3n doctrinaria de esta soluci\u00f3n<br \/>\nE. Excepciones a la regla general del art\u00edculo 1550 del C\u00f3digo Civil<br \/>\ni. Obligaciones de hacer y no hacer<br \/>\nii. Mora del deudor<br \/>\niii. Compromiso de entrega a dos o m\u00e1s personas<br \/>\niv. Estipulaci\u00f3n de las partes<br \/>\nv. Arrendamiento<br \/>\nvi. Confecci\u00f3n de obra material<br \/>\nvii. Obligaciones condicionales<br \/>\nviii. Contrato de sociedad<br \/>\nix. Obligaciones de g\u00e9nero<br \/>\nx. Cosas que se venden a peso, cuenta o medida<br \/>\nxi. Ventas al gusto o prueba<br \/>\nxii. Ventas sobre muestras<br \/>\nxiii. Obligaciones alternativas<br \/>\nxiv. Compraventa mercantil<br \/>\nF. Derecho comparado<br \/>\n94. La cesi\u00f3n de contrato<br \/>\nA. Concepto<br \/>\nB. Requisitos<br \/>\nC. La naturaleza jur\u00eddica de la cesi\u00f3n de contrato D. Efectos<br \/>\nE. La cesi\u00f3n de contratos en Chile<\/p>\n","protected":false},"excerpt":{"rendered":"<p>Buscas un libro Jur\u00eddico.? Lo puedes encontrar en nuestra tienda virtual.<br \/>\nContamos con prestigiosos autores y muchas alternativas en sus diferentes materias al igual que grandes descuentos.! Vis\u00edtanos en <a class=\"BefCxZGaSWcPFahNZGheKUNEpFkmNKjephLXQ \" href=\"https:\/\/lnkd.in\/eiAG7jdZ\" target=\"_blank\" rel=\"noopener\" data-test-app-aware-link=\"\">https:\/\/lnkd.in\/eiAG7jdZ<\/a><br \/>\nEscr\u00edbenos al +56930565235 \/ <a class=\"BefCxZGaSWcPFahNZGheKUNEpFkmNKjephLXQ \" href=\"mailto:ventaslegallexglobal@gmail.com\" target=\"_self\" data-test-app-aware-link=\"\">ventaslegallexglobal@gmail.com<\/a><br \/>\nHacemos env\u00edos a todo Chile \u2013 Starken o Correos Chile \/ Te esperamos<\/p>\n","protected":false},"featured_media":2143,"comment_status":"open","ping_status":"closed","template":"","meta":{"inline_featured_image":false,"_joinchat":[]},"product_brand":[],"product_cat":[27,26],"product_tag":[],"class_list":{"0":"post-2094","1":"product","2":"type-product","3":"status-publish","4":"has-post-thumbnail","6":"product_cat-civil","7":"product_cat-derecho","9":"first","10":"instock","11":"shipping-taxable","12":"purchasable","13":"product-type-simple"},"_links":{"self":[{"href":"https:\/\/bibliotecajuridicavirtual.cl\/index.php\/wp-json\/wp\/v2\/product\/2094","targetHints":{"allow":["GET"]}}],"collection":[{"href":"https:\/\/bibliotecajuridicavirtual.cl\/index.php\/wp-json\/wp\/v2\/product"}],"about":[{"href":"https:\/\/bibliotecajuridicavirtual.cl\/index.php\/wp-json\/wp\/v2\/types\/product"}],"replies":[{"embeddable":true,"href":"https:\/\/bibliotecajuridicavirtual.cl\/index.php\/wp-json\/wp\/v2\/comments?post=2094"}],"wp:featuredmedia":[{"embeddable":true,"href":"https:\/\/bibliotecajuridicavirtual.cl\/index.php\/wp-json\/wp\/v2\/media\/2143"}],"wp:attachment":[{"href":"https:\/\/bibliotecajuridicavirtual.cl\/index.php\/wp-json\/wp\/v2\/media?parent=2094"}],"wp:term":[{"taxonomy":"product_brand","embeddable":true,"href":"https:\/\/bibliotecajuridicavirtual.cl\/index.php\/wp-json\/wp\/v2\/product_brand?post=2094"},{"taxonomy":"product_cat","embeddable":true,"href":"https:\/\/bibliotecajuridicavirtual.cl\/index.php\/wp-json\/wp\/v2\/product_cat?post=2094"},{"taxonomy":"product_tag","embeddable":true,"href":"https:\/\/bibliotecajuridicavirtual.cl\/index.php\/wp-json\/wp\/v2\/product_tag?post=2094"}],"curies":[{"name":"wp","href":"https:\/\/api.w.org\/{rel}","templated":true}]}}