{"id":2095,"date":"2026-02-28T00:58:19","date_gmt":"2026-02-28T03:58:19","guid":{"rendered":"https:\/\/bibliotecajuridicavirtual.cl\/?post_type=product&#038;p=2095"},"modified":"2026-02-28T00:58:50","modified_gmt":"2026-02-28T03:58:50","slug":"problemas-basicos-del-derecho-penal-claus-roxin-edicion-ano-2017-417-pag","status":"publish","type":"product","link":"https:\/\/bibliotecajuridicavirtual.cl\/index.php\/product\/problemas-basicos-del-derecho-penal-claus-roxin-edicion-ano-2017-417-pag\/","title":{"rendered":"Problemas B\u00e1sicos del Derecho Penal &#8211; Claus Roxin, edici\u00f3n a\u00f1o 2017 &#8211; 417 P\u00e1g."},"content":{"rendered":"<p>Roxin, Claus:\u00a0<strong><em>Problemas b\u00e1sicos del Derecho penal<\/em>,<\/strong>\u00a0Sentido y l\u00edmites de la pena estatal. Franz von Liszt y la concepci\u00f3n pol\u00edtico-criminal del Proyecto Alternativo. La propuesta minoritaria del Proyecto Alternativo. Contribuci\u00f3n a la cr\u00edtica de la teor\u00eda final de la acci\u00f3n. Reflexiones sobre la problem\u00e1tica de la imputaci\u00f3n en el Derecho penal. Infracci\u00f3n del deber y resultado en los delitos imprudentes. Sobre el fin de protecci\u00f3n de la norma en los delitos imprudentes. \u201cCulpabilidad\u201d y \u201cresponsabilidad\u201d como categor\u00edas sistem\u00e1ticas jur\u00eddico-penales. En el l\u00edmite entre comisi\u00f3n y omisi\u00f3n. Sobre el desistimiento de la tentativa inacabada. Traducci\u00f3n de Diego M. Luz\u00f3n Pe\u00f1a.\u00a0<strong>Segunda edici\u00f3n<\/strong>. Colecci\u00f3n\u00a0<em>Maestros del Derecho penal,\u00a0<\/em>N\u00ba 50. 2017. 402 pp.<\/p>\n","protected":false},"excerpt":{"rendered":"<p>Buscas un libro Jur\u00eddico.? Lo puedes encontrar en nuestra tienda virtual.<br \/>\nContamos con prestigiosos autores y muchas alternativas en sus diferentes materias al igual que grandes descuentos.! Vis\u00edtanos en <a class=\"tykvYtnSECpeoMKlqvoreUufywOfzdchUlzs \" href=\"https:\/\/lnkd.in\/eiAG7jdZ\" target=\"_blank\" rel=\"noopener\" data-test-app-aware-link=\"\">https:\/\/lnkd.in\/eiAG7jdZ<\/a><br \/>\nEscr\u00edbenos al +56930565235 \/ <a class=\"tykvYtnSECpeoMKlqvoreUufywOfzdchUlzs \" href=\"mailto:ventaslegallexglobal@gmail.com\" target=\"_self\" data-test-app-aware-link=\"\">ventaslegallexglobal@gmail.com<\/a><br \/>\nHacemos env\u00edos a todo Chile \u2013 Starken o Correos Chile \/ Te esperamos<\/p>\n","protected":false},"featured_media":2144,"comment_status":"open","ping_status":"closed","template":"","meta":{"inline_featured_image":false,"_joinchat":[]},"product_brand":[],"product_cat":[30],"product_tag":[],"class_list":{"0":"post-2095","1":"product","2":"type-product","3":"status-publish","4":"has-post-thumbnail","6":"product_cat-penal","8":"first","9":"instock","10":"shipping-taxable","11":"purchasable","12":"product-type-simple"},"_links":{"self":[{"href":"https:\/\/bibliotecajuridicavirtual.cl\/index.php\/wp-json\/wp\/v2\/product\/2095","targetHints":{"allow":["GET"]}}],"collection":[{"href":"https:\/\/bibliotecajuridicavirtual.cl\/index.php\/wp-json\/wp\/v2\/product"}],"about":[{"href":"https:\/\/bibliotecajuridicavirtual.cl\/index.php\/wp-json\/wp\/v2\/types\/product"}],"replies":[{"embeddable":true,"href":"https:\/\/bibliotecajuridicavirtual.cl\/index.php\/wp-json\/wp\/v2\/comments?post=2095"}],"wp:featuredmedia":[{"embeddable":true,"href":"https:\/\/bibliotecajuridicavirtual.cl\/index.php\/wp-json\/wp\/v2\/media\/2144"}],"wp:attachment":[{"href":"https:\/\/bibliotecajuridicavirtual.cl\/index.php\/wp-json\/wp\/v2\/media?parent=2095"}],"wp:term":[{"taxonomy":"product_brand","embeddable":true,"href":"https:\/\/bibliotecajuridicavirtual.cl\/index.php\/wp-json\/wp\/v2\/product_brand?post=2095"},{"taxonomy":"product_cat","embeddable":true,"href":"https:\/\/bibliotecajuridicavirtual.cl\/index.php\/wp-json\/wp\/v2\/product_cat?post=2095"},{"taxonomy":"product_tag","embeddable":true,"href":"https:\/\/bibliotecajuridicavirtual.cl\/index.php\/wp-json\/wp\/v2\/product_tag?post=2095"}],"curies":[{"name":"wp","href":"https:\/\/api.w.org\/{rel}","templated":true}]}}