{"id":2125,"date":"2026-02-28T00:58:40","date_gmt":"2026-02-28T03:58:40","guid":{"rendered":"https:\/\/bibliotecajuridicavirtual.cl\/?post_type=product&#038;p=2125"},"modified":"2026-02-28T00:58:59","modified_gmt":"2026-02-28T03:58:59","slug":"compliance-para-el-sector-publico-cristian-letelier-aguilar-marzo-ano-2025-150-paginas","status":"publish","type":"product","link":"https:\/\/bibliotecajuridicavirtual.cl\/index.php\/product\/compliance-para-el-sector-publico-cristian-letelier-aguilar-marzo-ano-2025-150-paginas\/","title":{"rendered":"Compliance para el Sector P\u00fablico &#8211; Cristi\u00e1n Letelier Aguilar &#8211; Marzo a\u00f1o 2025, 150 P\u00e1ginas"},"content":{"rendered":"<p style=\"font-weight: 400;\">En un entorno cada vez m\u00e1s enrevesado y regulado, el sector p\u00fablico enfrenta desaf\u00edos significativos para garantizar la integridad institucional y la transparencia en sus operaciones. La presente obra constituye una gu\u00eda pr\u00e1ctica y exhaustiva que pretende colaborar con los \u00f3rganos estatales en la implementaci\u00f3n de programas de cumplimiento normativo eficaces. Los funcionarios p\u00fablicos, y en general, los lectores podr\u00e1n comprender principios y conceptos propios del compliance en la administraci\u00f3n p\u00fablica, identificando y gestionando los riesgos que conlleva el ejercicio de la funci\u00f3n p\u00fablica, facilit\u00e1ndoles la elaboraci\u00f3n de un programa de cumplimiento efectivo y sostenible que permita anticiparse y detectar, oportunamente, actos desleales contra la gesti\u00f3n del Estado en cualquiera de sus niveles. As\u00ed se podr\u00e1 asegurar la debida integridad y transparencia en la toma de decisiones y la gesti\u00f3n de los recursos p\u00fablicos, siempre escasos ante tanta necesidad social.<\/p>\n<p style=\"font-weight: 400;\">\u201cCompliance para el Sector P\u00fablico\u201d pretende ser una herramienta significativa para todo \u00f3rgano estatal, y especialmente para las municipalidades y sus profesionales, con la finalidad de alcanzar niveles de probidad satisfactorios y est\u00e1ndares de transparencia m\u00e1ximos, de manera que las instituciones gocen del prestigio y respetabilidad que se merecen ante la ciudadan\u00eda.<\/p>\n<p style=\"font-weight: 400;\">La aspiraci\u00f3n de su autor es que, en cada servicio p\u00fablico, as\u00ed como existe una oficina de informaciones, tambi\u00e9n haya una agencia de compliance que asegure el valor de la honradez como forma de vida funcionaria, inspirando la cultura de la probidad en cada repartici\u00f3n fiscal. Un sue\u00f1o que s\u00f3lo requiere voluntad de hacer bien las cosas. Si, aunque fuera, en un \u00f3rgano estatal se alcanzar\u00e1 el prop\u00f3sito se\u00f1alado, este libro ya tendr\u00eda una justificaci\u00f3n esplendorosa.<\/p>\n<p style=\"font-weight: 400;\"><b><strong>CAP\u00cdTULO I<\/strong><\/b><br \/>\n<b><strong>PLAN DE ACCI\u00d3N PARA PREVENIR LA CORRUPCI\u00d3N<\/strong><\/b><\/p>\n<p style=\"font-weight: 400;\">\u00bfEn qu\u00e9 consiste el plan de acci\u00f3n dise\u00f1ado para prevenir la corrupci\u00f3n?<\/p>\n<ol>\n<li style=\"font-weight: 400;\">Un fuerte compromiso con la probidad<\/li>\n<li style=\"font-weight: 400;\">Cultura de la integridad p\u00fablica<\/li>\n<li style=\"font-weight: 400;\">Rendici\u00f3n de cuentas eficaz<br \/>\n\u2013 La prevenci\u00f3n de la corrupci\u00f3n en el mundo empresarial y en el \u00e1mbito p\u00fablico<br \/>\n1. Falta de recursos<br \/>\n2. Falta de voluntad pol\u00edtica<br \/>\n3. Cultura organizacional<br \/>\nC\u00f3digos de \u00c9tica<br \/>\nCapacitaci\u00f3n<br \/>\nCanal de Denuncias<br \/>\nInvestigaciones y Sanciones<\/li>\n<\/ol>\n<p style=\"font-weight: 400;\"><b><strong>CAP\u00cdTULO II<\/strong><\/b><br \/>\n<b><strong>COMPLIANCE EN EL SECTOR P\u00daBLICO<\/strong><\/b><\/p>\n<p style=\"font-weight: 400;\">\u2013 \u00bfExiste realmente compliance en el sector p\u00fablico?<br \/>\n\u2013 Los C\u00f3digos de Conducta<br \/>\n\u2013 C\u00f3digos de \u00e9tica en las Secretar\u00edas de Estado<\/p>\n<p style=\"font-weight: 400;\"><b><strong>CAP\u00cdTULO III<\/strong><\/b><br \/>\n<b><strong>LA CONTRATACI\u00d3N P\u00daBLICA Y EL COMPLIANCE EN LA ADMINISTRACI\u00d3N DEL ESTADO<\/strong><\/b><\/p>\n<p style=\"font-weight: 400;\">\u2013 Contexto hist\u00f3rico y relevancia de la contrataci\u00f3n p\u00fablica en Chile<\/p>\n<p style=\"font-weight: 400;\">\u2013 Marco legal vigente en contrataci\u00f3n p\u00fablica<br \/>\n\u2022 Algunos aspectos importantes a referir acerca de esta ley relacionados con las acciones y procedimiento que establece<br \/>\na) El contrato administrativo que infrinja los procedimientos establecidos en esta ley ser\u00e1 nulo (art. 35 sexies)<br \/>\nb) Acciones de Impugnaci\u00f3n<br \/>\nc) El procedimiento<\/p>\n<p style=\"font-weight: 400;\">\u2013 Instituci\u00f3n que refuerza la probidad en la contrataci\u00f3n p\u00fablica<\/p>\n<p style=\"font-weight: 400;\">\u2013 Obligaciones de los funcionarios p\u00fablicos en el marco de la contrataci\u00f3n p\u00fablica<\/p>\n<p style=\"font-weight: 400;\">\u2013 Reglamento de la Ley No 19.886<\/p>\n<p style=\"font-weight: 400;\">\u2013 Algunas de las normas que afectan a compradores<br \/>\n\u2022 Tratos directos<br \/>\n\u2022 Declaraci\u00f3n de intereses y patrimonio<\/p>\n<p style=\"font-weight: 400;\">\u2013 Algunas de las normas que conciernen a proveedores<br \/>\n\u2022 Inhabilidades<br \/>\n\u2022 Compra \u00e1gil<\/p>\n<p style=\"font-weight: 400;\"><b><strong>CAP\u00cdTULO IV<\/strong><\/b><br \/>\n<b><strong>LOS DELITOS ECON\u00d3MICOS Y EL CRIMINAL COMPLIANCE<\/strong><\/b><\/p>\n<ol>\n<li style=\"font-weight: 400;\">La subsidiaridad<br \/>\nii. La libertad de emprender una actividad econ\u00f3mica<br \/>\niii. La solidaridad<\/li>\n<\/ol>\n<p style=\"font-weight: 400;\">\u2013 Los delitos econ\u00f3micos<br \/>\ni. Pre\u00e1mbulo<br \/>\nii. Art\u00edculo 16 No 1 letra a), del T\u00edtulo II del Proyecto<br \/>\niii. Art\u00edculo 29 del T\u00edtulo II del Proyecto<br \/>\niv. Art\u00edculo 30 del T\u00edtulo II del Proyecto<br \/>\nv. Art\u00edculo 34 del T\u00edtulo II del Proyecto<br \/>\nvi. Art\u00edculo 48 No 8 del T\u00edtulo IV del Proyecto que contiene el art\u00edculo 311 bis incorporado al C\u00f3digo Penal<br \/>\nvii. Art\u00edculo 50 No 9 del T\u00edtulo IV del Proyecto<br \/>\nviii. Art\u00edculo 50 No 12 y 22 del T\u00edtulo IV del Proyecto<br \/>\nix. Art\u00edculo 51 No 2 del T\u00edtulo IV del Proyecto<br \/>\nx. Art\u00edculo 63, inciso tercero y art\u00edculo 64, inciso tercero, segunda parte del proyecto<\/p>\n<p style=\"font-weight: 400;\">\u2013 Modificaciones al Estatuto que establece la responsabilidad penal de las personas jur\u00eddicas<br \/>\nLos delitos econ\u00f3micos y el sector p\u00fablico<\/p>\n<p style=\"font-weight: 400;\"><b><strong>CAP\u00cdTULO V<\/strong><\/b><br \/>\n<b><strong>COMPARACI\u00d3N ENTRE EL SECTOR PRIVADO Y EL P\u00daBLICO EN MATERIA DE COMPLIANCE<\/strong><\/b><\/p>\n<p style=\"font-weight: 400;\">\u2013 Asimetr\u00edas de Compliance entre las empresas privadas y el sector p\u00fablico<br \/>\n\u2013 Simetr\u00edas entre Compliance para las empresas privadas y para el sector p\u00fablico<\/p>\n<p style=\"font-weight: 400;\"><b><strong>CAP\u00cdTULO VI<\/strong><\/b><br \/>\n<b><strong>LA INTELIGENCIA ARTIFICIAL COMO HERRAMIENTA DE COMPLIANCE EN LA ADMINISTRACI\u00d3N P\u00daBLICA<\/strong><\/b><\/p>\n<p style=\"font-weight: 400;\">\u2013 La importancia del mapa de riesgos en el programa de cumplimiento<br \/>\n\u2022 Objetivos y criterios de riesgos en materia de integridad y prevenci\u00f3n de la corrupci\u00f3n<br \/>\n\u2022 Identificaci\u00f3n y an\u00e1lisis de los riegos<br \/>\n\u25cb\u00a0Paso 1. Identificaci\u00f3n de las actividades y procesos de la organizaci\u00f3n<br \/>\n\u25cb\u00a0Paso 2. Consideraci\u00f3n de los factores de riesgo que afectan a cada proceso o actividad<br \/>\nFactores de riesgo externos<br \/>\nFactores de riesgo internos o institucionales<br \/>\nFactores de riesgo individuales<br \/>\nFactores de riesgo procedimentales<br \/>\n\u25cb\u00a0Paso 3. Identificaci\u00f3n de los riesgos<\/p>\n<p style=\"font-weight: 400;\">\u2013 La corrupci\u00f3n p\u00fablica, un da\u00f1o al pa\u00eds<br \/>\n\u2022 Causas<br \/>\n\u2022 Efectos de la corrupci\u00f3n<br \/>\n\u25cb\u00a0\u00bfQu\u00e9\u00a0hacer ante este flagelo mundial?<br \/>\n\u25cb\u00a0\u00bfEs este conjunto de normas jur\u00eddicas suficiente para prevenir acciones contrarias a la probidad?<br \/>\n\u25cb\u00a0\u00bfExiste una pol\u00edtica p\u00fablica en los t\u00e9rminos expuestos por el citado documento oficial que ya est\u00e9 dando sus frutos?<\/p>\n<p style=\"font-weight: 400;\"><b><strong>ANEXO<\/strong><\/b><\/p>\n<p style=\"font-weight: 400;\">Matriz de Gesti\u00f3n de Riesgos<br \/>\nC\u00f3digos de \u00c9tica<br \/>\nCanal de denuncia en l\u00ednea<br \/>\nTextos legales y reglamentarios<\/p>\n","protected":false},"excerpt":{"rendered":"<p>Buscas un libro Jur\u00eddico.? Lo puedes encontrar en nuestra tienda virtual.<br \/>\nContamos con prestigiosos autores y muchas alternativas en sus diferentes materias al igual que grandes descuentos.! Vis\u00edtanos en <a class=\"bKitxDDAQqpwXZxDSIyHcsuFHqiIdTZqbQ \" tabindex=\"0\" href=\"https:\/\/lnkd.in\/eiAG7jdZ\" target=\"_blank\" rel=\"noopener\" data-test-app-aware-link=\"\">https:\/\/lnkd.in\/eiAG7jdZ<\/a><br \/>\nEscr\u00edbenos al +56930565235 \/ <a class=\"bKitxDDAQqpwXZxDSIyHcsuFHqiIdTZqbQ \" tabindex=\"0\" href=\"mailto:ventaslegallexglobal@gmail.com\" target=\"_self\" data-test-app-aware-link=\"\">ventaslegallexglobal@gmail.com<\/a><br \/>\nHacemos env\u00edos a todo Chile \u2013 Starken o Correos Chile \/ Te esperamos<\/p>\n","protected":false},"featured_media":2155,"comment_status":"open","ping_status":"closed","template":"","meta":{"inline_featured_image":false,"_joinchat":[]},"product_brand":[],"product_cat":[45,26,30],"product_tag":[],"class_list":{"0":"post-2125","1":"product","2":"type-product","3":"status-publish","4":"has-post-thumbnail","6":"product_cat-administrativo","7":"product_cat-derecho","8":"product_cat-penal","10":"first","11":"instock","12":"shipping-taxable","13":"purchasable","14":"product-type-simple"},"_links":{"self":[{"href":"https:\/\/bibliotecajuridicavirtual.cl\/index.php\/wp-json\/wp\/v2\/product\/2125","targetHints":{"allow":["GET"]}}],"collection":[{"href":"https:\/\/bibliotecajuridicavirtual.cl\/index.php\/wp-json\/wp\/v2\/product"}],"about":[{"href":"https:\/\/bibliotecajuridicavirtual.cl\/index.php\/wp-json\/wp\/v2\/types\/product"}],"replies":[{"embeddable":true,"href":"https:\/\/bibliotecajuridicavirtual.cl\/index.php\/wp-json\/wp\/v2\/comments?post=2125"}],"wp:featuredmedia":[{"embeddable":true,"href":"https:\/\/bibliotecajuridicavirtual.cl\/index.php\/wp-json\/wp\/v2\/media\/2155"}],"wp:attachment":[{"href":"https:\/\/bibliotecajuridicavirtual.cl\/index.php\/wp-json\/wp\/v2\/media?parent=2125"}],"wp:term":[{"taxonomy":"product_brand","embeddable":true,"href":"https:\/\/bibliotecajuridicavirtual.cl\/index.php\/wp-json\/wp\/v2\/product_brand?post=2125"},{"taxonomy":"product_cat","embeddable":true,"href":"https:\/\/bibliotecajuridicavirtual.cl\/index.php\/wp-json\/wp\/v2\/product_cat?post=2125"},{"taxonomy":"product_tag","embeddable":true,"href":"https:\/\/bibliotecajuridicavirtual.cl\/index.php\/wp-json\/wp\/v2\/product_tag?post=2125"}],"curies":[{"name":"wp","href":"https:\/\/api.w.org\/{rel}","templated":true}]}}