{"id":2131,"date":"2026-02-28T00:58:40","date_gmt":"2026-02-28T03:58:40","guid":{"rendered":"https:\/\/bibliotecajuridicavirtual.cl\/?post_type=product&#038;p=2131"},"modified":"2026-02-28T00:59:12","modified_gmt":"2026-02-28T03:59:12","slug":"trauma-complejo-en-la-vulneracion-de-derechos-de-ninos-ninas-y-adolescentes-carolina-duque-duvauchelle-alicia-fuentes-rebolledo-cristobal-guerra-vio","status":"publish","type":"product","link":"https:\/\/bibliotecajuridicavirtual.cl\/index.php\/product\/trauma-complejo-en-la-vulneracion-de-derechos-de-ninos-ninas-y-adolescentes-carolina-duque-duvauchelle-alicia-fuentes-rebolledo-cristobal-guerra-vio\/","title":{"rendered":"Trauma Complejo en la Vulneraci\u00f3n  de Derechos de Ni\u00f1os, Ni\u00f1as y Adolescentes &#8211; Carolina Duque Duvauchelle &#8211; Alicia Fuentes Rebolledo &#8211; Crist\u00f3bal Guerra Vio"},"content":{"rendered":"<p style=\"font-weight: 400;\">El presente documento aborda el fen\u00f3meno del trauma complejo y su relaci\u00f3n con la vulneraci\u00f3n de derechos de ni\u00f1os, ni\u00f1as y adolescentes. En primer lugar, provee informaci\u00f3n respecto de las distinciones conceptuales cruciales para comprender las consecuencias de las experiencias adversas en la infancia, como abusos o negligencia, y su profundo impacto en el desarrollo emocional y psicol\u00f3gico, que deriva en el llamado trauma complejo del desarrollo. El abordaje de ni\u00f1os y ni\u00f1as con trauma complejo requiere enfoques multidisciplinarios, en los que la justicia de familia desempe\u00f1a un papel fundamental. En especial, para las consejeras y consejeros t\u00e9cnicos, especializados en la intersecci\u00f3n de lo psicosocial y el derecho, quienes juegan un rol crucial en la asesor\u00eda t\u00e9cnica a la magistratura respecto de estos casos, este texto es un material de consulta y profundizaci\u00f3n que podr\u00e1 contribuir en la funci\u00f3n de proporcionar informaci\u00f3n especializada a los tribunales para que estos tomen decisiones informadas y centradas en el bienestar de los ni\u00f1os, ni\u00f1as y adolescentes.<\/p>\n<p style=\"font-weight: 400;\">La colaboraci\u00f3n entre profesionales jur\u00eddicos, sociales y de la salud mental es esencial para garantizar una respuesta integral y sensible a las necesidades de los ni\u00f1os, ni\u00f1as y adolescentes que han experimentado trauma complejo en el contexto de la vulneraci\u00f3n de sus derechos.<\/p>\n<p style=\"font-weight: 400;\">\n<p style=\"font-weight: 400;\"><b><strong>CAP\u00cdTULO I<\/strong><\/b><br \/>\n<b><strong>DISTINCIONES CONCEPTUALES RESPECTO DEI TRAUMA COMPLEJO<\/strong><\/b><\/p>\n<ol>\n<li style=\"font-weight: 400;\">INTRODUCCI\u00d3N<\/li>\n<li style=\"font-weight: 400;\">QU\u00c9 SE ENTIENDE POR TRAUMA?<\/li>\n<li style=\"font-weight: 400;\">EVENTO TRAUM\u00c1TICO Y EXPERIENCIA TRAUM\u00c1TICA<\/li>\n<li style=\"font-weight: 400;\">EL APEGO Y SU RELACI\u00d3N CON EL TRAUMA<\/li>\n<li style=\"font-weight: 400;\">TRASTORNO DE ESTR\u00c9S POSTRAUM\u00c1TICO<\/li>\n<li style=\"font-weight: 400;\">\u00bfQU\u00c9 ENTENDEMOS POR TRAUMA COMPLEJO?\n<p>6.1. Problemas familiares<br \/>\n6.2. Resiliencia\/afrontamiento<br \/>\n6.3. Problemas sist\u00e9micos<\/li>\n<li style=\"font-weight: 400;\">EXPERIENCIAS ADVERSAS EN LA INFANCIA Y SUS CONSECUENCIAS EN EL DESARROLLO INFANTIL\n<p>7.1. Desregulaci\u00f3n del afecto y el comportamiento<br \/>\n7.2. Alteraciones en la atenci\u00f3n\/conciencia, cognici\u00f3n y procesamiento de la informaci\u00f3n<br \/>\n7.3. Dificultades interpersonales<br \/>\n7.4. Distorsiones en las atribuciones<br \/>\n7.5. Interferencia en el desarrollo neurol\u00f3gico y fisiol\u00f3gico (biolog\u00eda del trauma)<\/li>\n<li style=\"font-weight: 400;\">VARIACI\u00d3N EN LA SINTOMATOLOGIA VICTIMAS DE VIOLENCIA<\/li>\n<li style=\"font-weight: 400;\">SINTOMATOLOGA RELACIONADA CON EL TRAUMA COMPLEJO<\/li>\n<li style=\"font-weight: 400;\">SINTESIS DEL CAPITULO<\/li>\n<\/ol>\n<p style=\"font-weight: 400;\"><b><strong>CAP\u00cdTULO II<\/strong><\/b><br \/>\n<b><strong>ABORDAJE DE NI\u00d1OS, NI\u00d1AS Y ADOLESCENTES CON TRAUMA COMPLEJO<\/strong><\/b><\/p>\n<ol>\n<li style=\"font-weight: 400;\">INTRODUCCI\u00d3N<\/li>\n<li style=\"font-weight: 400;\">EVALUACI\u00d3N E INFORMES RELACIONADOS CON TRAUMA COMPLEJO<\/li>\n<li style=\"font-weight: 400;\">\u00daLTIMAS ACTUALIZACIONES EN INTERVENCIONES POSIBLES EN MATERIA A DE EVALUACI\u00d3N E INFORMES RELACIONADOS CON TRAUMA COMPLEJO\n<p>3.1. Nociones de intervenci\u00f3n en crisis s para a contenci\u00f3n inmediata<br \/>\n3.2. Intervenci\u00f3n reparatoria<br \/>\n3.3. Intervenciones con v\u00edctimas de trauma interpersonal<br \/>\n3.4. Modelos con apoyo emp\u00edrico<br \/>\n3.5. Modalidades de intervenci\u00f3n<\/li>\n<li style=\"font-weight: 400;\">INSTITUCIONES INFORMADAS EN TRAUMA Y MODELOS DE ATENCI\u00d3N INFORMADOS EN TRAUMA RESPECTO DE NI\u00d1OS, NI\u00d1AS Y ADOLESCENTES INSTITUCIONALIZADOS<\/li>\n<li style=\"font-weight: 400;\">OFERTA NACIONAL DE PROGRAMAS PARA EL ABORDAJE DEL TRAUMA COMPLEJO, ESPECIALMENTE EN LA COMPETENCIA DE FAMILIA<\/li>\n<li style=\"font-weight: 400;\">SINTESIS DEL CAP\u00cdTULO<\/li>\n<\/ol>\n<p style=\"font-weight: 400;\"><b><strong>CAPITULO III<\/strong><\/b><br \/>\n<b><strong>TRAUMA COMPLEJO Y SUS ALCANCES EN EL \u00c1MBITO JUDICIAL<\/strong><\/b><\/p>\n<ol>\n<li style=\"font-weight: 400;\">INTRODUCCI\u00d3N<\/li>\n<li style=\"font-weight: 400;\">RECONOCIMIENTO DE S\u00cdNTOMAS DEL TRAUMA COMPLEJO Y SU ABORDAJE E EN EL CONTEXIO<\/li>\n<li style=\"font-weight: 400;\">TRAUMA COMPLEJO Y APLICACI\u00d3N DEL PRINCIPIO DEL INTER\u00c9S SUPERIOR DEL NI\u00d1O Y DETERMINACI\u00d3N DE LA AUTONOM\u00cdA PROGRESIVA\n<p>3.1. Aspectos psicosociales implicados en el inter\u00e9s superior del ni\u00f1o que pue den estar relacionados el con trauma complejo<br \/>\n3.2. Revisi\u00f3n del principio de autonom\u00eda an\u00e1lisis del trauma complejo a partir progresiva y de un enfoque evolutivo<\/li>\n<li style=\"font-weight: 400;\">TRAUMA COMPLEJO Y CONDICIONES DEL EJERCICIO DEL DERECHO A SER O\u00cdDO EN TRIBUNALES DE FAMILIA\n<p>4.1. Aspectos<br \/>\n4.2. Condiciones del ejercicio del derecho a ser o\u00eddo con relaci\u00f3n al trauma complejo<br \/>\n4.3. Propiciando una participaci\u00f3n segura: directrices d uso de la sala Gesell<\/li>\n<li style=\"font-weight: 400;\">ENTREVISTA CON NI\u00d1OS, NI\u00d1AS Y ADOLESCENTES QUE PRESENTAN TRAUMA COMPLEJO<\/li>\n<\/ol>\n<p style=\"font-weight: 400;\">5.1. Etapas de la entrevista<br \/>\n5.2. Actitud del entrevistador o la entrevistadora<\/p>\n<ol start=\"6\">\n<li style=\"font-weight: 400;\">PROPUESTA DE PROCESOS DE TRABAJO PARA LA CONSEJER\u00cdA T\u00c9CNICA<\/li>\n<li style=\"font-weight: 400;\">SINTESIS DEL CAP\u00cdTULO<\/li>\n<\/ol>\n<p style=\"font-weight: 400;\"><b><strong>ANEXO: MATRIZ DE ACCIONES DE ABORDAJE DEL TRAUMA COMPLEJO<\/strong><\/b><\/p>\n","protected":false},"excerpt":{"rendered":"<p>EDICI\u00d3N ACTUALIZADA A NOVIEMBRE A\u00d1O 2024 \/ 136 P\u00e1ginas<\/p>\n<p>Buscas un libro Jur\u00eddico.? Lo puedes encontrar en nuestra tienda virtual.<br \/>\nContamos con prestigiosos autores y muchas alternativas en sus diferentes materias al igual que grandes descuentos.! Vis\u00edtanos en <a class=\"eLkeKfLANpCeIaaehlTorHkfbdUHqQFXesk \" tabindex=\"0\" href=\"https:\/\/lnkd.in\/eiAG7jdZ\" target=\"_blank\" rel=\"noopener\" data-test-app-aware-link=\"\">https:\/\/lnkd.in\/eiAG7jdZ<\/a><br \/>\nEscr\u00edbenos al +56930565235 \/ <a class=\"eLkeKfLANpCeIaaehlTorHkfbdUHqQFXesk \" tabindex=\"0\" href=\"mailto:ventaslegallexglobal@gmail.com\" target=\"_self\" data-test-app-aware-link=\"\">ventaslegallexglobal@gmail.com<\/a><br \/>\nHacemos env\u00edos a todo Chile \u2013 Starken o Correos Chile \/ Te esperamos<\/p>\n<p>&nbsp;<\/p>\n","protected":false},"featured_media":2183,"comment_status":"open","ping_status":"closed","template":"","meta":{"inline_featured_image":false,"_joinchat":[]},"product_brand":[],"product_cat":[26,29],"product_tag":[],"class_list":{"0":"post-2131","1":"product","2":"type-product","3":"status-publish","4":"has-post-thumbnail","6":"product_cat-derecho","7":"product_cat-familia-y-del-menor","9":"first","10":"instock","11":"shipping-taxable","12":"purchasable","13":"product-type-simple"},"_links":{"self":[{"href":"https:\/\/bibliotecajuridicavirtual.cl\/index.php\/wp-json\/wp\/v2\/product\/2131","targetHints":{"allow":["GET"]}}],"collection":[{"href":"https:\/\/bibliotecajuridicavirtual.cl\/index.php\/wp-json\/wp\/v2\/product"}],"about":[{"href":"https:\/\/bibliotecajuridicavirtual.cl\/index.php\/wp-json\/wp\/v2\/types\/product"}],"replies":[{"embeddable":true,"href":"https:\/\/bibliotecajuridicavirtual.cl\/index.php\/wp-json\/wp\/v2\/comments?post=2131"}],"wp:featuredmedia":[{"embeddable":true,"href":"https:\/\/bibliotecajuridicavirtual.cl\/index.php\/wp-json\/wp\/v2\/media\/2183"}],"wp:attachment":[{"href":"https:\/\/bibliotecajuridicavirtual.cl\/index.php\/wp-json\/wp\/v2\/media?parent=2131"}],"wp:term":[{"taxonomy":"product_brand","embeddable":true,"href":"https:\/\/bibliotecajuridicavirtual.cl\/index.php\/wp-json\/wp\/v2\/product_brand?post=2131"},{"taxonomy":"product_cat","embeddable":true,"href":"https:\/\/bibliotecajuridicavirtual.cl\/index.php\/wp-json\/wp\/v2\/product_cat?post=2131"},{"taxonomy":"product_tag","embeddable":true,"href":"https:\/\/bibliotecajuridicavirtual.cl\/index.php\/wp-json\/wp\/v2\/product_tag?post=2131"}],"curies":[{"name":"wp","href":"https:\/\/api.w.org\/{rel}","templated":true}]}}

Trauma Complejo en la Vulneración  de Derechos de Niños, Niñas y Adolescentes &#8211; Carolina Duque Duvauchelle &#8211; Alicia Fuentes Rebolledo &#8211; Cristóbal Guerra Vio

<p style="font-weight: 400;">El presente documento aborda el fenómeno del trauma complejo y su relación con la vulneración de derechos de niños, niñas y adolescentes. En primer lugar, provee información respecto de las distinciones conceptuales cruciales para comprender las consecuencias de las experiencias adversas en la infancia, como abusos o negligencia, y su profundo impacto en el desarrollo emocional y psicológico, que deriva en el llamado trauma complejo del desarrollo. El abordaje de niños y niñas con trauma complejo requiere enfoques multidisciplinarios, en los que la justicia de familia desempeña un papel fundamental. En especial, para las consejeras y consejeros técnicos, especializados en la intersección de lo psicosocial y el derecho, quienes juegan un rol crucial en la asesoría técnica a la magistratura respecto de estos casos, este texto es un material de consulta y profundización que podrá contribuir en la función de proporcionar información especializada a los tribunales para que estos tomen decisiones informadas y centradas en el bienestar de los niños, niñas y adolescentes.</p>
<p style="font-weight: 400;">La colaboración entre profesionales jurídicos, sociales y de la salud mental es esencial para garantizar una respuesta integral y sensible a las necesidades de los niños, niñas y adolescentes que han experimentado trauma complejo en el contexto de la vulneración de sus derechos.</p>
<p style="font-weight: 400;">
<p style="font-weight: 400;"><b><strong>CAPÍTULO I</strong></b><br />
<b><strong>DISTINCIONES CONCEPTUALES RESPECTO DEI TRAUMA COMPLEJO</strong></b></p>
<ol>
<li style="font-weight: 400;">INTRODUCCIÓN</li>
<li style="font-weight: 400;">QUÉ SE ENTIENDE POR TRAUMA?</li>
<li style="font-weight: 400;">EVENTO TRAUMÁTICO Y EXPERIENCIA TRAUMÁTICA</li>
<li style="font-weight: 400;">EL APEGO Y SU RELACIÓN CON EL TRAUMA</li>
<li style="font-weight: 400;">TRASTORNO DE ESTRÉS POSTRAUMÁTICO</li>
<li style="font-weight: 400;">¿QUÉ ENTENDEMOS POR TRAUMA COMPLEJO?
<p>6.1. Problemas familiares<br />
6.2. Resiliencia/afrontamiento<br />
6.3. Problemas sistémicos</li>
<li style="font-weight: 400;">EXPERIENCIAS ADVERSAS EN LA INFANCIA Y SUS CONSECUENCIAS EN EL DESARROLLO INFANTIL
<p>7.1. Desregulación del afecto y el comportamiento<br />
7.2. Alteraciones en la atención/conciencia, cognición y procesamiento de la información<br />
7.3. Dificultades interpersonales<br />
7.4. Distorsiones en las atribuciones<br />
7.5. Interferencia en el desarrollo neurológico y fisiológico (biología del trauma)</li>
<li style="font-weight: 400;">VARIACIÓN EN LA SINTOMATOLOGIA VICTIMAS DE VIOLENCIA</li>
<li style="font-weight: 400;">SINTOMATOLOGA RELACIONADA CON EL TRAUMA COMPLEJO</li>
<li style="font-weight: 400;">SINTESIS DEL CAPITULO</li>
</ol>
<p style="font-weight: 400;"><b><strong>CAPÍTULO II</strong></b><br />
<b><strong>ABORDAJE DE NIÑOS, NIÑAS Y ADOLESCENTES CON TRAUMA COMPLEJO</strong></b></p>
<ol>
<li style="font-weight: 400;">INTRODUCCIÓN</li>
<li style="font-weight: 400;">EVALUACIÓN E INFORMES RELACIONADOS CON TRAUMA COMPLEJO</li>
<li style="font-weight: 400;">ÚLTIMAS ACTUALIZACIONES EN INTERVENCIONES POSIBLES EN MATERIA A DE EVALUACIÓN E INFORMES RELACIONADOS CON TRAUMA COMPLEJO
<p>3.1. Nociones de intervención en crisis s para a contención inmediata<br />
3.2. Intervención reparatoria<br />
3.3. Intervenciones con víctimas de trauma interpersonal<br />
3.4. Modelos con apoyo empírico<br />
3.5. Modalidades de intervención</li>
<li style="font-weight: 400;">INSTITUCIONES INFORMADAS EN TRAUMA Y MODELOS DE ATENCIÓN INFORMADOS EN TRAUMA RESPECTO DE NIÑOS, NIÑAS Y ADOLESCENTES INSTITUCIONALIZADOS</li>
<li style="font-weight: 400;">OFERTA NACIONAL DE PROGRAMAS PARA EL ABORDAJE DEL TRAUMA COMPLEJO, ESPECIALMENTE EN LA COMPETENCIA DE FAMILIA</li>
<li style="font-weight: 400;">SINTESIS DEL CAPÍTULO</li>
</ol>
<p style="font-weight: 400;"><b><strong>CAPITULO III</strong></b><br />
<b><strong>TRAUMA COMPLEJO Y SUS ALCANCES EN EL ÁMBITO JUDICIAL</strong></b></p>
<ol>
<li style="font-weight: 400;">INTRODUCCIÓN</li>
<li style="font-weight: 400;">RECONOCIMIENTO DE SÍNTOMAS DEL TRAUMA COMPLEJO Y SU ABORDAJE E EN EL CONTEXIO</li>
<li style="font-weight: 400;">TRAUMA COMPLEJO Y APLICACIÓN DEL PRINCIPIO DEL INTERÉS SUPERIOR DEL NIÑO Y DETERMINACIÓN DE LA AUTONOMÍA PROGRESIVA
<p>3.1. Aspectos psicosociales implicados en el interés superior del niño que pue den estar relacionados el con trauma complejo<br />
3.2. Revisión del principio de autonomía análisis del trauma complejo a partir progresiva y de un enfoque evolutivo</li>
<li style="font-weight: 400;">TRAUMA COMPLEJO Y CONDICIONES DEL EJERCICIO DEL DERECHO A SER OÍDO EN TRIBUNALES DE FAMILIA
<p>4.1. Aspectos<br />
4.2. Condiciones del ejercicio del derecho a ser oído con relación al trauma complejo<br />
4.3. Propiciando una participación segura: directrices d uso de la sala Gesell</li>
<li style="font-weight: 400;">ENTREVISTA CON NIÑOS, NIÑAS Y ADOLESCENTES QUE PRESENTAN TRAUMA COMPLEJO</li>
</ol>
<p style="font-weight: 400;">5.1. Etapas de la entrevista<br />
5.2. Actitud del entrevistador o la entrevistadora</p>
<ol start="6">
<li style="font-weight: 400;">PROPUESTA DE PROCESOS DE TRABAJO PARA LA CONSEJERÍA TÉCNICA</li>
<li style="font-weight: 400;">SINTESIS DEL CAPÍTULO</li>
</ol>
<p style="font-weight: 400;"><b><strong>ANEXO: MATRIZ DE ACCIONES DE ABORDAJE DEL TRAUMA COMPLEJO</strong></b></p>

<p>EDICIÓN ACTUALIZADA A NOVIEMBRE AÑO 2024 / 136 Páginas</p>
<p>Buscas un libro Jurídico.? Lo puedes encontrar en nuestra tienda virtual.<br />
Contamos con prestigiosos autores y muchas alternativas en sus diferentes materias al igual que grandes descuentos.! Visítanos en <a class="eLkeKfLANpCeIaaehlTorHkfbdUHqQFXesk " tabindex="0" href="https://lnkd.in/eiAG7jdZ" target="_blank" rel="noopener" data-test-app-aware-link="">https://lnkd.in/eiAG7jdZ</a><br />
Escríbenos al +56930565235 / <a class="eLkeKfLANpCeIaaehlTorHkfbdUHqQFXesk " tabindex="0" href="mailto:ventaslegallexglobal@gmail.com" target="_self" data-test-app-aware-link="">ventaslegallexglobal@gmail.com</a><br />
Hacemos envíos a todo Chile – Starken o Correos Chile / Te esperamos</p>
<p>&nbsp;</p>
