{"id":2176,"date":"2026-02-28T00:59:02","date_gmt":"2026-02-28T03:59:02","guid":{"rendered":"https:\/\/bibliotecajuridicavirtual.cl\/?post_type=product&#038;p=2176"},"modified":"2026-02-28T00:59:36","modified_gmt":"2026-02-28T03:59:36","slug":"control-de-la-administracion-del-estado-manual-de-estudio-alejandro-carcamo-righetti-marzo-ano-2025-220-paginas","status":"publish","type":"product","link":"https:\/\/bibliotecajuridicavirtual.cl\/index.php\/product\/control-de-la-administracion-del-estado-manual-de-estudio-alejandro-carcamo-righetti-marzo-ano-2025-220-paginas\/","title":{"rendered":"Control de la Administraci\u00f3n del Estado &#8211; Manual de Estudio * Alejandro C\u00e1rcamo Righetti * Marzo a\u00f1o 2025, 220 p\u00e1ginas"},"content":{"rendered":"<p style=\"font-weight: 400;\">El presente libro aborda los principales t\u00f3picos normativos, jurisprudenciales, dogm\u00e1ticos y pr\u00e1cticos que involucra el estudio y an\u00e1lisis del control de la Administraci\u00f3n del Estado en el medio jur\u00eddico nacional.<\/p>\n<p style=\"font-weight: 400;\">El texto se encuentra estructurado o dividido pedag\u00f3gicamente en tres cap\u00edtulos o ac\u00e1pites.<\/p>\n<p style=\"font-weight: 400;\">En el primero de ellos, se estudian algunos aspectos generales del control de la Administraci\u00f3n del Estado, incluyendo el objeto de control, sus fundamentos constitucionales, legales y doctrinarios, as\u00ed como el concepto y las principales clasificaciones del control.<\/p>\n<p style=\"font-weight: 400;\">El segundo cap\u00edtulo est\u00e1 destinado al an\u00e1lisis del control interno de la Administraci\u00f3n del Estado, tanto por parte de las Autoridades y Jefaturas, de las Unidades o Departamentos de control interno, de las Instituciones Fiscalizadoras, como de la Contralor\u00eda General de la Rep\u00fablica. El texto revisa los principales mecanismos de control con que cuenta la propia Administraci\u00f3n, as\u00ed como aquellos que pueden ser utilizados por los administrados, precisando sus alcances y efectos.<\/p>\n<p style=\"font-weight: 400;\">En el tercer ac\u00e1pite se estudia el control externo de la Administraci\u00f3n P\u00fablica, tanto por parte de la C\u00e1mara de Diputados, de los Tribunales de Justicia y del Tribunal Constitucional. El autor se detiene en el an\u00e1lisis de los principales medios de control de que disponen los organismos p\u00fablicos se\u00f1alados para resguardar el Estado Democr\u00e1tico y Constitucional de Derecho y, en particular, la plena vigencia del principio de juridicidad.<\/p>\n<ol>\n<li style=\"font-weight: 400;\"><b><strong> ASPECTOS GENERALES DEL CONTROL DE LA ADMINISTRACI\u00d3N DEL ESTADO<\/strong><\/b><\/li>\n<li style=\"font-weight: 400;\">La actividad administrativa como objeto de control<\/li>\n<li style=\"font-weight: 400;\">Fundamentos doctrinarios del control<\/li>\n<li style=\"font-weight: 400;\">Fundamentos constitucionales y legales del control<\/li>\n<li style=\"font-weight: 400;\">Concepto de control<\/li>\n<li style=\"font-weight: 400;\">Clasificaci\u00f3n del control<br \/>\n5.1. Seg\u00fan el origen del control<br \/>\n5.2. Seg\u00fan el \u00f3rgano que ejecuta el control<br \/>\n5.3. Seg\u00fan la intervenci\u00f3n o participaci\u00f3n de los administrados<br \/>\n5.4. Seg\u00fan los elementos de la actuaci\u00f3n controlados<br \/>\n5.5. Seg\u00fan el momento del control<br \/>\n5.6. Seg\u00fan la completitud del control<br \/>\n5.7. Seg\u00fan los efectos del control<\/li>\n<li style=\"font-weight: 400;\"><b><strong> CONTROL INTERNO DE LA ADMINISTRACI\u00d3N DEL ESTADO<\/strong><\/b><\/li>\n<li style=\"font-weight: 400;\">Control interno. Consideraciones generales<\/li>\n<li style=\"font-weight: 400;\">Control de las Autoridades y Jefaturas: el control jer\u00e1rquico permanente<br \/>\n2.1. Medios de revisi\u00f3n del acto administrativo<br \/>\n2.1.1. La invalidaci\u00f3n administrativa<br \/>\n2.1.2. La revocaci\u00f3n del acto administrativo<br \/>\n2.1.3. Potestad de correcci\u00f3n de oficio<br \/>\n2.1.4. Recursos administrativos de reposici\u00f3n, jer\u00e1rquico y extraordinario de revisi\u00f3n<br \/>\n2.1.5. Suspensi\u00f3n de los efectos del acto administrativo impugnado<br \/>\n2.1.6. Aclaraci\u00f3n y rectificaci\u00f3n del acto administrativo<br \/>\n2.1.7. Obligaci\u00f3n de notificar a los interesados de la interposici\u00f3n de solicitudes de revisi\u00f3n o recursos administrativos respecto de un acto<br \/>\n2.1.8. Publicidad de resoluciones que acogen solicitudes de revisi\u00f3n o recursos administrativos<br \/>\n2.1.9. Regla de armonizaci\u00f3n entre la revisi\u00f3n administrativa y judicial de un acto administrativo<\/li>\n<li style=\"font-weight: 400;\">Control de las Unidades o Departamentos de control interno<\/li>\n<li style=\"font-weight: 400;\">Control de las Instituciones Fiscalizadoras<\/li>\n<li style=\"font-weight: 400;\">Control de la Contralor\u00eda General de la Rep\u00fablica<br \/>\n5.1. Aspectos generales<br \/>\n5.2. Funci\u00f3n de toma de raz\u00f3n y registro<br \/>\n5.3. Funci\u00f3n dictaminante<br \/>\n5.4. Funci\u00f3n de auditor\u00eda<br \/>\n5.5. Funci\u00f3n contable<br \/>\n5.6. Funci\u00f3n de examen y juzgamiento de cuentas<br \/>\n5.6.1. Aspectos generales<br \/>\n5.6.2. Responsabilidad de los funcionarios<br \/>\n5.6.3. Rendici\u00f3n de cuentas<br \/>\n5.6.4. Examen de cuentas<\/li>\n<\/ol>\n<p style=\"font-weight: 400;\">5.6.5. Juzgamiento de cuentas<\/p>\n<p style=\"font-weight: 400;\"><b><strong>III. CONTROL EXTERNO DE LA ADMINISTRACI\u00d3N DEL ESTADO<\/strong><\/b><\/p>\n<ol>\n<li style=\"font-weight: 400;\">Control externo. Consideraciones generales<\/li>\n<li style=\"font-weight: 400;\">Control de la C\u00e1mara de Diputados<br \/>\n2.1. Generalidades<br \/>\n2.2. Requisitos de la facultad fiscalizadora<br \/>\n2.3. Mecanismos de control pol\u00edtico<br \/>\n2.4. \u00bfEs la acusaci\u00f3n constitucional un mecanismo de control pol\u00edtico?<\/li>\n<li style=\"font-weight: 400;\">Control de los Tribunales de Justicia<\/li>\n<\/ol>\n<p style=\"font-weight: 400;\">3.1. Generalidades<br \/>\n3.2. Breve revisi\u00f3n de los hitos hist\u00f3ricos del contencioso administrativo en Chile hasta nuestros d\u00edas<br \/>\n3.3. Fundamentos a favor de contar con tribunales contencioso administrativos especializados3.4. El derecho a la tutela judicial efectiva y de acceso a la jurisdicci\u00f3n m en el Derecho administrativo<br \/>\n3.5. Clasificaci\u00f3n de las acciones contencioso administrativas<br \/>\n3.6. Alcance o extensi\u00f3n del control judicial. Algunos aspectos procesales<br \/>\n3.7. Algunas acciones contencioso administrativas<br \/>\n3.7.1. Acciones contencioso administrativas constitucionales<br \/>\n3.7.1.1. Acci\u00f3n de protecci\u00f3n de garant\u00edas constitucionales<br \/>\n3.7.1.2. Acci\u00f3n de reclamaci\u00f3n por p\u00e9rdida o desconocimiento de la nacionalidad chilena<br \/>\n3.7.1.3. Acci\u00f3n de Nulidad de Derecho P\u00fablico<br \/>\n3.7.1.4. Acciones expropiatorias<br \/>\n3.7.1.5. Acci\u00f3n de amparo o habeas corpus<br \/>\n3.7.2. Algunas acciones contencioso administrativas legales<br \/>\n3.7.2.1. Acci\u00f3n de reclamaci\u00f3n por ilegalidad regional<br \/>\n3.7.2.2. Acci\u00f3n de reclamaci\u00f3n por ilegalidad municipal<br \/>\n3.7.2.3. Acci\u00f3n de amparo econ\u00f3mico<br \/>\n3.7.2.4. Generalidades sobre otras acciones de reclamaci\u00f3n por ilegalidad<\/p>\n<ol start=\"4\">\n<li style=\"font-weight: 400;\">Control del Tribunal Constitucional<br \/>\n4.1. Generalidades<br \/>\n4.2. Revisi\u00f3n de atribuciones del Tribunal Constitucional en materia de control de la Administraci\u00f3n<br \/>\n4.3. \u00bfPuede el Tribunal Constitucional ser considerado como un organismo jurisdiccional con competencia contenciosa administrativa?<br \/>\n4.4. El requerimiento de inaplicabilidad por inconstitucionalidad como mecanismo de control indirecto de la Administraci\u00f3n del Estado<\/li>\n<li style=\"font-weight: 400;\">Control del Ombudsman o Defensor del Pueblo<\/li>\n<\/ol>\n<p style=\"font-weight: 400;\">5.1. Generalidades<br \/>\n5.2. Algunas Instituciones que se asemejan parcialmente<br \/>\n5.2.1. El Instituto Nacional de Derechos Humanos<br \/>\n5.2.2. La Defensor\u00eda de la Ni\u00f1ez y la Defensor\u00eda del Contribuyente<\/p>\n","protected":false},"excerpt":{"rendered":"<p>Buscas un libro Jur\u00eddico.? Lo puedes encontrar en nuestra tienda virtual.<br \/>\nContamos con prestigiosos autores y muchas alternativas en sus diferentes materias al igual que grandes descuentos.! Vis\u00edtanos en <a class=\"CrCGXEFrSeQMLGjdFHyODrzPbntGyfKQyPBYE \" tabindex=\"0\" href=\"https:\/\/lnkd.in\/eiAG7jdZ\" target=\"_blank\" rel=\"noopener\" data-test-app-aware-link=\"\">https:\/\/lnkd.in\/eiAG7jdZ<\/a><br \/>\nEscr\u00edbenos al +56930565235 \/ <a class=\"CrCGXEFrSeQMLGjdFHyODrzPbntGyfKQyPBYE \" tabindex=\"0\" href=\"mailto:ventaslegallexglobal@gmail.com\" target=\"_self\" data-test-app-aware-link=\"\">ventaslegallexglobal@gmail.com<\/a><br \/>\nHacemos env\u00edos a todo Chile \u2013 Starken o Correos Chile \/ Te esperamos<\/p>\n","protected":false},"featured_media":2222,"comment_status":"open","ping_status":"closed","template":"","meta":{"inline_featured_image":false,"_joinchat":[]},"product_brand":[],"product_cat":[45,27,33,26],"product_tag":[],"class_list":{"0":"post-2176","1":"product","2":"type-product","3":"status-publish","4":"has-post-thumbnail","6":"product_cat-administrativo","7":"product_cat-civil","8":"product_cat-constitucional","9":"product_cat-derecho","11":"first","12":"instock","13":"shipping-taxable","14":"purchasable","15":"product-type-simple"},"_links":{"self":[{"href":"https:\/\/bibliotecajuridicavirtual.cl\/index.php\/wp-json\/wp\/v2\/product\/2176","targetHints":{"allow":["GET"]}}],"collection":[{"href":"https:\/\/bibliotecajuridicavirtual.cl\/index.php\/wp-json\/wp\/v2\/product"}],"about":[{"href":"https:\/\/bibliotecajuridicavirtual.cl\/index.php\/wp-json\/wp\/v2\/types\/product"}],"replies":[{"embeddable":true,"href":"https:\/\/bibliotecajuridicavirtual.cl\/index.php\/wp-json\/wp\/v2\/comments?post=2176"}],"wp:featuredmedia":[{"embeddable":true,"href":"https:\/\/bibliotecajuridicavirtual.cl\/index.php\/wp-json\/wp\/v2\/media\/2222"}],"wp:attachment":[{"href":"https:\/\/bibliotecajuridicavirtual.cl\/index.php\/wp-json\/wp\/v2\/media?parent=2176"}],"wp:term":[{"taxonomy":"product_brand","embeddable":true,"href":"https:\/\/bibliotecajuridicavirtual.cl\/index.php\/wp-json\/wp\/v2\/product_brand?post=2176"},{"taxonomy":"product_cat","embeddable":true,"href":"https:\/\/bibliotecajuridicavirtual.cl\/index.php\/wp-json\/wp\/v2\/product_cat?post=2176"},{"taxonomy":"product_tag","embeddable":true,"href":"https:\/\/bibliotecajuridicavirtual.cl\/index.php\/wp-json\/wp\/v2\/product_tag?post=2176"}],"curies":[{"name":"wp","href":"https:\/\/api.w.org\/{rel}","templated":true}]}}