{"id":2199,"date":"2026-02-28T00:59:24","date_gmt":"2026-02-28T03:59:24","guid":{"rendered":"https:\/\/bibliotecajuridicavirtual.cl\/?post_type=product&#038;p=2199"},"modified":"2026-02-28T00:59:40","modified_gmt":"2026-02-28T03:59:40","slug":"medidas-cautelares-medidas-prejudiciales-y-precautorias-eric-andres-chavez-chavez-edicion-2025-152-pag","status":"publish","type":"product","link":"https:\/\/bibliotecajuridicavirtual.cl\/index.php\/product\/medidas-cautelares-medidas-prejudiciales-y-precautorias-eric-andres-chavez-chavez-edicion-2025-152-pag\/","title":{"rendered":"Medidas Cautelares * Medidas Prejudiciales y Precautorias * Eric Andr\u00e9s Ch\u00e1vez Ch\u00e1vez &#8211; edici\u00f3n 2025 &#8211; 152 P\u00e1g."},"content":{"rendered":"<p style=\"font-weight: 400;\">En esta materia se hace la divisi\u00f3n cl\u00e1sica, indic\u00e1ndose, en su caso la pr\u00e1ctica forense o formulario, con las adaptaciones del caso.<\/p>\n<p style=\"font-weight: 400;\">Esperemos que pueda ser de utilidad a los abogados en el ejercicio profesional este libro, y todos a quienes quieran acercarse al estudio de esta materia y su forma de ejercicio mismo en los tribunales, sin perder de vista que muchas veces rige la llamada \u201cley del tribunal\u201d.<\/p>\n<p style=\"font-weight: 400;\"><b><strong>1\u00aa PARTE<\/strong><\/b><br \/>\n<b><strong>GENERALIDADES<\/strong><\/b><\/p>\n<p style=\"font-weight: 400;\">Concepto<br \/>\nCaracter\u00edsticas<br \/>\nClasificaci\u00f3n de las medidas prejudiciales<\/p>\n<ol>\n<li style=\"font-weight: 400;\">En atenci\u00f3n a su finalidad<br \/>\nII. En atenci\u00f3n a su calidad preparatoria<br \/>\nIII. En atenci\u00f3n a su calidad probatoria<br \/>\nIV. En atenci\u00f3n a su aseguramiento Precautorias<\/li>\n<\/ol>\n<p style=\"font-weight: 400;\">Presupuestos de aplicaci\u00f3n o justificaci\u00f3n para su otorgamiento<\/p>\n<ol>\n<li style=\"font-weight: 400;\">El periculum in mora<br \/>\n2. Fumus boni iuris<\/li>\n<\/ol>\n<p style=\"font-weight: 400;\"><b><strong>2\u00aa PARTE<\/strong><\/b><br \/>\n<b><strong>MEDIDAS PREJUDICIALES<\/strong><\/b><\/p>\n<p style=\"font-weight: 400;\">Concepto<br \/>\nTitular<br \/>\nCaracter\u00edsticas<br \/>\nRequisitos generales para decretar medidas prejudiciales<br \/>\n1. Requisitos generales aplicables<br \/>\n2. Requisito especifico<br \/>\n\u00bfEs una obligaci\u00f3n del solicitante que pida la medida prejudicial? An\u00e1lisis particular medidas prejudiciales<br \/>\n1. Declaraci\u00f3n jurada acerca de un derecho relativo a su capacidad para parecer en juicio o a su personer\u00eda o al nombre y domicilio de sus representantes<br \/>\n2. La exhibici\u00f3n de la cosa que haya de ser objeto de la acci\u00f3n que se trata de entablar<br \/>\n3. La exhibici\u00f3n de sentencias, testamentos, inventarios, tasaciones, t\u00edtulos de propiedad u otros instrumentos p\u00fablicos o privados que por su naturaleza puedan interesar a diversas personas<br \/>\n4. Exhibici\u00f3n de los libros de contabilidad relativos a negocios en que tenga parte el solicitante, sin perjuicio de lo dispuesto en el art\u00edculo 42 y 43 del C\u00f3digo de Comercio<br \/>\n5. Reconocimiento jurado de firma puesto en instrumento privado<br \/>\n6. Si aquel a quien se intenta demandar expone ser simple tenedor de la cosa<br \/>\n7. Que constituya o nombre en el lugar donde se va a llevar el juicio apoderado que lo represente y que responda de las costas y multas<br \/>\nPr\u00e1ctica Forense<\/p>\n<p style=\"font-weight: 400;\"><b><strong>3\u00aa PARTE<\/strong><\/b><br \/>\n<b><strong>MEDIDAS PREJUDICIALES PROBATORIAS<\/strong><\/b><\/p>\n<p style=\"font-weight: 400;\">Concepto<br \/>\nTitular<br \/>\nCaracter\u00edsticas<br \/>\nRequisitos<br \/>\n1. Requisitos generales o com\u00fan para el otorgamiento de toda medida prejudicial<br \/>\n2. Requisito espec\u00edfico para el otorgamiento de una medida prejudicial probatoria<br \/>\nAn\u00e1lisis particular medidas prejudiciales probatorias<br \/>\n1. La inspecci\u00f3n personal del tribunal, informe de peritos nombrados por el mismo tribunal, o certificado de ministro de fe<br \/>\n2. La absoluci\u00f3n de posiciones<br \/>\n3.\u00a0\u00a0Prueba de testigos<br \/>\nPr\u00e1ctica Forense<\/p>\n<p style=\"font-weight: 400;\"><b><strong>4\u00aa PARTE<\/strong><\/b><br \/>\n<b><strong>LAS MEDIDAS PRECAUTORIAS<\/strong><\/b><\/p>\n<p>Concepto<br \/>\nFinalidad de las medidas precautorias<br \/>\nCaracter\u00edsticas de las medidas precautorias<br \/>\nMedidas precautorias en particular<br \/>\n1. Secuestro de la cosa que es objeto de la demanda<br \/>\n2. El nombramiento de uno o m\u00e1s interventores<br \/>\n3. Retenci\u00f3n de bienes determinados<br \/>\n4. La prohibici\u00f3n de celebrar actos o contratos sobre bienes determinado<br \/>\nTitulares<br \/>\nRequisitos para la concesi\u00f3n de las medidas precautorias<br \/>\n1. Requisitos generales a toda medida precautoria<br \/>\n2. Requisitos especiales<br \/>\n3. Cuando se trata medidas no autorizadas en la ley, rendir cauci\u00f3n<br \/>\n4.Requisitos de las medidas prejudiciales precautorias<br \/>\nOportunidad para oponer las medidas precautorias<br \/>\nTramitaci\u00f3n, oposici\u00f3n, caducidad y alzamiento de las medidas precautorias<br \/>\n1. Tramitaci\u00f3n<br \/>\n2. Oposici\u00f3n<br \/>\n3. Caducidad<br \/>\n4. Alzamiento<br \/>\nEfectos que producen las medidas precautorias<br \/>\nPr\u00e1ctica Forense<\/p>\n<p style=\"font-weight: 400;\"><b><strong>5\u00aa PARTE<\/strong><\/b><br \/>\n<b><strong>MEDIDAS PREJUDICIALES PRECAUTORIAS<\/strong><\/b><\/p>\n<p style=\"font-weight: 400;\">Concepto<br \/>\nCaracter\u00edsticas<br \/>\nRequisitos<br \/>\n1. Requisitos comunes a toda medida prejudicial<br \/>\n2. Requisito espec\u00edficos o particulares<br \/>\nTramitaci\u00f3n<br \/>\nI. Presentaci\u00f3n de la solicitud al Juzgado<br \/>\nII. Resoluci\u00f3n por parte del juez de la solicitud<br \/>\nIII. Notificaci\u00f3n<br \/>\nCaducidad<br \/>\nSanci\u00f3n<\/p>\n<p style=\"font-weight: 400;\">Pr\u00e1ctica forense<\/p>\n","protected":false},"excerpt":{"rendered":"<p>Buscas un libro Jur\u00eddico.? Lo puedes encontrar en nuestra tienda virtual.<br \/>\nContamos con prestigiosos autores y muchas alternativas en sus diferentes materias al igual que grandes descuentos.! Vis\u00edtanos en <a class=\"eETATgYTipaVsmrBChiBJJvFsdPhNpulhPZUVLHLo \" tabindex=\"0\" href=\"https:\/\/lnkd.in\/eiAG7jdZ\" target=\"_blank\" rel=\"noopener\" data-test-app-aware-link=\"\">https:\/\/lnkd.in\/eiAG7jdZ<\/a><br \/>\nEscr\u00edbenos al +56930565235 \/ <a class=\"eETATgYTipaVsmrBChiBJJvFsdPhNpulhPZUVLHLo \" tabindex=\"0\" href=\"mailto:ventaslegallexglobal@gmail.com\" target=\"_self\" data-test-app-aware-link=\"\">ventaslegallexglobal@gmail.com<\/a><br \/>\nHacemos env\u00edos a todo Chile \u2013 Starken o Correos Chile \/ Te esperamos<\/p>\n","protected":false},"featured_media":2229,"comment_status":"open","ping_status":"closed","template":"","meta":{"inline_featured_image":false,"_joinchat":[]},"product_brand":[],"product_cat":[26],"product_tag":[],"class_list":{"0":"post-2199","1":"product","2":"type-product","3":"status-publish","4":"has-post-thumbnail","6":"product_cat-derecho","8":"first","9":"instock","10":"shipping-taxable","11":"purchasable","12":"product-type-simple"},"_links":{"self":[{"href":"https:\/\/bibliotecajuridicavirtual.cl\/index.php\/wp-json\/wp\/v2\/product\/2199","targetHints":{"allow":["GET"]}}],"collection":[{"href":"https:\/\/bibliotecajuridicavirtual.cl\/index.php\/wp-json\/wp\/v2\/product"}],"about":[{"href":"https:\/\/bibliotecajuridicavirtual.cl\/index.php\/wp-json\/wp\/v2\/types\/product"}],"replies":[{"embeddable":true,"href":"https:\/\/bibliotecajuridicavirtual.cl\/index.php\/wp-json\/wp\/v2\/comments?post=2199"}],"wp:featuredmedia":[{"embeddable":true,"href":"https:\/\/bibliotecajuridicavirtual.cl\/index.php\/wp-json\/wp\/v2\/media\/2229"}],"wp:attachment":[{"href":"https:\/\/bibliotecajuridicavirtual.cl\/index.php\/wp-json\/wp\/v2\/media?parent=2199"}],"wp:term":[{"taxonomy":"product_brand","embeddable":true,"href":"https:\/\/bibliotecajuridicavirtual.cl\/index.php\/wp-json\/wp\/v2\/product_brand?post=2199"},{"taxonomy":"product_cat","embeddable":true,"href":"https:\/\/bibliotecajuridicavirtual.cl\/index.php\/wp-json\/wp\/v2\/product_cat?post=2199"},{"taxonomy":"product_tag","embeddable":true,"href":"https:\/\/bibliotecajuridicavirtual.cl\/index.php\/wp-json\/wp\/v2\/product_tag?post=2199"}],"curies":[{"name":"wp","href":"https:\/\/api.w.org\/{rel}","templated":true}]}}