{"id":2200,"date":"2026-02-28T00:59:24","date_gmt":"2026-02-28T03:59:24","guid":{"rendered":"https:\/\/bibliotecajuridicavirtual.cl\/?post_type=product&#038;p=2200"},"modified":"2026-02-28T00:59:43","modified_gmt":"2026-02-28T03:59:43","slug":"derecho-del-trabajo-medioambiente-y-transicion-justa-ezio-costa-paulina-alvarado-axel-gottschalk-1-edicion-actualizada-ano-2025-260-pag","status":"publish","type":"product","link":"https:\/\/bibliotecajuridicavirtual.cl\/index.php\/product\/derecho-del-trabajo-medioambiente-y-transicion-justa-ezio-costa-paulina-alvarado-axel-gottschalk-1-edicion-actualizada-ano-2025-260-pag\/","title":{"rendered":"Derecho del Trabajo, Medioambiente y Transici\u00f3n Justa *  Ezio Costa &#8211; Paulina Alvarado &#8211; Axel Gottschalk \/ 1\u00b0 Edici\u00f3n actualizada a\u00f1o 2025 &#8211; 260 P\u00e1g."},"content":{"rendered":"<p class=\"thomsonreuterscl-dynamic-description-0-x-dynamicDescriptionItem\">Esta obra aborda la relaci\u00f3n entre dos \u00e1mbitos del derecho que han permanecido generalmente separados y puestos en aparente contradicci\u00f3n, como son el Derecho del Trabajo y el Derecho Medioambiental, planteando, a contrario sensu, la radical necesidad y posibilidad de que exista una perspectiva com\u00fan normativa para regular los fen\u00f3menos laborales y medioambientales.<\/p>\n<p class=\"thomsonreuterscl-dynamic-description-0-x-dynamicDescriptionItem\">Dicha cuesti\u00f3n aparece como una exigencia no solo desde el punto de vista del derecho, sino como una&lt;br\/&gt;imperiosa necesidad desde el punto de vista social y pol\u00edtico a partir de la emergencia clim\u00e1tica que vivimos. La pretensi\u00f3n del libro es proponer, entonces, una respuesta articulada desde el Derecho del Trabajo y el Derecho Medioambiental que posibiliten una transici\u00f3n justa para enfrentar la grave emergencia clim\u00e1tica que vivimos, abriendo un debate urgente y necesario.<\/p>\n<p class=\"thomsonreuterscl-dynamic-description-0-x-dynamicDescriptionItem\">Para ello, la obra abordar\u00e1 tem\u00e1ticas como la transici\u00f3n justa, la libertad sindical como condici\u00f3n de posibilidad de ella, el rol de los sindicatos, la negociaci\u00f3n colectiva multinivel y la huelga en la transici\u00f3n socioecol\u00f3gica, la perspectiva de g\u00e9nero de la transici\u00f3n justa, el rol de las nuevas tecnolog\u00edas frente al derecho laboral y ambiental y el rol de la responsabilidad social empresarial, entre otras, mediante una obra colaborativa con diversos autores expertos en cada una de las materias desde un punto de vista te\u00f3rico y pr\u00e1ctico.<\/p>\n","protected":false},"excerpt":{"rendered":"<p>Buscas un libro Jur\u00eddico.? Lo puedes encontrar en nuestra tienda virtual.<br \/>\nContamos con prestigiosos autores y muchas alternativas en sus diferentes materias al igual que grandes descuentos.! Vis\u00edtanos en <a class=\"eETATgYTipaVsmrBChiBJJvFsdPhNpulhPZUVLHLo \" tabindex=\"0\" href=\"https:\/\/lnkd.in\/eiAG7jdZ\" target=\"_blank\" rel=\"noopener\" data-test-app-aware-link=\"\">https:\/\/lnkd.in\/eiAG7jdZ<\/a><br \/>\nEscr\u00edbenos al +56930565235 \/ <a class=\"eETATgYTipaVsmrBChiBJJvFsdPhNpulhPZUVLHLo \" tabindex=\"0\" href=\"mailto:ventaslegallexglobal@gmail.com\" target=\"_self\" data-test-app-aware-link=\"\">ventaslegallexglobal@gmail.com<\/a><br \/>\nHacemos env\u00edos a todo Chile \u2013 Starken o Correos Chile \/ Te esperamos<\/p>\n","protected":false},"featured_media":2230,"comment_status":"open","ping_status":"closed","template":"","meta":{"inline_featured_image":false,"_joinchat":[]},"product_brand":[],"product_cat":[26,53,41],"product_tag":[],"class_list":{"0":"post-2200","1":"product","2":"type-product","3":"status-publish","4":"has-post-thumbnail","6":"product_cat-derecho","7":"product_cat-derecho-medioambiental","8":"product_cat-laboral","10":"first","11":"instock","12":"shipping-taxable","13":"purchasable","14":"product-type-simple"},"_links":{"self":[{"href":"https:\/\/bibliotecajuridicavirtual.cl\/index.php\/wp-json\/wp\/v2\/product\/2200","targetHints":{"allow":["GET"]}}],"collection":[{"href":"https:\/\/bibliotecajuridicavirtual.cl\/index.php\/wp-json\/wp\/v2\/product"}],"about":[{"href":"https:\/\/bibliotecajuridicavirtual.cl\/index.php\/wp-json\/wp\/v2\/types\/product"}],"replies":[{"embeddable":true,"href":"https:\/\/bibliotecajuridicavirtual.cl\/index.php\/wp-json\/wp\/v2\/comments?post=2200"}],"wp:featuredmedia":[{"embeddable":true,"href":"https:\/\/bibliotecajuridicavirtual.cl\/index.php\/wp-json\/wp\/v2\/media\/2230"}],"wp:attachment":[{"href":"https:\/\/bibliotecajuridicavirtual.cl\/index.php\/wp-json\/wp\/v2\/media?parent=2200"}],"wp:term":[{"taxonomy":"product_brand","embeddable":true,"href":"https:\/\/bibliotecajuridicavirtual.cl\/index.php\/wp-json\/wp\/v2\/product_brand?post=2200"},{"taxonomy":"product_cat","embeddable":true,"href":"https:\/\/bibliotecajuridicavirtual.cl\/index.php\/wp-json\/wp\/v2\/product_cat?post=2200"},{"taxonomy":"product_tag","embeddable":true,"href":"https:\/\/bibliotecajuridicavirtual.cl\/index.php\/wp-json\/wp\/v2\/product_tag?post=2200"}],"curies":[{"name":"wp","href":"https:\/\/api.w.org\/{rel}","templated":true}]}}