{"id":2201,"date":"2026-02-28T00:59:24","date_gmt":"2026-02-28T03:59:24","guid":{"rendered":"https:\/\/bibliotecajuridicavirtual.cl\/?post_type=product&#038;p=2201"},"modified":"2026-02-28T00:59:44","modified_gmt":"2026-02-28T03:59:44","slug":"la-sociedad-de-responsabilidad-limitada-la-sociedad-colectiva-y-la-sociedad-en-comandita-simple-juan-e-puga-vial-1-edicion-abril-ano-2025476-pag","status":"publish","type":"product","link":"https:\/\/bibliotecajuridicavirtual.cl\/index.php\/product\/la-sociedad-de-responsabilidad-limitada-la-sociedad-colectiva-y-la-sociedad-en-comandita-simple-juan-e-puga-vial-1-edicion-abril-ano-2025476-pag\/","title":{"rendered":"La Sociedad de Responsabilidad Limitada, La Sociedad Colectiva y la Sociedad en Comandita Simple * Juan E. Puga Vial &#8211; 1\u00b0 edici\u00f3n, abril a\u00f1o 2025*476 P\u00e1g."},"content":{"rendered":"<p style=\"font-weight: 400;\">No se trata de escribir este texto a t\u00edtulo de epitafio de las sociedades colectivas, pues a\u00fan existen y existir\u00e1n muchas de ellas y por tanto su estudio tiene un inter\u00e9s pr\u00e1ctico. Pero, adem\u00e1s estas sociedades son instrumentos que como esos abandonado en un caj\u00f3n, recobran por el cambio de circunstancias su inter\u00e9s, y utilidad, de forma que nunca est\u00e1 de m\u00e1s mantenerlos a buen recaudo para cuando emerja la necesidad tenerlos en forma,<\/p>\n<p style=\"font-weight: 400;\">Como siempre, escribimos este texto para formular nuestra propia visi\u00f3n de las sociedades colectivas y no como una mera recopilaci\u00f3n de lo escrito por otros autores.<\/p>\n<p style=\"font-weight: 400;\"><b><strong>PRIMERA PARTE<\/strong><\/b><br \/>\n<b><strong>PRE\u00c1MBULO<\/strong><\/b><\/p>\n<ol>\n<li style=\"font-weight: 400;\">INTRODUCCI\u00d3N<\/li>\n<li style=\"font-weight: 400;\">NOTICIA SOBRE EL DESARROLLO HIST\u00d3RICO DE LAS SOCIEDADES PERSONALISTAS<\/li>\n<\/ol>\n<p style=\"font-weight: 400;\">2.1. Roma<br \/>\n2.2. La compagnia medieval<br \/>\n2.3. La sociedad colectiva antes de la Revoluci\u00f3n Industrial<br \/>\n2.4. Los desarrollos del siglo XIX y el reconocimiento de las sociedades colectivas como sujetos de derecho<br \/>\n2.5. Declinaci\u00f3n de la sociedad colectiva<\/p>\n<p style=\"font-weight: 400;\">III. NOCI\u00d3N Y CLASES DE SOCIEDADES DE PERSONAS O COLECTIVAS<\/p>\n<p style=\"font-weight: 400;\">3.1. Noci\u00f3n de sociedad de personas<br \/>\n3.2. Clases de sociedades de personas<\/p>\n<ol>\n<li style=\"font-weight: 400;\">DEFINICI\u00d3N DE SOCIEDAD DE PERSONAS Y CARACTER\u00cdSTICAS DEL CONTRATO DE SOCIEDAD<\/li>\n<\/ol>\n<p style=\"font-weight: 400;\">4.1. Definici\u00f3n<br \/>\n4.1.1. Cr\u00edtica a la definici\u00f3n del C\u00f3digo Civil<br \/>\n4.1.2. Otras definiciones<br \/>\n4.2. Caracter\u00edsticas del contrato de sociedad y diferencias con otros contratos o cuasicontratos<br \/>\n4.2.1. Caracter\u00edsticas del contrato de sociedad<br \/>\n4.2.2. Diferencia con la comunidad y con otros contratos<br \/>\n4.2.2.1. Sociedad y comunidad<br \/>\n4.2.2.2. Diferencias con el contrato de trabajo<br \/>\n4.2.2.3. Diferencias con el contrato de trabajo<br \/>\n4.2.2.4. Diferencias con la donaci\u00f3n<br \/>\n4.2.2.5. Diferencia con el contrato de mandato<br \/>\n4.2.2.6. Diferencia con el contrato de mutuo<\/p>\n<p>V. INTERPRETACI\u00d3N DEL CONTRATO DE SOCIEDAD<\/p>\n<ol>\n<li style=\"font-weight: 400;\">LIMITACIONES A LA AUTONOM\u00cdA DE LA VOLUNTAD. PRINCIPIO DE LA TIPICIDAD<\/li>\n<\/ol>\n<p style=\"font-weight: 400;\">VII. NATURALEZA DEL ACTO CONSTITUTIVO DE LA<\/p>\n<p style=\"font-weight: 400;\">VIII. ELEMENTOS DEL CONTRATO DE SOCIEDAD<\/p>\n<p>8.1. Generalidades<br \/>\n8.2. La pluralidad de socios<br \/>\n8.2.1. La pluralidad de socios y el contrato entre esposos<br \/>\n8.3. El emprendimiento com\u00fan<br \/>\n8.4. La obligaci\u00f3n de aporte<br \/>\n8.4.1. Generalidades<br \/>\n8.4.2. Nociones dogm\u00e1ticas<br \/>\n8.4.3. Valorizaci\u00f3n de los aportes<br \/>\n8.4.4. Bienes susceptibles de aportaci\u00f3n<br \/>\n8.4.5. Los aportes extraordinarios<br \/>\n8.4.6. Obligaci\u00f3n de saneamiento del aportante<br \/>\n8.4.7. Incumplimiento de la obligaci\u00f3n de aporte<br \/>\n8.4.8. \u00bfQui\u00e9n pude hacer efectiva la responsabilidad por incumplimiento de la obligaci\u00f3n de aporte?<br \/>\n8.4.9. Aporte y devoluci\u00f3n de aportes<br \/>\n8.4.10. Sociedad sin aportes<br \/>\n8.4.11. Diferencia entre aporte y responsabilidad de los socios colectivos<br \/>\n8.4.12. Los aportes para capitalizaciones futuras<br \/>\n8.5. El riesgo com\u00fan (communicatio lucri et damni)<br \/>\n8.6. El fin de lucro<br \/>\n8.7. La affectio societatis<\/p>\n<p style=\"font-weight: 400;\"><b><strong>SEGUNDA PARTE<\/strong><\/b><br \/>\n<b><strong>CONSTITUCI\u00d3N DE LAS SOCIEDADES COLECTIVAS<\/strong><\/b><\/p>\n<ol>\n<li style=\"font-weight: 400;\">FORMALIDADES DE TODA SOCIEDAD MERCANTIL<\/li>\n<li style=\"font-weight: 400;\">CONTENIDO DE LA ESCRITURA DE CONSTITUCI\u00d3N DE SOCIEDAD<\/li>\n<\/ol>\n<p style=\"font-weight: 400;\">2.1. Los nombres, apellidos y domicilios de los socios<br \/>\n2.2. La raz\u00f3n o firma social<br \/>\n2.3. Los socios encargados de la administraci\u00f3n y uso de la raz\u00f3n social<br \/>\n2.4. El capital que introduce cada uno de los socios<br \/>\n2.5. Las negociaciones sobre que deba versar el giro de la sociedad<br \/>\n2.6. La parte de los beneficios o p\u00e9rdidas que se asigne a cada socio capitalista o industrial<br \/>\n2.7. La \u00e9poca en que la sociedad debe principiar y disolverse<br \/>\n2.7.1. \u00c9pocas fijadas por condiciones suspensivas o resolutorias<br \/>\n2.8. La cantidad que puede tomar anualmente cada socio para sus gastos particulares<br \/>\n2.9. La forma en que ha de verificarse la liquidaci\u00f3n y divisi\u00f3n del haber social<br \/>\n2.10. La cl\u00e1usula arbitral<br \/>\n2.11. El domicilio de la sociedad<br \/>\n2.12. Los dem\u00e1s pactos que acordaren los socios<\/p>\n<p style=\"font-weight: 400;\">III. EL EXTRACTO DE LA ESCRITURA<\/p>\n<ol>\n<li style=\"font-weight: 400;\">LA NULIDAD DE LAS SOCIEDADES COLECTIVAS<\/li>\n<\/ol>\n<p style=\"font-weight: 400;\">4.1. Nulidad por vicios de fondo. Validez de los actos otorgados por sociedades nulas<br \/>\n4.2. Nulidad por vicios de forma<br \/>\n4.3. Procedimiento y efectos del saneamiento de los vicios formales<br \/>\n4.4. Sociedades de hecho o irregulares en el derecho comparado<br \/>\n4.4.1. La sociedad que existe de hecho<br \/>\n4.4.2. Las sociedades de hecho<br \/>\n4.5. La raz\u00f3n social de las sociedades colectivas<br \/>\n4.6. La administraci\u00f3n de la sociedad<br \/>\n4.6.1. Generalidades<br \/>\n4.6.2. Administraci\u00f3n y representaci\u00f3n<br \/>\n4.6.3. Naturaleza jur\u00eddica del v\u00ednculo de los administradores con la sociedad<br \/>\n4.6.4. Naturaleza org\u00e1nica de la administraci\u00f3n de las sociedades personalistas<br \/>\n4.6.5. Administraci\u00f3n por todos los socios<br \/>\n4.6.5.1. Actos no comprendidos en el giro social<br \/>\n4.6.5.2. El derecho de oposici\u00f3n de los socios<br \/>\n4.6.6. Administraci\u00f3n por uno o algunos socios. Renuncia y Remoci\u00f3n<br \/>\n4.6.7. Noci\u00f3n dogm\u00e1tica de administraci\u00f3n por delegados extra\u00f1os a la sociedad<br \/>\n4.6.8. De la responsabilidad de los administradores<br \/>\n4.6.9. La rendici\u00f3n de cuentas de los administradores<br \/>\n4.6.10. El derecho de los socios al libre acceso a la contabilidad y antecedentes sociales<br \/>\n4.11. Las asambleas de socios y los votos de mayor\u00eda y la reforma de estatutos<br \/>\n4.7. De la responsabilidad de los socios en las sociedades de personas<br \/>\n4.7.1. De la responsabilidad de los socios en las sociedades colectivas<br \/>\n4.7.1.1. Naturaleza jur\u00eddica de la responsabilidad de los socios<br \/>\n4.7.1.2. L\u00edmites temporales a la responsabilidad de los socios<br \/>\n4.7.1.3. L\u00edmites de responsabilidad por el objeto de la obligaci\u00f3n<br \/>\n4.7.1.4. Responsabilidades de los socios por cr\u00e9ditos de otro socio<br \/>\n4.7.2. De la responsabilidad de los socios en las sociedades de responsabilidad limitada<br \/>\n4.7.3. Responsabilidad civil de la sociedad<br \/>\n4.7.3.1. Responsabilidad civil contractual<br \/>\n4.7.3.2. Responsabilidad extracontractual de la sociedad<br \/>\n4.8. Relaciones internas de la sociedad. Deberes y prohibiciones de los socios entre s\u00ed<br \/>\n4.8.1. Generalidades<br \/>\n4.8.2. El deber de lealtad<br \/>\n4.8.1. Las cl\u00e1usulas estatutarias de no competencia<br \/>\n4.8.3. El deber de cuidado<br \/>\n4.8.4. El deber de buena fe<br \/>\n4.8.5. Exenci\u00f3n o atenuaci\u00f3n de los deberes entre los socios<br \/>\n4.9. Las relaciones externas de la sociedad. La sociedad y los terceros<br \/>\n4.10. Los derechos sociales. Naturaleza y embargabilidad<br \/>\n4.10.1. Naturaleza jur\u00eddica<br \/>\n4.10.2. Ejecuci\u00f3n forzada de los derechos del socio en la sociedad<br \/>\n4.10.3 El contrato de subsociedad<\/p>\n<p style=\"font-weight: 400;\"><b><strong>TERCERA PARTE<\/strong><\/b><br \/>\n<b><strong>MODIFICACIONES ESTRUCTURALES EN LAS SOCIEDADES DE PERSONAS<\/strong><\/b><\/p>\n<ol>\n<li style=\"font-weight: 400;\">TRANSFORMACI\u00d3N DE LAS SOCIEDADES DE PERSONAS<br \/>\nII. LA FUSI\u00d3N EN LAS SOCIEDADES DE PERSONAS<br \/>\nIII. DIVISI\u00d3N DE UNA SOCIEDAD DE PERSONAS<\/li>\n<\/ol>\n<p style=\"font-weight: 400;\"><b><strong>CUARTA PARTE<\/strong><\/b><br \/>\n<b><strong>DISOLUCI\u00d3N Y LIQUIDACI\u00d3N<\/strong><\/b><\/p>\n<ol>\n<li style=\"font-weight: 400;\">DISOLUCI\u00d3N PARCIAL O EXCLUSI\u00d3N DE UN SOCIO<\/li>\n<li style=\"font-weight: 400;\">DISOLUCI\u00d3N TOTAL DE LA SOCIEDAD DE PERSONAS<br \/>\n2.1. Generalidades. Qu\u00e9 es y principios que la informan<br \/>\n2.2. Naturaleza jur\u00eddica<br \/>\n2.3. Causales<br \/>\n2.3.1. Clasificaci\u00f3n de las causales de disoluci\u00f3n total<br \/>\n2.3.1.1 Disoluci\u00f3n ipso facto<br \/>\n2.3.1.2 Disoluci\u00f3n por sentencia judicial<br \/>\n2.3.1.2.1. Disoluci\u00f3n por declaraci\u00f3n de nulidad de la sociedad<br \/>\n2.3.1.2.2. La insolvencia de la sociedad<br \/>\n2.3.1.2.3. Disoluci\u00f3n por extinci\u00f3n o p\u00e9rdida de bienes en propiedad o usufructo esenciales para el desarrollo del objeto social<br \/>\n2.3.1.2.4. Disoluci\u00f3n por insolvencia de uno de los socios<br \/>\n2.3.1.2.5. Disoluci\u00f3n por incapacidad de uno de los socios<br \/>\n2.3.1.2.6. Disoluci\u00f3n por renuncia de un socio<br \/>\n2.3.1.2.7. Disoluci\u00f3n por falta de aporte<br \/>\n2.3.1.2.8. Disoluci\u00f3n por falta de divisi\u00f3n de los beneficios y las p\u00e9rdidas por un tercero delegado<br \/>\n2.3.1.2.9. Disoluci\u00f3n de la sociedad por renuncia a administrar o remoci\u00f3n del socio del administrador por justa causa<br \/>\n2.3.1.2.10. Disoluci\u00f3n de la sociedad por renuncia a administrar o remoci\u00f3n del socio del administrador sin justa causa<br \/>\n2.3.2. Disoluci\u00f3n de mutuo acuerdo<br \/>\n2.3.3. Causales estatutarias<br \/>\n2.4. Publicidad de la disoluci\u00f3n<br \/>\n2.5. Momento en que se produce la disoluci\u00f3n<br \/>\n2.6. Continuidad de hecho de la sociedad disuelta<br \/>\n2.7. Continuidad de la personalidad jur\u00eddica despu\u00e9s de la disoluci\u00f3n<\/li>\n<\/ol>\n<p style=\"font-weight: 400;\">III. LIQUIDACI\u00d3N DE LA SOCIEDAD<\/p>\n<p style=\"font-weight: 400;\">3.1. Naturaleza jur\u00eddica de la liquidaci\u00f3n<br \/>\n3.2. Designaci\u00f3n y naturaleza jur\u00eddica de los liquidadores<br \/>\n3.3. Deberes y atribuciones del liquidador<br \/>\n3.4. Responsabilidad de los socios durante la liquidaci\u00f3n<br \/>\n3.5. Remuneraci\u00f3n del liquidador<br \/>\n3.6. Prescripci\u00f3n de las acciones en contra de los socios en las sociedades de responsabilidad limitada<br \/>\n3.6.1. Prescripci\u00f3n de las acciones contra los socios en las sociedades colectivas civiles<br \/>\n3.6.2. Prescripci\u00f3n de las acciones contra los socios en las sociedades colectivas mercantiles<br \/>\n3.6.3. Prescripci\u00f3n de las acciones contra los socios en las sociedades de responsabilidad limitada<br \/>\n3.7. La partici\u00f3n del haber social<\/p>\n<p style=\"font-weight: 400;\"><b><strong>QUINTA PARTE<\/strong><\/b><br \/>\n<b><strong>LA SOCIEDAD EN COMANDITA SIMPLE<\/strong><\/b><\/p>\n<ol>\n<li style=\"font-weight: 400;\">GENERALIDADES<\/li>\n<li style=\"font-weight: 400;\">CONSTITUCI\u00d3N DE LA SOCIEDAD<\/li>\n<\/ol>\n<p style=\"font-weight: 400;\">III. ESTATUTO Y RESPONSABILIDAD DEL SOCIO COMANDITARIO POR LAS DEUDAS SOCIALES<br \/>\n3.1. Generalidades<br \/>\n3.2. Sanci\u00f3n por la tolerancia del nombre del comanditario en la raz\u00f3n social<br \/>\n3.3. Sanci\u00f3n por injerencia del comanditario en la administraci\u00f3n de la sociedad<br \/>\n3.4. La acci\u00f3n de reembolso del comanditario que por adquirir la calidad de codeudor solidaria para obligaciones sociales<br \/>\n3.5. Privaci\u00f3n del comanditario del acceso a los libros y contabilidad de la sociedad<br \/>\n3.6. Irrevocabilidad de las distribuciones a los socios comanditarios<br \/>\n3.7. Pluralidad de socios gestores y de socios comanditarios<br \/>\n3.8. Disoluci\u00f3n de la sociedad en comandita<\/p>\n<p style=\"font-weight: 400;\"><b><strong>SEXTA PARTE<\/strong><\/b><br \/>\n<b><strong>SOLUCIONES DE CONFLICTOS EN LAS SOCIEDADES DE PERSONAS<\/strong><\/b><\/p>\n<p style=\"font-weight: 400;\"><b><strong>S\u00c9PTIMA PARTE<\/strong><\/b><br \/>\n<b><strong>LAS SOCIEDADES DE RESPONSABILIDAD LIMITADA EN EL DERECHO COMPARADO<\/strong><\/b><\/p>\n<ol>\n<li style=\"font-weight: 400;\">ALEMANIA. LA GESELLSCHAFT MIT BESCHR\u00c4NKTER HAFTUNG (GMBH)<br \/>\nII.FRANCIA. LA SOCI\u00c9T\u00c9 \u00c0 RESPONSABILIT\u00c9 LIMIT\u00c9E<br \/>\nIII. ESPA\u00d1A<br \/>\nIV. ESTADOS UNIDOS.LIMITED LIABILITY COMPANY, LIMITED LIABILITY PARTNERSHIP Y LIMITED LIABILITY LIMITED COMPANY<br \/>\nV. ITALIA.\u00a0LA SOCIET\u00c0 A RESPONSABILIT\u00c0 LIMITADA<br \/>\nVI. GRAN BRETA\u00d1A<\/li>\n<\/ol>\n","protected":false},"excerpt":{"rendered":"<p>Buscas un libro Jur\u00eddico.? Lo puedes encontrar en nuestra tienda virtual.<br \/>\nContamos con prestigiosos autores y muchas alternativas en sus diferentes materias al igual que grandes descuentos.! Vis\u00edtanos en <a class=\"eETATgYTipaVsmrBChiBJJvFsdPhNpulhPZUVLHLo \" tabindex=\"0\" href=\"https:\/\/lnkd.in\/eiAG7jdZ\" target=\"_blank\" rel=\"noopener\" data-test-app-aware-link=\"\">https:\/\/lnkd.in\/eiAG7jdZ<\/a><br \/>\nEscr\u00edbenos al +56930565235 \/ <a class=\"eETATgYTipaVsmrBChiBJJvFsdPhNpulhPZUVLHLo \" tabindex=\"0\" href=\"mailto:ventaslegallexglobal@gmail.com\" target=\"_self\" data-test-app-aware-link=\"\">ventaslegallexglobal@gmail.com<\/a><br \/>\nHacemos env\u00edos a todo Chile \u2013 Starken o Correos Chile \/ Te esperamos<\/p>\n","protected":false},"featured_media":2231,"comment_status":"open","ping_status":"closed","template":"","meta":{"inline_featured_image":false,"_joinchat":[]},"product_brand":[],"product_cat":[27,26],"product_tag":[],"class_list":{"0":"post-2201","1":"product","2":"type-product","3":"status-publish","4":"has-post-thumbnail","6":"product_cat-civil","7":"product_cat-derecho","9":"first","10":"instock","11":"shipping-taxable","12":"purchasable","13":"product-type-simple"},"_links":{"self":[{"href":"https:\/\/bibliotecajuridicavirtual.cl\/index.php\/wp-json\/wp\/v2\/product\/2201","targetHints":{"allow":["GET"]}}],"collection":[{"href":"https:\/\/bibliotecajuridicavirtual.cl\/index.php\/wp-json\/wp\/v2\/product"}],"about":[{"href":"https:\/\/bibliotecajuridicavirtual.cl\/index.php\/wp-json\/wp\/v2\/types\/product"}],"replies":[{"embeddable":true,"href":"https:\/\/bibliotecajuridicavirtual.cl\/index.php\/wp-json\/wp\/v2\/comments?post=2201"}],"wp:featuredmedia":[{"embeddable":true,"href":"https:\/\/bibliotecajuridicavirtual.cl\/index.php\/wp-json\/wp\/v2\/media\/2231"}],"wp:attachment":[{"href":"https:\/\/bibliotecajuridicavirtual.cl\/index.php\/wp-json\/wp\/v2\/media?parent=2201"}],"wp:term":[{"taxonomy":"product_brand","embeddable":true,"href":"https:\/\/bibliotecajuridicavirtual.cl\/index.php\/wp-json\/wp\/v2\/product_brand?post=2201"},{"taxonomy":"product_cat","embeddable":true,"href":"https:\/\/bibliotecajuridicavirtual.cl\/index.php\/wp-json\/wp\/v2\/product_cat?post=2201"},{"taxonomy":"product_tag","embeddable":true,"href":"https:\/\/bibliotecajuridicavirtual.cl\/index.php\/wp-json\/wp\/v2\/product_tag?post=2201"}],"curies":[{"name":"wp","href":"https:\/\/api.w.org\/{rel}","templated":true}]}}