{"id":2204,"date":"2026-02-28T00:59:24","date_gmt":"2026-02-28T03:59:24","guid":{"rendered":"https:\/\/bibliotecajuridicavirtual.cl\/?post_type=product&#038;p=2204"},"modified":"2026-02-28T00:59:49","modified_gmt":"2026-02-28T03:59:49","slug":"tratado-de-responsabilidad-extracontractual-2-tomos-enrique-barros-bourie-1-500-paginas-segunda-edicion-mayo-2025","status":"publish","type":"product","link":"https:\/\/bibliotecajuridicavirtual.cl\/index.php\/product\/tratado-de-responsabilidad-extracontractual-2-tomos-enrique-barros-bourie-1-500-paginas-segunda-edicion-mayo-2025\/","title":{"rendered":"Tratado de Responsabilidad Extracontractual, 2 tomos * Enrique Barros Bourie &#8211; 1.500 P\u00e1ginas * segunda edici\u00f3n mayo 2025"},"content":{"rendered":"<p>La publicaci\u00f3n del Tratado de Responsabilidad Extracontractual en 2006 marc\u00f3 un<br \/>\nhito en el derecho civil chileno. Se trata de la obra m\u00e1s completa en Chile sobre la<br \/>\nresponsabilidad civil extracontractual. La profundidad con que el autor reflexiona<br \/>\nsobre los distintos temas, siempre poniendo atenci\u00f3n en la estructura b\u00e1sica y<br \/>\nlos fines del derecho privado, ha permitido que este tratado logre una reconocida<br \/>\ndifusi\u00f3n en la literatura jur\u00eddica de lengua castellana. Su relevancia se muestra, sobre<br \/>\ntodo, en los incontables trabajos acad\u00e9micos posteriores que lo utilizan de fuente.<br \/>\nAsimismo, es referencia doctrinaria de una abundante y cada vez m\u00e1s consolidada<br \/>\njurisprudencia.<\/p>\n<p>En la segunda edici\u00f3n de este tratado, publicada en 2020 y ahora reimpresa por<br \/>\nThomson Reuters sin cambios sustantivos, se conserva el enfoque original de<br \/>\nla obra, recogiendo la evoluci\u00f3n de la legislaci\u00f3n, la doctrina y la jurisprudencia<br \/>\nchilenas. En esa edici\u00f3n, tambi\u00e9n se actualiz\u00f3 la referencia a fuentes de derecho<br \/>\ncomparado que enriquecen la reflexi\u00f3n filos\u00f3fico-jur\u00eddica en torno a las instituciones<br \/>\nde derecho privado. El desarrollo del derecho de la responsabilidad civil requiri\u00f3 a la<br \/>\nvez ahondar en algunos aspectos de la parte general y de los estatutos especiales<br \/>\nde responsabilidad civil. Respecto a estos \u00faltimos, esta edici\u00f3n reimpresa da cuenta<br \/>\nde un tratamiento jur\u00eddico que se ha vuelto cada vez m\u00e1s complejo, por ejemplo,<br \/>\nen materia de responsabilidad ambiental, productos defectuosos, directores y<br \/>\ngerentes de sociedades y manejo de datos personales.<\/p>\n<p>Contenido del Tomo I<\/p>\n<p>I. Introducci\u00f3n a la responsabilidad extracontractual\u2026\u2026\u2026\u2026\u2026\u2026. 11<br \/>\nII. Hecho imputable\u2026\u2026\u2026\u2026\u2026\u2026\u2026\u2026\u2026\u2026\u2026\u2026\u2026\u2026\u2026\u2026\u2026\u2026\u2026\u2026\u2026\u2026\u2026\u2026 69<br \/>\nIII. Culpa \u2026\u2026\u2026\u2026\u2026\u2026\u2026\u2026\u2026\u2026\u2026\u2026\u2026\u2026\u2026\u2026\u2026\u2026\u2026\u2026\u2026\u2026\u2026\u2026\u2026\u2026\u2026\u2026\u2026.. 83<br \/>\nIV. Da\u00f1o \u2026\u2026\u2026\u2026\u2026\u2026\u2026\u2026\u2026\u2026\u2026\u2026\u2026\u2026\u2026\u2026\u2026\u2026\u2026\u2026\u2026\u2026\u2026\u2026\u2026\u2026\u2026\u2026\u2026\u2026 237<br \/>\nV. Causalidad \u2026\u2026\u2026\u2026\u2026\u2026\u2026\u2026\u2026\u2026\u2026\u2026\u2026\u2026\u2026\u2026\u2026\u2026\u2026\u2026\u2026\u2026\u2026\u2026\u2026\u2026\u2026 421<br \/>\nVI. Responsabilidad estricta o por riesgo\u2026\u2026\u2026\u2026\u2026\u2026\u2026\u2026\u2026\u2026\u2026\u2026\u2026. 503<br \/>\nVII. Responsabilidad del Estado\u2026\u2026\u2026\u2026\u2026\u2026\u2026\u2026\u2026\u2026\u2026\u2026\u2026\u2026\u2026\u2026\u2026\u2026. 545<br \/>\nVIII. Privacidad y honra\u2026\u2026\u2026\u2026\u2026\u2026\u2026\u2026\u2026\u2026\u2026\u2026\u2026\u2026\u2026\u2026\u2026\u2026\u2026\u2026\u2026\u2026\u2026 609<br \/>\nIX. Abuso de derecho \u2026\u2026\u2026\u2026\u2026\u2026\u2026\u2026\u2026\u2026\u2026\u2026\u2026\u2026\u2026\u2026\u2026\u2026\u2026\u2026\u2026\u2026\u2026. 707<\/p>\n<p>Contenido del Tomo II<\/p>\n<p>X. Algunos reg\u00edmenes especiales de responsabilidad\u2026\u2026\u2026\u2026\u2026\u2026.. 793<br \/>\nResponsabilidad m\u00e9dica \u2026\u2026\u2026\u2026\u2026\u2026\u2026\u2026\u2026\u2026\u2026\u2026\u2026\u2026\u2026\u2026\u2026\u2026\u2026\u2026 794<br \/>\nAccidentes del trabajo \u2026\u2026\u2026\u2026\u2026\u2026\u2026\u2026\u2026\u2026\u2026\u2026\u2026\u2026\u2026\u2026\u2026\u2026\u2026\u2026\u2026 843<br \/>\nAccidentes del tr\u00e1nsito \u2026\u2026\u2026\u2026\u2026\u2026\u2026\u2026\u2026\u2026\u2026\u2026\u2026\u2026\u2026\u2026\u2026\u2026\u2026\u2026.. 870<br \/>\nResponsabilidad civil por productos defectuosos \u2026\u2026\u2026\u2026\u2026\u2026\u2026 908<br \/>\nResponsabilidad por defectos y ruina de edificios\u2026\u2026\u2026\u2026\u2026\u2026.. 937<br \/>\nResponsabilidad por da\u00f1os al medio ambiente \u2026\u2026\u2026\u2026\u2026\u2026\u2026\u2026 957<br \/>\nResponsabilidad de directores y gerentes de sociedades\u2026\u2026\u2026.. 998<br \/>\nResponsabilidad por il\u00edcitos contra el orden de la competencia<br \/>\ny por competencia desleal \u2026\u2026\u2026\u2026\u2026\u2026\u2026\u2026\u2026\u2026\u2026\u2026\u2026\u2026\u2026\u2026\u2026\u2026\u2026 1069<br \/>\nXI. Acciones a que da lugar el da\u00f1o \u2026\u2026\u2026\u2026\u2026\u2026\u2026\u2026\u2026\u2026\u2026\u2026\u2026\u2026\u2026.. 1089<br \/>\nXII. Responsabilidad contractual y extracontractual\u2026\u2026\u2026\u2026\u2026\u2026\u2026\u2026 1211<br \/>\nXIII. Contratos relativos a la responsabilidad civil\u2026\u2026\u2026\u2026\u2026\u2026\u2026\u2026\u2026. 1309<br \/>\nBibliograf\u00eda \u2026\u2026\u2026\u2026\u2026\u2026\u2026\u2026\u2026\u2026\u2026\u2026\u2026\u2026\u2026\u2026\u2026\u2026\u2026\u2026\u2026\u2026\u2026\u2026\u2026\u2026\u2026\u2026\u2026. 1347<br \/>\n\u00cdndice anal\u00edtico\u2026\u2026\u2026\u2026\u2026\u2026\u2026\u2026\u2026\u2026\u2026\u2026\u2026\u2026\u2026\u2026\u2026\u2026\u2026\u2026\u2026\u2026\u2026\u2026\u2026\u2026\u2026.. 1421<\/p>\n","protected":false},"excerpt":{"rendered":"<p>Buscas un libro Jur\u00eddico.? Lo puedes encontrar en nuestra tienda virtual.<br \/>\nContamos con prestigiosos autores y muchas alternativas en sus diferentes materias al igual que grandes descuentos.! Vis\u00edtanos en <a class=\"eBOSiHffioaRqrowDPILgMQbHBQe \" tabindex=\"0\" href=\"https:\/\/lnkd.in\/eiAG7jdZ\" target=\"_blank\" rel=\"noopener\" data-test-app-aware-link=\"\">https:\/\/lnkd.in\/eiAG7jdZ<\/a><br \/>\nEscr\u00edbenos al +56930565235 \/ <a class=\"eBOSiHffioaRqrowDPILgMQbHBQe \" tabindex=\"0\" href=\"mailto:ventaslegallexglobal@gmail.com\" target=\"_self\" data-test-app-aware-link=\"\">ventaslegallexglobal@gmail.com<\/a><br \/>\nHacemos env\u00edos a todo Chile \u2013 Starken o Correos Chile \/ Te esperamos<\/p>\n","protected":false},"featured_media":2255,"comment_status":"open","ping_status":"closed","template":"","meta":{"inline_featured_image":false,"_joinchat":[]},"product_brand":[],"product_cat":[27,26],"product_tag":[],"class_list":{"0":"post-2204","1":"product","2":"type-product","3":"status-publish","4":"has-post-thumbnail","6":"product_cat-civil","7":"product_cat-derecho","9":"first","10":"instock","11":"sale","12":"shipping-taxable","13":"purchasable","14":"product-type-simple"},"_links":{"self":[{"href":"https:\/\/bibliotecajuridicavirtual.cl\/index.php\/wp-json\/wp\/v2\/product\/2204","targetHints":{"allow":["GET"]}}],"collection":[{"href":"https:\/\/bibliotecajuridicavirtual.cl\/index.php\/wp-json\/wp\/v2\/product"}],"about":[{"href":"https:\/\/bibliotecajuridicavirtual.cl\/index.php\/wp-json\/wp\/v2\/types\/product"}],"replies":[{"embeddable":true,"href":"https:\/\/bibliotecajuridicavirtual.cl\/index.php\/wp-json\/wp\/v2\/comments?post=2204"}],"wp:featuredmedia":[{"embeddable":true,"href":"https:\/\/bibliotecajuridicavirtual.cl\/index.php\/wp-json\/wp\/v2\/media\/2255"}],"wp:attachment":[{"href":"https:\/\/bibliotecajuridicavirtual.cl\/index.php\/wp-json\/wp\/v2\/media?parent=2204"}],"wp:term":[{"taxonomy":"product_brand","embeddable":true,"href":"https:\/\/bibliotecajuridicavirtual.cl\/index.php\/wp-json\/wp\/v2\/product_brand?post=2204"},{"taxonomy":"product_cat","embeddable":true,"href":"https:\/\/bibliotecajuridicavirtual.cl\/index.php\/wp-json\/wp\/v2\/product_cat?post=2204"},{"taxonomy":"product_tag","embeddable":true,"href":"https:\/\/bibliotecajuridicavirtual.cl\/index.php\/wp-json\/wp\/v2\/product_tag?post=2204"}],"curies":[{"name":"wp","href":"https:\/\/api.w.org\/{rel}","templated":true}]}}