{"id":2234,"date":"2026-02-28T00:59:46","date_gmt":"2026-02-28T03:59:46","guid":{"rendered":"https:\/\/bibliotecajuridicavirtual.cl\/?post_type=product&#038;p=2234"},"modified":"2026-02-28T00:59:57","modified_gmt":"2026-02-28T03:59:57","slug":"hacia-un-derecho-latinoamericano-de-los-contratos-los-principios-latinoamericanos-de-derecho-de-los-contratosinigo-de-la-maza-gazmuri-alvaro-vidal-olivares","status":"publish","type":"product","link":"https:\/\/bibliotecajuridicavirtual.cl\/index.php\/product\/hacia-un-derecho-latinoamericano-de-los-contratos-los-principios-latinoamericanos-de-derecho-de-los-contratosinigo-de-la-maza-gazmuri-alvaro-vidal-olivares\/","title":{"rendered":"Hacia un Derecho Latinoamericano de los Contratos. Los Principios Latinoamericanos de Derecho de los Contratos*I\u00f1igo de la Maza Gazmuri \u00c1lvaro Vidal Olivares"},"content":{"rendered":"<p>Corren tiempos interesantes para el derecho de contratos. No es, exactamente, que todo lo s\u00edlido se desvanezca en el aire, pero, como lo muestran los procesos de modificaci\u00f3n del derecho de obligaciones del BGB de 2002 y del Code del 2016, muchas cosas est\u00e1n cambiando. A su debido tiempo, as\u00ed\u00a0deber\u00eda sucede tambi\u00e9n en Latinoam\u00e9rica. En la regi\u00f3n existen un conjunto de regularidades respecto a la disciplina del fen\u00f3meno contractual en los respectivos c\u00f3digos civiles. Muchas de esas regularidades se asemejan o son directamente tributarias de c\u00f3digos civiles europeos que han experimentado reformas o est\u00e1n en v\u00edas de hacerlo como el alem\u00e1n, el franc\u00e9s o el espa\u00f1ol. En este escenario han surgido los Principios Latinoamericanos de Derecho de los Contratos orientados, de una parte, a registrar las regularidades que es posible detectar en los respectivos derechos de contrato de la regi\u00f3n y, por otra, avanzar hacia un lugar cercano al que se dirigen los pa\u00edses europeos que han sido un referente para Latinoam\u00e9rica en la regulaci\u00f3n del derecho de contratos. En esta obra se encontrar\u00e1\u00a0un tratamiento sistem\u00e1tico de dichos Principios, realizada por dos de los profesores que, m\u00e1s cercanamente, participaron en su confecci\u00f3n.<\/p>\n<p>\u00cdndice<br \/>\nPr\u00f3logo\u00a0\u00a0 \u00a0\u00a0\u00a0 \u00a013<br \/>\nAntonio Manuel Morales Moreno<br \/>\nNieves Fenoy Pic\u00f3n<br \/>\nLos autores\u00a0\u00a0 \u00a0\u00a0\u00a0 \u00a019<br \/>\nIntroducci\u00f3n\u00a0\u00a0 \u00a0\u00a0\u00a0 \u00a021<br \/>\nEl contexto. Modernizaci\u00f3n y armonizaci\u00f3n del derecho de contratos\u00a0\u00a0 \u00a0\u00a0\u00a0 \u00a029<br \/>\nI.\u00a0\u00a0 \u00a0Disposiciones generales\u00a0\u00a0 \u00a0\u00a0\u00a0 \u00a043<br \/>\nII.\u00a0\u00a0 \u00a0Los principios\u00a0\u00a0 \u00a0\u00a0\u00a0 \u00a061<br \/>\nIII.\u00a0\u00a0 \u00a0La definici\u00f3n de contrato y sus elementos\u00a0\u00a0 \u00a0\u00a0\u00a0 \u00a065<br \/>\nIV.\u00a0\u00a0 \u00a0La formaci\u00f3n del consentimiento\u00a0\u00a0 \u00a0\u00a0\u00a0 \u00a071<br \/>\nV.\u00a0\u00a0 \u00a0El retiro unilateral de las tratativas preliminares\u00a0\u00a0 \u00a0\u00a0\u00a0 \u00a081<br \/>\nVI.\u00a0\u00a0 \u00a0Vicios del consentimiento\u00a0\u00a0 \u00a0\u00a0\u00a0 \u00a087<br \/>\nVII.\u00a0\u00a0 \u00a0La nulidad del contrato\u00a0\u00a0 \u00a0\u00a0\u00a0 \u00a099<br \/>\nVIII.\u00a0\u00a0 \u00a0La representaci\u00f3n\u00a0\u00a0 \u00a0\u00a0\u00a0 \u00a0105<br \/>\nIX.\u00a0\u00a0 \u00a0La interpretaci\u00f3n del contrato\u00a0\u00a0 \u00a0\u00a0\u00a0 \u00a0121<br \/>\nX.\u00a0\u00a0 \u00a0El cumplimiento del contrato\u00a0\u00a0 \u00a0\u00a0\u00a0 \u00a0133<br \/>\nXI.\u00a0\u00a0 \u00a0Incumplimiento del contrato\u00a0\u00a0 \u00a0\u00a0\u00a0 \u00a0143<br \/>\nXII.\u00a0\u00a0 \u00a0Medios de tutela del acreedor\u00a0\u00a0 \u00a0\u00a0\u00a0 \u00a0163<br \/>\nXIII.\u00a0\u00a0 \u00a0La pretensi\u00f3n de cumplimiento espec\u00edfico\u00a0\u00a0 \u00a0\u00a0\u00a0 \u00a0175<br \/>\nXIV.\u00a0\u00a0 \u00a0La reducci\u00f3n del precio\u00a0\u00a0 \u00a0\u00a0\u00a0 \u00a0181<br \/>\nXV.\u00a0\u00a0 \u00a0La resoluci\u00f3n por incumplimiento\u00a0\u00a0 \u00a0\u00a0\u00a0 \u00a0187<br \/>\nXVI.\u00a0\u00a0 \u00a0La suspensi\u00f3n del cumplimiento\u00a0\u00a0 \u00a0\u00a0\u00a0 \u00a0201<br \/>\nXVII.\u00a0\u00a0 \u00a0La indemnizaci\u00f3n de perjuicios\u00a0\u00a0 \u00a0\u00a0\u00a0 \u00a0211<br \/>\nXVIII.\u00a0\u00a0 \u00a0Cl\u00e1usula penal\u00a0\u00a0 \u00a0\u00a0\u00a0 \u00a0223<br \/>\nCuadro comparativo de normas de derecho uniforme y derecho armonizado de contratos\u00a0\u00a0 \u00a0\u00a0\u00a0 \u00a0231<br \/>\nEl texto oficial de los principios y sus versiones idiom\u00e1ticas\u00a0\u00a0 \u00a0\u00a0\u00a0 \u00a0241<br \/>\nPrincipios Latinoamericanos de Derecho de los Contratos\u00a0\u00a0 \u00a0\u00a0\u00a0 \u00a0241<br \/>\nPrinciples of Latin American Contract Law\u00a0\u00a0 \u00a0\u00a0\u00a0 \u00a0261<br \/>\nPrinc\u00edpios Latino-Americanos do Direito dos Contratos\u00a0\u00a0 \u00a0\u00a0\u00a0 \u00a0281<br \/>\nPrinciples Latino-Americains du Droit des Contracts\u00a0\u00a0 \u00a0\u00a0\u00a0 \u00a0302<br \/>\nPrincipi Latinoamericani del Diritto del Contratti\u00a0\u00a0 \u00a0\u00a0\u00a0 \u00a0322<br \/>\nGrundregeln des Lateinamerikanischen Vertragsrechts\u00a0\u00a0 \u00a0\u00a0\u00a0 \u00a0343<br \/>\nBibliograf\u00eda consultada\u00a0\u00a0 \u00a0\u00a0\u00a0 \u00a0367<\/p>\n","protected":false},"excerpt":{"rendered":"<p>1\u00b0 EDICI\u00d3N ACTUALIZADA MAYO 2022 \/382 P\u00c1GINAS<\/p>\n<p>Buscas un libro Jur\u00eddico.? Lo puedes encontrar en nuestra tienda virtual.<br \/>\nContamos con prestigiosos autores y muchas alternativas en sus diferentes materias al igual que grandes descuentos.! Vis\u00edtanos en <a class=\"qcgcnyuktFtlrNjpAvprsXbFKLHNVBeXAarvGqTg \" tabindex=\"0\" href=\"https:\/\/lnkd.in\/eiAG7jdZ\" target=\"_blank\" rel=\"noopener\" data-test-app-aware-link=\"\">https:\/\/lnkd.in\/eiAG7jdZ<\/a><br \/>\nEscr\u00edbenos al +56930565235 \/ <a class=\"qcgcnyuktFtlrNjpAvprsXbFKLHNVBeXAarvGqTg \" tabindex=\"0\" href=\"mailto:ventaslegallexglobal@gmail.com\" target=\"_self\" data-test-app-aware-link=\"\">ventaslegallexglobal@gmail.com<\/a><br \/>\nHacemos env\u00edos a todo Chile \u2013 Starken o Correos Chile \/ Te esperamos<\/p>\n","protected":false},"featured_media":2264,"comment_status":"open","ping_status":"closed","template":"","meta":{"inline_featured_image":false,"_joinchat":[]},"product_brand":[],"product_cat":[27,26],"product_tag":[],"class_list":{"0":"post-2234","1":"product","2":"type-product","3":"status-publish","4":"has-post-thumbnail","6":"product_cat-civil","7":"product_cat-derecho","9":"first","10":"instock","11":"shipping-taxable","12":"purchasable","13":"product-type-simple"},"_links":{"self":[{"href":"https:\/\/bibliotecajuridicavirtual.cl\/index.php\/wp-json\/wp\/v2\/product\/2234","targetHints":{"allow":["GET"]}}],"collection":[{"href":"https:\/\/bibliotecajuridicavirtual.cl\/index.php\/wp-json\/wp\/v2\/product"}],"about":[{"href":"https:\/\/bibliotecajuridicavirtual.cl\/index.php\/wp-json\/wp\/v2\/types\/product"}],"replies":[{"embeddable":true,"href":"https:\/\/bibliotecajuridicavirtual.cl\/index.php\/wp-json\/wp\/v2\/comments?post=2234"}],"wp:featuredmedia":[{"embeddable":true,"href":"https:\/\/bibliotecajuridicavirtual.cl\/index.php\/wp-json\/wp\/v2\/media\/2264"}],"wp:attachment":[{"href":"https:\/\/bibliotecajuridicavirtual.cl\/index.php\/wp-json\/wp\/v2\/media?parent=2234"}],"wp:term":[{"taxonomy":"product_brand","embeddable":true,"href":"https:\/\/bibliotecajuridicavirtual.cl\/index.php\/wp-json\/wp\/v2\/product_brand?post=2234"},{"taxonomy":"product_cat","embeddable":true,"href":"https:\/\/bibliotecajuridicavirtual.cl\/index.php\/wp-json\/wp\/v2\/product_cat?post=2234"},{"taxonomy":"product_tag","embeddable":true,"href":"https:\/\/bibliotecajuridicavirtual.cl\/index.php\/wp-json\/wp\/v2\/product_tag?post=2234"}],"curies":[{"name":"wp","href":"https:\/\/api.w.org\/{rel}","templated":true}]}}