{"id":2237,"date":"2026-02-28T00:59:46","date_gmt":"2026-02-28T03:59:46","guid":{"rendered":"https:\/\/bibliotecajuridicavirtual.cl\/?post_type=product&#038;p=2237"},"modified":"2026-02-28T01:00:00","modified_gmt":"2026-02-28T04:00:00","slug":"revista-doctrina-y-jurisprudencia-penal-no54-sancion-penal-y-sancion-administrativa-doble-valoracion-despues-del-art-78-bis-del-codigo-penal","status":"publish","type":"product","link":"https:\/\/bibliotecajuridicavirtual.cl\/index.php\/product\/revista-doctrina-y-jurisprudencia-penal-no54-sancion-penal-y-sancion-administrativa-doble-valoracion-despues-del-art-78-bis-del-codigo-penal\/","title":{"rendered":"Revista Doctrina y Jurisprudencia Penal N\u00ba54 &#8211; Sanci\u00f3n Penal y Sanci\u00f3n Administrativa-Doble Valoraci\u00f3n despu\u00e9s del Art. 78 Bis del C\u00f3digo Penal"},"content":{"rendered":"<p style=\"font-weight: 400;\"><b><strong>SANCI\u00d3N PENAL Y SANCI\u00d3N ADMINISTRATIVA. DOBLE VALORACI\u00d3N DESPU\u00c9S DEL ART. 78 BIS DEL C\u00d3DIGO PENAL.<\/strong><\/b><\/p>\n<p style=\"font-weight: 400;\">Este n\u00famero procura examinar los problemas pr\u00e1cticos m\u00e1s relevantes sobre riesgos de dobles valoraciones materiales y formales que redunden en dobles imputaciones y sanciones. La reflexi\u00f3n tiene especial atenci\u00f3n en la nueva norma del art. 78 bis del C\u00f3digo Penal, que reci\u00e9n se incorpor\u00f3 el 17 de agosto de 2023 por la Ley de Delitos Econ\u00f3micos (Ley No 21.595).<\/p>\n<p style=\"font-weight: 400;\">El examen de la reforma explica un especial \u00e9nfasis de la publicaci\u00f3n en la acumulaci\u00f3n de sanciones penales y administrativas. Sin embargo, se tratan distintas cuestiones que van desde aspectos formales en sede penal hasta cuestiones sustantivas de determinaci\u00f3n de pena.<\/p>\n<p style=\"font-weight: 400;\">La revista Doctrina y Jurisprudencia Penal es una revista que naci\u00f3 con una periodicidad trimestral preparada por el Departamento de Derecho Penal de la Universidad de los Andes con la colaboraci\u00f3n de destacados acad\u00e9micos del \u00e1rea, que forman parte de su comit\u00e9 editorial. A partir de 2024, la publicaci\u00f3n tiene una periodicidad semestral.<\/p>\n<p style=\"font-weight: 400;\">Este texto aborda temas de inter\u00e9s penal y procesal penal desde una perspectiva pr\u00e1ctica. Se divide en tres secciones, una dedicada a la publicaci\u00f3n de estudios originales sobre problemas que repercuten en nuestra realidad jur\u00eddica, otra integrada por comentarios de sentencias, que se sistematizar\u00e1n seg\u00fan su origen: Juzgados de Garant\u00eda; Tribunales Orales en Lo Penal; Corte de Apelaciones y Corte Suprema y, finalmente, una que agrupa una serie de sentencias clasificadas y sistematizadas por tema.<\/p>\n<p style=\"font-weight: 400;\">La aspiraci\u00f3n de esta publicaci\u00f3n, y de toda la colecci\u00f3n que seguir\u00e1, es apartarse de la miscel\u00e1nea doctrinaria y jurisprudencial desarrollando temas espec\u00edficos de la parte especial y general del Derecho Penal. De este modo, su aspiraci\u00f3n es ser un aporte trimestral efectivo al trabajo de los estudiosos del Derecho, pero muy especialmente a los operadores que lidian cotidianamente con estas cuestiones en nuestros tribunales de justicia.<\/p>\n<ol>\n<li style=\"font-weight: 400;\"><b><strong> ESTUDIOS<\/strong><\/b><\/li>\n<\/ol>\n<p style=\"font-weight: 400;\">An\u00e1lisis del mecanismo de \u201ccompensaci\u00f3n\u201d sancionatoria establecido en el art\u00edculo 78 bis del C\u00f3digo Penal incorporado por la Ley N\u00ba 21.595, sobre delitos econ\u00f3micos<br \/>\nRosa Fernanda G\u00f3mez Gonz\u00e1lez<\/p>\n<p style=\"font-weight: 400;\">Art\u00edculo 78 bis del C\u00f3digo Penal. Propuesta de interpretaci\u00f3n<br \/>\nMagdalena Ossand\u00f3n Wido<\/p>\n<ol>\n<li style=\"font-weight: 400;\"><b><strong> COMENTARIOS DE SENTENCIAS<\/strong><\/b><\/li>\n<\/ol>\n<p style=\"font-weight: 400;\">Comentario a la SCS de 18 de junio de 2018 (Rol N\u00ba 30176-2017). Acumulaci\u00f3n de sanciones penales y administrativas por un mismo hecho y nuevo art\u00edculo 78 bis del C\u00f3digo Penal<br \/>\nJavier Escobar Veas<\/p>\n<p style=\"font-weight: 400;\">Comentario a la SCA de Temuco de 20 de febrero de 2024 (Rol N\u00ba 16-2024)<br \/>\nRodrigo Andr\u00e9s Guerra Espinosa &#8211; Eduardo Riquelme Portilla<\/p>\n<p style=\"font-weight: 400;\">Comentario sentencia SCS 15 de junio de 2020 (Rol N\u00ba 22970-2019)<br \/>\nJuan Sebasti\u00e1n Vera S\u00e1nchez<\/p>\n<p style=\"font-weight: 400;\"><b><strong>III. SENTENCIAS CLASIFICADAS<\/strong><\/b><\/p>\n<p style=\"font-weight: 400;\">Agravante y calificante<br \/>\nClases y efectos de la doble valoraci\u00f3n<br \/>\nConcurso de normas y concurso de delitos<br \/>\nDoble faceta: sustantiva y procedimental<br \/>\nDoble valoraci\u00f3n y determinaci\u00f3n de pena<br \/>\nDoble valoraci\u00f3n en la incriminaci\u00f3n<br \/>\nExigencias para establecer doble valoraci\u00f3n<br \/>\nFundamentos y requisitos de la doble valoraci\u00f3n<br \/>\nNon bis in idem en el Derecho administrativo sancionatorio<br \/>\nSanci\u00f3n penal y sanci\u00f3n administrativa<\/p>\n","protected":false},"excerpt":{"rendered":"<p>VARIOS AUTORES \/ EDICI\u00d3N ACTUALIZADA MAYO 2025 &#8211; 165 P\u00c1GINASBuscas un libro Jur\u00eddico.? Lo puedes encontrar en nuestra tienda virtual.<br \/>\nContamos con prestigiosos autores y muchas alternativas en sus diferentes materias al igual que grandes descuentos.! Vis\u00edtanos en <a class=\"tnBjozDiJvZeGqkhdilCDjmgvEevaqQbMM \" tabindex=\"0\" href=\"https:\/\/lnkd.in\/eiAG7jdZ\" target=\"_blank\" rel=\"noopener\" data-test-app-aware-link=\"\">https:\/\/lnkd.in\/eiAG7jdZ<\/a><br \/>\nEscr\u00edbenos al +56930565235 \/ <a class=\"tnBjozDiJvZeGqkhdilCDjmgvEevaqQbMM \" tabindex=\"0\" href=\"mailto:ventaslegallexglobal@gmail.com\" target=\"_self\" data-test-app-aware-link=\"\">ventaslegallexglobal@gmail.com<\/a><br \/>\nHacemos env\u00edos a todo Chile \u2013 Starken o Correos Chile \/ Te esperamos<\/p>\n","protected":false},"featured_media":2267,"comment_status":"open","ping_status":"closed","template":"","meta":{"inline_featured_image":false,"_joinchat":[]},"product_brand":[],"product_cat":[45,26,30],"product_tag":[],"class_list":{"0":"post-2237","1":"product","2":"type-product","3":"status-publish","4":"has-post-thumbnail","6":"product_cat-administrativo","7":"product_cat-derecho","8":"product_cat-penal","10":"first","11":"instock","12":"shipping-taxable","13":"purchasable","14":"product-type-simple"},"_links":{"self":[{"href":"https:\/\/bibliotecajuridicavirtual.cl\/index.php\/wp-json\/wp\/v2\/product\/2237","targetHints":{"allow":["GET"]}}],"collection":[{"href":"https:\/\/bibliotecajuridicavirtual.cl\/index.php\/wp-json\/wp\/v2\/product"}],"about":[{"href":"https:\/\/bibliotecajuridicavirtual.cl\/index.php\/wp-json\/wp\/v2\/types\/product"}],"replies":[{"embeddable":true,"href":"https:\/\/bibliotecajuridicavirtual.cl\/index.php\/wp-json\/wp\/v2\/comments?post=2237"}],"wp:featuredmedia":[{"embeddable":true,"href":"https:\/\/bibliotecajuridicavirtual.cl\/index.php\/wp-json\/wp\/v2\/media\/2267"}],"wp:attachment":[{"href":"https:\/\/bibliotecajuridicavirtual.cl\/index.php\/wp-json\/wp\/v2\/media?parent=2237"}],"wp:term":[{"taxonomy":"product_brand","embeddable":true,"href":"https:\/\/bibliotecajuridicavirtual.cl\/index.php\/wp-json\/wp\/v2\/product_brand?post=2237"},{"taxonomy":"product_cat","embeddable":true,"href":"https:\/\/bibliotecajuridicavirtual.cl\/index.php\/wp-json\/wp\/v2\/product_cat?post=2237"},{"taxonomy":"product_tag","embeddable":true,"href":"https:\/\/bibliotecajuridicavirtual.cl\/index.php\/wp-json\/wp\/v2\/product_tag?post=2237"}],"curies":[{"name":"wp","href":"https:\/\/api.w.org\/{rel}","templated":true}]}}