{"id":2275,"date":"2026-02-28T01:00:11","date_gmt":"2026-02-28T04:00:11","guid":{"rendered":"https:\/\/bibliotecajuridicavirtual.cl\/?post_type=product&#038;p=2275"},"modified":"2026-02-28T01:00:21","modified_gmt":"2026-02-28T04:00:21","slug":"guia-para-la-conduccion-de-las-audiencias-de-garantia-audiencia-de-sobreseimiento-academia-judicial-de-chile-2025-162-paginas","status":"publish","type":"product","link":"https:\/\/bibliotecajuridicavirtual.cl\/index.php\/product\/guia-para-la-conduccion-de-las-audiencias-de-garantia-audiencia-de-sobreseimiento-academia-judicial-de-chile-2025-162-paginas\/","title":{"rendered":"Gu\u00eda para la Conducci\u00f3n de las Audiencias de Garant\u00eda * Audiencia de Sobreseimiento &#8211; Academia Judicial de Chile, 2025 * 162 P\u00e1ginas"},"content":{"rendered":"<p style=\"font-weight: 400;\"><b><strong>GU\u00cdA PARA LA CONDUCCI\u00d3N DE LAS AUDIENCIAS DE GARANT\u00cdA: AUDIENCIA DE SOBRESEIMIENTO, NO PERSEVERAR, CAUTELA DE GARANT\u00cdA Y AUTORIZACI\u00d3N DE DILIGENCIAS<\/strong><\/b><\/p>\n<p style=\"font-weight: 400;\">Esta gu\u00eda aborda una serie de audiencias de com\u00fan ocurrencia en los juzgados de garant\u00eda, entregando herramientas claras para su adecuada conducci\u00f3n. De esta forma, se revisan las audiencias de sobreseimiento, comunicaci\u00f3n de decisi\u00f3n de no perseverar, cautela de garant\u00edas y autorizaci\u00f3n de diligencias.<\/p>\n<p style=\"font-weight: 400;\">En cada tipo de audiencia se presentan los principales debates, se recomiendan buenas pr\u00e1cticas, se explican los pasos que debe seguir el tribunal, se identifican errores comunes y distintas formas de evitarlos, as\u00ed como maneras de mejorar la preparaci\u00f3n de la audiencia, el trato a v\u00edctimas y personas imputadas. Tambi\u00e9n se incluyen ejemplos, criterios de jurisprudencia relevantes y listas de verificaci\u00f3n que facilitan el trabajo diario.<\/p>\n<p style=\"font-weight: 400;\">Este trabajo fue elaborado por jueces y juezas de garant\u00eda, con la colaboraci\u00f3n de acad\u00e9micos, fiscales, defensores y equipos t\u00e9cnicos, lo que asegura una mirada completa desde la experiencia pr\u00e1ctica. De esta manera, el prop\u00f3sito de esta obra es contribuir al desarrollo de audiencias claras, justas y ordenadas, facilitando su comprensi\u00f3n por todas las personas involucradas y promoviendo un mejor funcionamiento del sistema.<\/p>\n<ol>\n<li style=\"font-weight: 400;\"><b><strong> AUDIENCIA DE SOBRESEIMIENTO<\/strong><\/b><\/li>\n<\/ol>\n<p style=\"font-weight: 400;\">1.1. Introducci\u00f3n<br \/>\nA) Sobreseimiento temporal<br \/>\nB) Sobreseimiento definitivo<br \/>\nC) Sobreseimiento total o parcial<\/p>\n<p style=\"font-weight: 400;\">1.2. Recomendaci\u00f3n de buenas pr\u00e1cticas de coordinaci\u00f3n interinstitucional<\/p>\n<p style=\"font-weight: 400;\">1.3. Recomendaci\u00f3n de buenas pr\u00e1cticas referidas al agendamiento de audiencias<br \/>\nA) Audiencias de sobreseimiento \u201csin contradictor\u201d<br \/>\nB) Audiencias de sobreseimiento \u201ccomplejas\u201d<br \/>\nC) Audiencias de sobreseimiento \u201cno complejas\u201d<\/p>\n<p style=\"font-weight: 400;\">1.4. Recomendaci\u00f3n de buenas pr\u00e1cticas previas al inicio de la audiencia<br \/>\nA) Revisi\u00f3n del contenido de la agenda<br \/>\nB) Verificaci\u00f3n de notificaciones<br \/>\nC) Patrocinios en la causa<br \/>\nD) Revisi\u00f3n de la solicitud de sobreseimiento<br \/>\nE) Revisi\u00f3n de la pesta\u00f1a \u201cdelito\u201d dentro del sistema SIAGJ<br \/>\nF) Revisi\u00f3n de relaciones de la causa<\/p>\n<p style=\"font-weight: 400;\">1.5. Recomendaci\u00f3n de buenas pr\u00e1cticas durante la audiencia<br \/>\nA) Se\u00f1alar el lugar, d\u00eda y hora de la audiencia<br \/>\nB) Individualizarse y solicitar la individualizaci\u00f3n de los comparecientes<br \/>\nC) Identificar y dar palabra al interviniente que solicita la audiencia de sobreseimiento<br \/>\nD) Direcci\u00f3n de la audiencia<br \/>\nE) Orden del debate<br \/>\nF) Limitaciones de tiempo<br \/>\nG) Control sobre el debate y tiempos de intervenci\u00f3n<br \/>\nH) Toma de apuntes<br \/>\nI) Aplicaci\u00f3n del art\u00edculo 256 del C\u00f3digo Procesal Penal<br \/>\nJ) Escuchar a la v\u00edctima, si se encontrare presente<\/p>\n<p style=\"font-weight: 400;\">1.6. Recomendaci\u00f3n de buenas pr\u00e1cticas para la resoluci\u00f3n de una solicitud de sobreseimiento<br \/>\nA) Tiempo previo a la decisi\u00f3n<br \/>\nB) Estructura y contenido de la resoluci\u00f3n<br \/>\nC) Resoluciones anexas al pronunciamiento del sobreseimiento definitivo<br \/>\nD) Abordaje de situaciones complejas<br \/>\nE) Forzamiento de la acusaci\u00f3n y autorizaci\u00f3n para acusar particularmente<br \/>\nF) Explicaci\u00f3n a los intervinientes en lenguaje claro<\/p>\n<p style=\"font-weight: 400;\">1.7. Algunas particularidades acerca del sobreseimiento temporal<br \/>\nA) Resoluci\u00f3n de cuestiones previas civiles<br \/>\nB) Imputad o declarado rebelde por no comparecer al procedimiento<\/p>\n<p style=\"font-weight: 400;\">1.8. Suspensi\u00f3n del procedimiento por enajenaci\u00f3n mental de la persona imputada<\/p>\n<p style=\"font-weight: 400;\">1.9. Algunas particularidades sobre la audiencia de sobreseimiento definitivo por cumplimiento de acuerdo reparatorio<br \/>\nA) Citaci\u00f3n a audiencia<br \/>\nB) Apercibimientos<br \/>\nC) Imputado no comparece a audiencia y se desconoce si cumpli\u00f3 o no<br \/>\nD) V\u00edctima no comparece y el imputado comparece, pero no ha cumplido el acuerdo<br \/>\nE) Cumplimiento del acuerdo y decisi\u00f3n de t\u00e9rmino<\/p>\n<p style=\"font-weight: 400;\">1.10. Lista de verificaci\u00f3n<\/p>\n<ol start=\"2\">\n<li style=\"font-weight: 400;\"><b><strong> AUDIENCIA DE COMUNICACI\u00d3N DE DECISI\u00d3N DE NO PERSEVERAR<\/strong><\/b><\/li>\n<\/ol>\n<p style=\"font-weight: 400;\">2.1. Recomendaci\u00f3n de buenas pr\u00e1cticas de coordinaci\u00f3n interinstitucional<br \/>\nA) Comunicaci\u00f3n constante con el Ministerio P\u00fablico<br \/>\nB) Notificaciones efectivas a la v\u00edctima<\/p>\n<p style=\"font-weight: 400;\">2.2. Recomendaci\u00f3n de buenas pr\u00e1cticas referidas al agendamiento de audiencias<br \/>\nA) Baja complejidad<br \/>\nB) Baja carga de trabajo<br \/>\nC) Complejidades de las audiencias<\/p>\n<p style=\"font-weight: 400;\">2.3. Recomendaci\u00f3n de buenas pr\u00e1cticas previas al inicio de la audiencia<br \/>\nA) Revisi\u00f3n del contenido de la agenda<br \/>\nB) Verificaci\u00f3n de notificaciones<br \/>\nC) Patrocinios en la causa<br \/>\nD) Revisi\u00f3n de la solicitud de no perseverar<\/p>\n<p style=\"font-weight: 400;\">2.4. Recomendaci\u00f3n de buenas pr\u00e1cticas durante la audiencia<br \/>\nA) Se\u00f1alar el lugar, d\u00eda y hora de la audiencia<br \/>\nB) Individualizarse y solicitar la individualizaci\u00f3n de los comparecientes<br \/>\nC) Verificar situaci\u00f3n de la v\u00edctima<br \/>\nD) Oportunidad procesal en la que se comunica la decisi\u00f3n<br \/>\nE) Dar palabra al Ministerio P\u00fablico<br \/>\nF) Direcci\u00f3n de la audiencia<br \/>\nG) Orden del debate<br \/>\nH) Limitaciones de tiempo<br \/>\nI) Toma de apuntes<br \/>\nJ) Preguntas dirigidas a los intervinientes<br \/>\nK) Escuchar a la v\u00edctima, si se encuentra presente<br \/>\nL) Complejidades de la audiencia<\/p>\n<p style=\"font-weight: 400;\">2.5. Recomendaci\u00f3n de buenas pr\u00e1cticas para la resoluci\u00f3n en una audiencia de comunicaci\u00f3n de la decisi\u00f3n de no persevera<br \/>\nA) Tiempo previo a la decisi\u00f3n<br \/>\nB) Estructura y contenido de la resoluci\u00f3n<br \/>\nC) Resoluciones anexas a la comunicaci\u00f3n de la decisi\u00f3n de no perseverar<br \/>\nD) Otorgar copia del registro de audio<br \/>\nE) Practicar notificaciones<br \/>\nF) Autorizaci\u00f3n para acusar particularmente<br \/>\nG) Explicaci\u00f3n a los intervinientes en lenguaje claro<\/p>\n<p style=\"font-weight: 400;\">2.6. Lista de verificaci\u00f3n<br \/>\nA) Lista verificaci\u00f3n de audiencia sin otras solicitudes<br \/>\nB) Lista de verificaci\u00f3n de audiencia de decisi\u00f3n de no perseverar con reapertura y sobreseimiento solicitado por la defensa<\/p>\n<ol start=\"3\">\n<li style=\"font-weight: 400;\"><b><strong> AUDIENCIA DE CAUTELA DE GARANT\u00cdAS Y OTRAS AUDIENCIAS VINCULADAS A MECANISMOS DE PROTECCI\u00d3N DE GARANT\u00cdAS<\/strong><\/b><\/li>\n<\/ol>\n<p style=\"font-weight: 400;\">3.1. Introducci\u00f3n<br \/>\nA) Sobre la cautela de garant\u00edas<br \/>\nB) La pr\u00e1ctica de la cautela de garant\u00edas<\/p>\n<p style=\"font-weight: 400;\">3.2. Recomendaci\u00f3n de buenas pr\u00e1cticas de coordinaci\u00f3n interinstitucional<\/p>\n<p style=\"font-weight: 400;\">3.3. Recomendaci\u00f3n de buenas pr\u00e1cticas referidas al agendamiento de audiencias<\/p>\n<p style=\"font-weight: 400;\">3.4. Recomendaci\u00f3n de buenas pr\u00e1cticas previas al inicio de la audiencia<br \/>\nA) Revisi\u00f3n de la solicitud<br \/>\nB) Revisar historia de la causa<br \/>\nC) Revisar las notificaciones<br \/>\nD) Revisi\u00f3n de normativa atingente<br \/>\nE) Acceso a material de apoyo<br \/>\nF) Bilateralidad y contradicci\u00f3n<\/p>\n<p style=\"font-weight: 400;\">3.5. Recomendaci\u00f3n de buenas pr\u00e1cticas durante la audiencia<br \/>\nA) Se\u00f1alar el lugar, d\u00eda y hora de la audiencia<br \/>\nB) Individualizarse y solicitar la individualizaci\u00f3n de los comparecientes<br \/>\nC) Contextualizaci\u00f3n del tribunal<br \/>\nD) Dar palabra al solicitante<br \/>\nE) Traslado<br \/>\nF) Limitaciones de tiempo<br \/>\nG) Toma de apuntes<br \/>\nH) Preguntas dirigidas a los intervinientes<br \/>\nI) Escuchar al afectado<\/p>\n<p style=\"font-weight: 400;\">3.6. Recomendaci\u00f3n de buenas pr\u00e1cticas para la resoluci\u00f3n de una audiencia de cautela de garant\u00edas<br \/>\nA) Tiempo previo a la decisi\u00f3n<br \/>\nB) Estructura y contenido de la resoluci\u00f3n<br \/>\nC) Resoluciones anexas al pronunciamiento de la decisi\u00f3n<br \/>\nD) Si las medidas decretadas son insuficientes<br \/>\nE) Otorgar copia del registro de audio<br \/>\nF) Practicar notificaciones<br \/>\nG) Explicaci\u00f3n a los intervinientes en lenguaje claro<\/p>\n<p style=\"font-weight: 400;\">3.7. Particularidades de algunas audiencias sobre mecanismos de protecci\u00f3n de garant\u00edas<br \/>\nA) Audiencia de amparo<br \/>\nB) Traslado de penal<br \/>\nC) Falta de contacto con su representado<br \/>\nD) Lugar de reclusi\u00f3n de potenciales inimputables<br \/>\nE) Reclamo de sanciones por infracci\u00f3n al r\u00e9gimen interno<br \/>\nF) No tramitaci\u00f3n de decretos de expulsi\u00f3n<br \/>\nG) T\u00e9rmino o limitaci\u00f3n del secreto de la investigaci\u00f3n<br \/>\nH) Solicitud de control judicial anterior a la formalizaci\u00f3n<\/p>\n<p style=\"font-weight: 400;\">3.8. Lista de verificaci\u00f3n<\/p>\n<ol start=\"4\">\n<li style=\"font-weight: 400;\"><b><strong> AUDIENCIA DE AUTORIZACI\u00d3N DE DILIGENCIAS<\/strong><\/b><\/li>\n<\/ol>\n<p style=\"font-weight: 400;\">4.1. Recomendaci\u00f3n de buenas pr\u00e1cticas de coordinaci\u00f3n interinstitucional<\/p>\n<p style=\"font-weight: 400;\">4.2. Recomendaci\u00f3n de buenas pr\u00e1cticas referidas al agendamiento de audiencias<\/p>\n<p style=\"font-weight: 400;\">4.3. C\u00f3mo se resuelven distintas solicitudes<\/p>\n<p style=\"font-weight: 400;\">4.4. Recomendaci\u00f3n de buenas pr\u00e1cticas previas al inicio de la audiencia<br \/>\nA) Revisi\u00f3n de la solicitud<br \/>\nB) Verificar el estado procesal de la causa<br \/>\nC) Revisar historia de la causa<br \/>\nD) Revisar las notificaciones<br \/>\nE) Revisi\u00f3n de normativa atingente<\/p>\n<ol>\n<li style=\"font-weight: 400;\">F) Acceso a material de apoyo<\/li>\n<\/ol>\n<p style=\"font-weight: 400;\">4.5. Recomendaci\u00f3n de buenas pr\u00e1cticas durante la audiencia<br \/>\nA) Se\u00f1alar el lugar, d\u00eda y hora de la audiencia<br \/>\nB) Individualizarse y solicitar la individualizaci\u00f3n de los comparecientes<br \/>\nC) Dar palabra al solicitante<br \/>\nD) Traslado<br \/>\na. Requisitos para evacuar un traslado<br \/>\nE) Control sobre el debate y tiempos de intervenci\u00f3n<br \/>\nF) Toma de apuntes<br \/>\nG) Escuchar al afectado<\/p>\n<p style=\"font-weight: 400;\">4.6. Recomendaci\u00f3n de buenas pr\u00e1cticas para la resoluci\u00f3n de una audiencia<br \/>\nA) Tiempo previo a la decisi\u00f3n<br \/>\nB) Estructura y contenido de la resoluci\u00f3n<br \/>\nC) Resoluciones anexas al pronunciamiento de la decisi\u00f3n<br \/>\nD) Otorgar copia del registro de audio<br \/>\nE) Firma del acta<br \/>\nF) Practicar notificaciones<br \/>\nG) Explicaci\u00f3n a los intervinientes en lenguaje claro<\/p>\n<p style=\"font-weight: 400;\">4.7. Particularidades de algunas audiencias<br \/>\nA) Orden de detenci\u00f3n (art\u00edculo 127 del CPP)<br \/>\nB) Medidas cautelares reales<br \/>\nC) Desalojos<br \/>\nD) Constancias del art\u00edculo 9\u00b0 del C\u00f3digo Procesal Penal<\/p>\n<p style=\"font-weight: 400;\">4.8. Lista de verificaci\u00f3n<\/p>\n","protected":false},"excerpt":{"rendered":"<p>Buscas un libro Jur\u00eddico.? Lo puedes encontrar en nuestra tienda virtual.<br \/>\nContamos con prestigiosos autores y muchas alternativas en sus diferentes materias al igual que grandes descuentos.! Vis\u00edtanos en <a class=\"NpAOenjuLyTkzcGAWovJllDYgHrUgYzuNQo \" tabindex=\"0\" href=\"https:\/\/lnkd.in\/eiAG7jdZ\" target=\"_blank\" rel=\"noopener\" data-test-app-aware-link=\"\">https:\/\/lnkd.in\/eiAG7jdZ<\/a><br \/>\nEscr\u00edbenos al +56930565235 \/ <a class=\"NpAOenjuLyTkzcGAWovJllDYgHrUgYzuNQo \" tabindex=\"0\" href=\"mailto:ventaslegallexglobal@gmail.com\" target=\"_self\" data-test-app-aware-link=\"\">ventaslegallexglobal@gmail.com<\/a><br \/>\nHacemos env\u00edos a todo Chile \u2013 Starken o Correos Chile \/ Te esperamos<\/p>\n","protected":false},"featured_media":2305,"comment_status":"open","ping_status":"closed","template":"","meta":{"inline_featured_image":false,"_joinchat":[]},"product_brand":[],"product_cat":[26,30,34,47],"product_tag":[],"class_list":{"0":"post-2275","1":"product","2":"type-product","3":"status-publish","4":"has-post-thumbnail","6":"product_cat-derecho","7":"product_cat-penal","8":"product_cat-procesal-penal","9":"product_cat-sin-categorizar","11":"first","12":"instock","13":"shipping-taxable","14":"purchasable","15":"product-type-simple"},"_links":{"self":[{"href":"https:\/\/bibliotecajuridicavirtual.cl\/index.php\/wp-json\/wp\/v2\/product\/2275","targetHints":{"allow":["GET"]}}],"collection":[{"href":"https:\/\/bibliotecajuridicavirtual.cl\/index.php\/wp-json\/wp\/v2\/product"}],"about":[{"href":"https:\/\/bibliotecajuridicavirtual.cl\/index.php\/wp-json\/wp\/v2\/types\/product"}],"replies":[{"embeddable":true,"href":"https:\/\/bibliotecajuridicavirtual.cl\/index.php\/wp-json\/wp\/v2\/comments?post=2275"}],"wp:featuredmedia":[{"embeddable":true,"href":"https:\/\/bibliotecajuridicavirtual.cl\/index.php\/wp-json\/wp\/v2\/media\/2305"}],"wp:attachment":[{"href":"https:\/\/bibliotecajuridicavirtual.cl\/index.php\/wp-json\/wp\/v2\/media?parent=2275"}],"wp:term":[{"taxonomy":"product_brand","embeddable":true,"href":"https:\/\/bibliotecajuridicavirtual.cl\/index.php\/wp-json\/wp\/v2\/product_brand?post=2275"},{"taxonomy":"product_cat","embeddable":true,"href":"https:\/\/bibliotecajuridicavirtual.cl\/index.php\/wp-json\/wp\/v2\/product_cat?post=2275"},{"taxonomy":"product_tag","embeddable":true,"href":"https:\/\/bibliotecajuridicavirtual.cl\/index.php\/wp-json\/wp\/v2\/product_tag?post=2275"}],"curies":[{"name":"wp","href":"https:\/\/api.w.org\/{rel}","templated":true}]}}