{"id":2286,"date":"2026-02-28T01:00:12","date_gmt":"2026-02-28T04:00:12","guid":{"rendered":"https:\/\/bibliotecajuridicavirtual.cl\/?post_type=product&#038;p=2286"},"modified":"2026-02-28T01:00:29","modified_gmt":"2026-02-28T04:00:29","slug":"practica-forense-procesal-civil-2-tomos-6-edicion-actualizada-ano-mayo-2025-800-pag","status":"publish","type":"product","link":"https:\/\/bibliotecajuridicavirtual.cl\/index.php\/product\/practica-forense-procesal-civil-2-tomos-6-edicion-actualizada-ano-mayo-2025-800-pag\/","title":{"rendered":"Pr\u00e1ctica Forense * Procesal Civil 2 tomos &#8211; 6\u00b0 edici\u00f3n actualizada a\u00f1o Mayo 2025 * 800 P\u00e1g."},"content":{"rendered":"<p style=\"font-weight: 400;\">Pr\u00e1ctica Forense Procesal Civil , dos tomos en su\u00a05\u00aa Edici\u00f3n,\u00a02025\u00a0contempla las principales demandas, de procedimiento ordinario, ejecutivo, sumario, concursal, etc., materias de uso general y aplicaci\u00f3n, que viene en complementar lo ya existente en este tema, por otros autores ya cl\u00e1sicos, esperando que sea de gran utilidad para los abogados y usuarios de esta Colecci\u00f3n Forense, obviamente con los principales escritos.<\/p>\n<p style=\"font-weight: 400;\">Esperando que esta obra sea de gran utilidad a los abogados, Tofulex Ediciones Jur\u00eddicas, presenta al mercado esta obra del abogado don Eric Andr\u00e9s Ch\u00e1vez Ch\u00e1vez, esperando sea del agrado de sus usuarios.<\/p>\n<p style=\"font-weight: 400;\">La presente obra que comprende dos Tomos, con las diferentes materias principales que se tramitan en los juzgados civiles, para dar una visi\u00f3n a la redacci\u00f3n de los diferentes libelos, que tiene por objeto dar al abogado que ejerce la profesi\u00f3n ante los tribunales y ejercicio libre, una actualizaci\u00f3n de los \u201cformularios\u201d, esto es, de los principales escritos, los cuales fueron actualizados, ampliados y revisados para un mejor desempe\u00f1o profesional de su labor diaria.<\/p>\n<p style=\"font-weight: 400;\">La presente colecci\u00f3n de \u201cPr\u00e1ctica Forense Procesal Civil\u201d, comprende los siguientes tomos:<\/p>\n<p style=\"font-weight: 400;\">Pr\u00e1ctica Forense Procesal Civil. Tomo I: Demandas.<\/p>\n<p style=\"font-weight: 400;\">Pr\u00e1ctica Forense Procesal Civil. Tomo II: Escritos de mera tramitaci\u00f3n y Recursos Procesales.\u00a0P\u00e1g.<\/p>\n<table style=\"font-weight: 400;\">\n<tbody>\n<tr>\n<td width=\"439\">\u00cdNDICE GENERAL<\/td>\n<td width=\"56\">&nbsp;<\/td>\n<\/tr>\n<tr>\n<td width=\"439\">Tomo I<\/p>\n<p>Pr\u00e1ctica Forense Procesal Civil<\/p>\n<p>&nbsp;<\/td>\n<td width=\"56\">&nbsp;<\/td>\n<\/tr>\n<tr>\n<td width=\"439\">Cap\u00edtulo I.- AMPARO DE AGUAS\u2026\u2026\u2026\u2026\u2026\u2026\u2026\u2026<\/td>\n<td width=\"56\">9<\/td>\n<\/tr>\n<tr>\n<td width=\"439\">N\u00b01.- Aguas. Demanda\u2026\u2026\u2026\u2026\u2026\u2026\u2026\u2026\u2026\u2026\u2026\u2026\u2026\u2026\u2026\u2026\u2026\u2026\u2026\u2026\u2026\u2026\u2026\u2026\u2026..<\/td>\n<td width=\"56\">9<\/td>\n<\/tr>\n<tr>\n<td width=\"439\">N\u00b02.- Aguas. Derecho de Aprovechamiento\u2026\u2026\u2026\u2026\u2026\u2026\u2026\u2026\u2026\u2026\u2026\u2026.<\/td>\n<td width=\"56\">12<\/td>\n<\/tr>\n<tr>\n<td width=\"439\">N\u00b03.- Aguas. Evacua descargos\u2026\u2026\u2026\u2026\u2026\u2026\u2026\u2026\u2026\u2026\u2026\u2026\u2026\u2026\u2026\u2026\u2026\u2026\u2026..<\/td>\n<td width=\"56\">13<\/td>\n<\/tr>\n<tr>\n<td width=\"439\">Cap\u00edtulo II.- GESTI\u00d3N PREPARATORIA\u2026\u2026\u2026\u2026.<\/td>\n<td width=\"56\">21<\/td>\n<\/tr>\n<tr>\n<td width=\"439\">N\u00b01.- Gesti\u00f3n Preparatoria. Notificaci\u00f3n Cobro Factura\u2026\u2026\u2026\u2026<\/td>\n<td width=\"56\">21<\/td>\n<\/tr>\n<tr>\n<td width=\"439\">N\u00b02.- Gesti\u00f3n Preparatoria. Citaci\u00f3n a confesar deuda\u2026\u2026\u2026\u2026\u2026<\/td>\n<td width=\"56\">23<\/td>\n<\/tr>\n<tr>\n<td width=\"439\">N\u00b03.- Gesti\u00f3n Preparatoria. Citaci\u00f3n A RECONOCER firma y confesar deuda\u2026\u2026\u2026\u2026\u2026\u2026\u2026\u2026\u2026\u2026\u2026\u2026\u2026\u2026\u2026\u2026\u2026\u2026\u2026\u2026\u2026\u2026\u2026\u2026\u2026\u2026\u2026\u2026..<\/td>\n<td width=\"56\">&nbsp;<\/p>\n<p>24<\/td>\n<\/tr>\n<tr>\n<td width=\"439\">N\u00b04.- Gesti\u00f3n Preparatoria. Citaci\u00f3n a Confesar Deuda\u2026\u2026\u2026\u2026.<\/td>\n<td width=\"56\">25<\/td>\n<\/tr>\n<tr>\n<td width=\"439\">N\u00b05.- Gesti\u00f3n Preparatoria. Citaci\u00f3n a Confesar Deuda\u2026\u2026\u2026\u2026.<\/td>\n<td width=\"56\">27<\/td>\n<\/tr>\n<tr>\n<td width=\"439\">N\u00b06.- Gesti\u00f3n Preparatoria. Citaci\u00f3n a Confesar Deuda\u2026\u2026\u2026\u2026.<\/td>\n<td width=\"56\">28<\/td>\n<\/tr>\n<tr>\n<td width=\"439\">N\u00b07.- Gesti\u00f3n Preparatoria.\u00a0\u00a0Notificaci\u00f3n Protesto Cheque\u2026\u2026<\/td>\n<td width=\"56\">30<\/td>\n<\/tr>\n<tr>\n<td width=\"439\">N\u00b08.- Gesti\u00f3n Preparatoria. Notificaci\u00f3n Protesto Cheque\u2026\u2026.<\/td>\n<td width=\"56\">31<\/td>\n<\/tr>\n<tr>\n<td width=\"439\">N\u00b09.- Gesti\u00f3n Preparatoria. Notificaci\u00f3n Protesto Cheque\u2026\u2026.<\/td>\n<td width=\"56\">33<\/td>\n<\/tr>\n<tr>\n<td width=\"439\">N\u00b010.- Gesti\u00f3n Preparatoria. Notificaci\u00f3n Protesto Cheque\u2026..<\/td>\n<td width=\"56\">35<\/td>\n<\/tr>\n<tr>\n<td width=\"439\">N\u00b011.- Gesti\u00f3n Preparatoria. Notificaci\u00f3n Protesto Cheque\u2026\u2026<\/td>\n<td width=\"56\">37<\/td>\n<\/tr>\n<tr>\n<td width=\"439\">N\u00b012.- Gesti\u00f3n Preparatoria. Notificaci\u00f3n Protesto Cheque\u2026\u2026<\/td>\n<td width=\"56\">39<\/td>\n<\/tr>\n<tr>\n<td width=\"439\">N\u00b013.- Gesti\u00f3n Preparatoria. Notificaci\u00f3n Protesto Cheque\u2026\u2026<\/td>\n<td width=\"56\">40<\/td>\n<\/tr>\n<tr>\n<td width=\"439\">N\u00b014.- Gesti\u00f3n Preparatoria. Notificaci\u00f3n Protesto Cheque\u2026..<\/td>\n<td width=\"56\">42<\/td>\n<\/tr>\n<tr>\n<td width=\"439\">N\u00b015.- Gesti\u00f3n Preparatoria. Notificaci\u00f3n Protesto Cheque\u2026..<\/td>\n<td width=\"56\">44<\/td>\n<\/tr>\n<tr>\n<td width=\"439\">N\u00b016.- Gesti\u00f3n Preparatoria. Notificaci\u00f3n Protesto Cheque\u2026..<\/td>\n<td width=\"56\">46<\/td>\n<\/tr>\n<tr>\n<td width=\"439\">N\u00b017.- Gesti\u00f3n Preparatoria. Notificaci\u00f3n Protesto Cheque\u2026..<\/td>\n<td width=\"56\">48<\/td>\n<\/tr>\n<tr>\n<td width=\"439\">N\u00b018.- Gesti\u00f3n Preparatoria. Notificaci\u00f3n Protesto Letra\u2026\u2026..<\/td>\n<td width=\"56\">49<\/td>\n<\/tr>\n<tr>\n<td width=\"439\">N\u00b019.- Gesti\u00f3n Preparatoria. Notificaci\u00f3n Protesto Letra\u2026\u2026..<\/td>\n<td width=\"56\">51<\/td>\n<\/tr>\n<tr>\n<td width=\"439\">N\u00b020.- Gesti\u00f3n Preparatoria. Notificaci\u00f3n Protesto Letra\u2026\u2026..<\/td>\n<td width=\"56\">53<\/td>\n<\/tr>\n<tr>\n<td width=\"439\">N\u00b021.- Gesti\u00f3n Preparatoria. Notificaci\u00f3n Protesto Letra\u2026\u2026..<\/td>\n<td width=\"56\">54<\/td>\n<\/tr>\n<tr>\n<td width=\"439\">N\u00b022.- Gesti\u00f3n Preparatoria. Notificaci\u00f3n Protesto Letra\u2026\u2026..<\/td>\n<td width=\"56\">56<\/td>\n<\/tr>\n<tr>\n<td width=\"439\">N\u00b023.- Gesti\u00f3n Preparatoria. Notificaci\u00f3n Protesto Letra\u2026\u2026..<\/td>\n<td width=\"56\">58<\/td>\n<\/tr>\n<tr>\n<td width=\"439\">N\u00b024.- Gesti\u00f3n Preparatoria. Validaci\u00f3n Sentencia Extranjera.<\/td>\n<td width=\"56\">59<\/td>\n<\/tr>\n<tr>\n<td width=\"439\">N\u00b025.-\u00a0Gesti\u00f3n Preparatoria. Confrontaci\u00f3n T\u00edtulos y Cupones\u2026.<\/td>\n<td width=\"56\">62<\/td>\n<\/tr>\n<tr>\n<td width=\"439\">N\u00b026.- Gesti\u00f3n Preparatoria. Notificaci\u00f3n Avaluaci\u00f3n\u2026\u2026\u2026\u2026..<\/td>\n<td width=\"56\">63<\/td>\n<\/tr>\n<tr>\n<td width=\"439\">N\u00b027.- Gesti\u00f3n Preparatoria. Notificaci\u00f3n Herederos\u2026\u2026\u2026\u2026\u2026..<\/td>\n<td width=\"56\">65<\/td>\n<\/tr>\n<tr>\n<td width=\"439\">Cap\u00edtulo iii.- PROCEDIMIENTOS CONCURSALES.<\/td>\n<td width=\"56\">67<\/td>\n<\/tr>\n<tr>\n<td width=\"439\">N\u00b01.- Concursal. Reorganizaci\u00f3n\u2026\u2026\u2026\u2026\u2026\u2026\u2026\u2026\u2026\u2026\u2026\u2026\u2026\u2026\u2026\u2026\u2026<\/td>\n<td width=\"56\">67<\/td>\n<\/tr>\n<tr>\n<td width=\"439\">N\u00b02.- Concursal.\u00a0Reorganizaci\u00f3n Extrajudicial\u2026\u2026\u2026\u2026\u2026\u2026\u2026\u2026.<\/td>\n<td width=\"56\">68<\/td>\n<\/tr>\n<tr>\n<td width=\"439\">N\u00b03.- Concursal.\u00a0Voluntario Empresa Deudora\u2026\u2026\u2026\u2026\u2026\u2026\u2026\u2026.<\/td>\n<td width=\"56\">73<\/td>\n<\/tr>\n<tr>\n<td width=\"439\">N\u00b04.- Concursal.\u00a0Voluntario Persona Deudora\u2026\u2026\u2026\u2026\u2026\u2026\u2026\u2026<\/td>\n<td width=\"56\">77<\/td>\n<\/tr>\n<tr>\n<td width=\"439\">N\u00b05.- Concursal.\u00a0Forzosa. Causal Art.117 N\u00b01\u2026\u2026\u2026\u2026\u2026\u2026\u2026\u2026\u2026\u2026.<\/td>\n<td width=\"56\">79<\/td>\n<\/tr>\n<tr>\n<td width=\"439\">N\u00b06.- Concursal.\u00a0Forzosa. Causal Art.117 N\u00b02\u2026\u2026\u2026\u2026\u2026\u2026\u2026\u2026\u2026\u2026.<\/td>\n<td width=\"56\">82<\/td>\n<\/tr>\n<tr>\n<td width=\"439\">N\u00b07.- Concursal.\u00a0Forzosa. Causal Art.117 N\u00b03\u2026\u2026\u2026\u2026\u2026\u2026\u2026\u2026\u2026\u2026.<\/td>\n<td width=\"56\">86<\/td>\n<\/tr>\n<tr>\n<td width=\"439\">Cap\u00edtulo iv.- PROCEDIMIENTO DESPOSEIMIENTO\u2026.<\/td>\n<td width=\"56\">89<\/td>\n<\/tr>\n<tr>\n<td width=\"439\">N\u00b01.- Desposeimiento. Gesti\u00f3n\u2026\u2026\u2026\u2026\u2026\u2026\u2026\u2026\u2026\u2026\u2026\u2026\u2026\u2026\u2026\u2026\u2026\u2026\u2026.<\/td>\n<td width=\"56\">89<\/td>\n<\/tr>\n<tr>\n<td width=\"439\">N\u00b02.- Desposeimiento. Gesti\u00f3n\u2026\u2026\u2026\u2026\u2026\u2026\u2026\u2026\u2026\u2026\u2026\u2026\u2026\u2026\u2026\u2026\u2026\u2026\u2026.<\/td>\n<td width=\"56\">91<\/td>\n<\/tr>\n<tr>\n<td width=\"439\">Cap\u00edtulo v.- ProcedimIEnto Ordinario Menor Cuant\u00eda\u2026\u2026\u2026\u2026\u2026\u2026\u2026\u2026\u2026\u2026\u2026\u2026\u2026\u2026\u2026<\/td>\n<td width=\"56\">&nbsp;<\/p>\n<p>93<\/td>\n<\/tr>\n<tr>\n<td width=\"439\">cap\u00edtulo vi.- Procedimiento\u00a0Ordinario M\u00ednima Cuant\u00eda\u2026\u2026\u2026\u2026\u2026\u2026\u2026\u2026\u2026\u2026\u2026\u2026\u2026\u2026\u2026<\/td>\n<td width=\"56\">&nbsp;<\/p>\n<p>95<\/td>\n<\/tr>\n<tr>\n<td width=\"439\">Cap\u00edtulo vii.- PROCEDIMIENTOS MINEROS\u2026\u2026..<\/td>\n<td width=\"56\">97<\/td>\n<\/tr>\n<tr>\n<td width=\"439\">N\u00b01.- Minero. Manifestaci\u00f3n\u2026\u2026\u2026\u2026\u2026\u2026\u2026\u2026\u2026\u2026\u2026\u2026\u2026\u2026\u2026\u2026\u2026\u2026\u2026\u2026<\/td>\n<td width=\"56\">97<\/td>\n<\/tr>\n<tr>\n<td width=\"439\">N\u00b02.- Minero.\u00a0\u00a0Pedimento\u2026\u2026\u2026\u2026\u2026\u2026\u2026\u2026\u2026\u2026\u2026\u2026\u2026\u2026\u2026\u2026\u2026\u2026\u2026\u2026\u2026\u2026<\/td>\n<td width=\"56\">98<\/td>\n<\/tr>\n<tr>\n<td width=\"439\">Cap\u00edtulo viii.- Procedimiento Ordinario\u2026..<\/td>\n<td width=\"56\">101<\/td>\n<\/tr>\n<tr>\n<td width=\"439\">A.- ACCI\u00d3N in reverso\u2026\u2026\u2026.\u2026\u2026\u2026\u2026\u2026\u2026\u2026\u2026..<\/td>\n<td width=\"56\">101<\/td>\n<\/tr>\n<tr>\n<td width=\"439\">b.- ACCI\u00d3N DE PETICI\u00d3N DE HERENCIA\u2026\u2026\u2026\u2026\u2026<\/td>\n<td width=\"56\">111<\/td>\n<\/tr>\n<tr>\n<td width=\"439\">c.- ACCI\u00d3N pauliana O REVOCATORIA\u2026\u2026\u2026\u2026\u2026<\/td>\n<td width=\"56\">117<\/td>\n<\/tr>\n<tr>\n<td width=\"439\">d.- Cobro pesos\u2026\u2026\u2026\u2026\u2026\u2026\u2026\u2026\u2026\u2026\u2026\u2026\u2026\u2026\u2026<\/td>\n<td width=\"56\">123<\/td>\n<\/tr>\n<tr>\n<td width=\"439\">N\u00b01.- Cobro Pesos\u2026\u2026\u2026\u2026\u2026\u2026\u2026\u2026\u2026\u2026\u2026\u2026\u2026\u2026\u2026\u2026\u2026\u2026\u2026\u2026\u2026\u2026\u2026\u2026\u2026\u2026\u2026<\/td>\n<td width=\"56\">123<\/td>\n<\/tr>\n<tr>\n<td width=\"439\">N\u00b02.- Cobro Pesos\u2026\u2026\u2026\u2026\u2026\u2026\u2026\u2026\u2026\u2026\u2026\u2026\u2026\u2026\u2026\u2026\u2026\u2026\u2026\u2026\u2026\u2026\u2026\u2026\u2026\u2026\u2026<\/td>\n<td width=\"56\">126<\/td>\n<\/tr>\n<tr>\n<td width=\"439\">e.- CUMPLIMIENTO CONTRATO\u2026\u2026\u2026\u2026\u2026\u2026\u2026\u2026\u2026<\/td>\n<td width=\"56\">129<\/td>\n<\/tr>\n<tr>\n<td width=\"439\">N\u00b01.- Cumplimiento Contrato. Demanda\u2026\u2026\u2026\u2026\u2026\u2026\u2026\u2026\u2026\u2026\u2026\u2026..<\/td>\n<td width=\"56\">129<\/td>\n<\/tr>\n<tr>\n<td width=\"439\">N\u00b02.- Cumplimiento Contrato. Demanda. Con Indemnizaci\u00f3n<\/td>\n<td width=\"56\">139<\/td>\n<\/tr>\n<tr>\n<td width=\"439\">f.-\u00a0enriquecimiento sin causa o acci\u00f3n quanti minoris\u2026\u2026\u2026\u2026\u2026\u2026\u2026\u2026\u2026\u2026\u2026\u2026\u2026\u2026..<\/td>\n<td width=\"56\">&nbsp;<\/p>\n<p>155<\/td>\n<\/tr>\n<tr>\n<td width=\"439\">N\u00b01.- Enriquecimiento sin Causa\u2026\u2026\u2026\u2026\u2026\u2026\u2026\u2026\u2026\u2026\u2026\u2026\u2026\u2026\u2026\u2026\u2026\u2026.<\/td>\n<td width=\"56\">155<\/td>\n<\/tr>\n<tr>\n<td width=\"439\">N\u00b02.- Enriquecimiento sin Causa\u2026\u2026\u2026\u2026\u2026\u2026\u2026\u2026\u2026\u2026\u2026\u2026\u2026\u2026\u2026\u2026\u2026\u2026.<\/td>\n<td width=\"56\">158<\/td>\n<\/tr>\n<tr>\n<td width=\"439\">g.- hacienda\u2026\u2026\u2026\u2026\u2026\u2026\u2026\u2026\u2026\u2026\u2026\u2026\u2026\u2026\u2026\u2026..<\/td>\n<td width=\"56\">163<\/td>\n<\/tr>\n<tr>\n<td width=\"439\">h.- INDEMNIZACI\u00d3N DE PERJUICIOS\u2026\u2026\u2026\u2026\u2026\u2026<\/td>\n<td width=\"56\">167<\/td>\n<\/tr>\n<tr>\n<td width=\"439\">i.- INTERDICCI\u00d3N POR DEMENCIA\u2026\u2026\u2026\u2026\u2026\u2026\u2026<\/td>\n<td width=\"56\">173<\/td>\n<\/tr>\n<tr>\n<td width=\"439\">N\u00b01.- Interdicci\u00f3n. Demencia\u2026\u2026\u2026\u2026\u2026\u2026\u2026\u2026\u2026\u2026\u2026\u2026\u2026\u2026\u2026\u2026\u2026\u2026\u2026\u2026<\/td>\n<td width=\"56\">173<\/td>\n<\/tr>\n<tr>\n<td width=\"439\">N\u00b02.- Interdicci\u00f3n.\u00a0\u00a0Disipaci\u00f3n\u2026\u2026\u2026\u2026\u2026\u2026\u2026\u2026\u2026\u2026\u2026\u2026\u2026\u2026\u2026\u2026\u2026\u2026\u2026<\/td>\n<\/tr>\n<\/tbody>\n<\/table>\n","protected":false},"excerpt":{"rendered":"<p>Buscas un libro Jur\u00eddico.? Lo puedes encontrar en nuestra tienda virtual.<br \/>\nContamos con prestigiosos autores y muchas alternativas en sus diferentes materias al igual que grandes descuentos.! Vis\u00edtanos en <a class=\"PDuZgTTJniSbcpBCzeHjMlcFFsgCxLEhvw \" tabindex=\"0\" href=\"https:\/\/lnkd.in\/eiAG7jdZ\" target=\"_blank\" rel=\"noopener\" data-test-app-aware-link=\"\">https:\/\/lnkd.in\/eiAG7jdZ<\/a><br \/>\nEscr\u00edbenos al +56930565235 \/ <a class=\"PDuZgTTJniSbcpBCzeHjMlcFFsgCxLEhvw \" tabindex=\"0\" href=\"mailto:ventaslegallexglobal@gmail.com\" target=\"_self\" data-test-app-aware-link=\"\">ventaslegallexglobal@gmail.com<\/a><br \/>\nHacemos env\u00edos a todo Chile \u2013 Starken o Correos Chile \/ Te esperamos<\/p>\n","protected":false},"featured_media":2316,"comment_status":"open","ping_status":"closed","template":"","meta":{"inline_featured_image":false,"_joinchat":[]},"product_brand":[],"product_cat":[26,39],"product_tag":[],"class_list":{"0":"post-2286","1":"product","2":"type-product","3":"status-publish","4":"has-post-thumbnail","6":"product_cat-derecho","7":"product_cat-procesal-civil","9":"first","10":"instock","11":"shipping-taxable","12":"purchasable","13":"product-type-simple"},"_links":{"self":[{"href":"https:\/\/bibliotecajuridicavirtual.cl\/index.php\/wp-json\/wp\/v2\/product\/2286","targetHints":{"allow":["GET"]}}],"collection":[{"href":"https:\/\/bibliotecajuridicavirtual.cl\/index.php\/wp-json\/wp\/v2\/product"}],"about":[{"href":"https:\/\/bibliotecajuridicavirtual.cl\/index.php\/wp-json\/wp\/v2\/types\/product"}],"replies":[{"embeddable":true,"href":"https:\/\/bibliotecajuridicavirtual.cl\/index.php\/wp-json\/wp\/v2\/comments?post=2286"}],"wp:featuredmedia":[{"embeddable":true,"href":"https:\/\/bibliotecajuridicavirtual.cl\/index.php\/wp-json\/wp\/v2\/media\/2316"}],"wp:attachment":[{"href":"https:\/\/bibliotecajuridicavirtual.cl\/index.php\/wp-json\/wp\/v2\/media?parent=2286"}],"wp:term":[{"taxonomy":"product_brand","embeddable":true,"href":"https:\/\/bibliotecajuridicavirtual.cl\/index.php\/wp-json\/wp\/v2\/product_brand?post=2286"},{"taxonomy":"product_cat","embeddable":true,"href":"https:\/\/bibliotecajuridicavirtual.cl\/index.php\/wp-json\/wp\/v2\/product_cat?post=2286"},{"taxonomy":"product_tag","embeddable":true,"href":"https:\/\/bibliotecajuridicavirtual.cl\/index.php\/wp-json\/wp\/v2\/product_tag?post=2286"}],"curies":[{"name":"wp","href":"https:\/\/api.w.org\/{rel}","templated":true}]}}