{"id":2368,"date":"2026-02-28T01:01:08","date_gmt":"2026-02-28T04:01:08","guid":{"rendered":"https:\/\/bibliotecajuridicavirtual.cl\/?post_type=product&#038;p=2368"},"modified":"2026-02-28T01:01:22","modified_gmt":"2026-02-28T04:01:22","slug":"derecho-administrativo-sancionador-chileno-nicolas-alejandro-enteiche-rosales-1-edicion-ano-2025-642-pag","status":"publish","type":"product","link":"https:\/\/bibliotecajuridicavirtual.cl\/index.php\/product\/derecho-administrativo-sancionador-chileno-nicolas-alejandro-enteiche-rosales-1-edicion-ano-2025-642-pag\/","title":{"rendered":"Derecho Administrativo Sancionador Chileno * Nicol\u00e1s Alejandro Enteiche Rosales * 1\u00b0 edici\u00f3n a\u00f1o 2025 &#8211; 642 P\u00e1g."},"content":{"rendered":"<p>En este libro se analiza al Derecho Administrativo Sancionador chileno, especialmente en cuanto a las competencias sancionadoras administrativas aplicadas a los particulares, lo que se denomina Derecho Sancionador Regulatorio. Se examina esta disciplina a partir de las fuentes jur\u00eddicas que la rigen y de tres principios que le sirven de base: la juridicidad, tipicidad y proporcionalidad.<br \/>\nEn la Parte Primera, se aborda el Derecho Sancionador Regulatorio a la luz de su unidad, proveniente de las fuentes jur\u00eddicas aptas para formularlo normativamente y determinada a partir del principio de juridicidad. M\u00e1s adelante, en la Parte Segunda, se examina el Derecho Sancionador Regulatorio en raz\u00f3n de la cohesi\u00f3n de su ejercicio, lo que provoca que la sanci\u00f3n administrativa est\u00e9 limitada por las garant\u00edas de los principios de tipicidad y de proporcionalidad.<br \/>\nLa presente obra busca aportar a los acad\u00e9micos, abogados corporativos y litigantes, funcionarios p\u00fablicos y jueces que deseen comprender las bases normativas y el ejercicio de las potestades sancionadoras administrativas. Por tal raz\u00f3n, este libro analiza al Derecho Sancionador Regulatorio con base en la dogm\u00e1tica jur\u00eddica y a la luz de la jurisprudencia judicial, constitucional y administrativa que han avanzado en su configuraci\u00f3n.<\/p>\n<p>\u00cdndice<br \/>\nPr\u00f3logo\u00a0\u00a0 \u00a0\u00a0\u00a0 \u00a015<br \/>\nIntroducci\u00f3n\u00a0\u00a0 \u00a0\u00a0\u00a0 \u00a019<br \/>\nPARTE PRIMERA<br \/>\nLA UNIDAD DE FUENTES EN LAS COMPETENCIAS SANCIONADORAS ADMINISTRATIVAS<br \/>\nT\u00edtulo Primero. La multiplicidad de fuentes\u00a0\u00a0 \u00a0\u00a0\u00a0 \u00a041<br \/>\nCap\u00edtulo Primero. Las fuentes sustanciales\u00a0\u00a0 \u00a0\u00a0\u00a0 \u00a047<br \/>\nSecci\u00f3n 1. La Constituci\u00f3n\u00a0\u00a0 \u00a0\u00a0\u00a0 \u00a050<br \/>\nA.\u00a0\u00a0 \u00a0Desconocimiento normativo de las competencias sancionadoras administrativas (1810-1925)\u00a0\u00a0 \u00a0\u00a0\u00a0 \u00a053<br \/>\n1.\u00a0\u00a0 \u00a0Otorgamiento de amplias facultades para la Administraci\u00f3n (1810-1814)\u00a0\u00a0 \u00a0\u00a0\u00a0 \u00a053<br \/>\n2.\u00a0\u00a0 \u00a0Funciones de polic\u00eda que se alejan de las competencias sancionadoras judiciales (1814-1925)\u00a0\u00a0 \u00a0\u00a0\u00a0 \u00a056<br \/>\nB.\u00a0\u00a0 \u00a0Reconocimiento normativo inexpreso de las competencias sancionadoras administrativas en el orden penal (1925-2024)\u00a0\u00a0 \u00a0\u00a0\u00a0 \u00a061<br \/>\n1.\u00a0\u00a0 \u00a0Anexi\u00f3n del orden penal\u00a0\u00a0 \u00a0\u00a0\u00a0 \u00a064<br \/>\na.\u00a0\u00a0 \u00a0Recepci\u00f3n del orden penal material\u00a0\u00a0 \u00a0\u00a0\u00a0 \u00a068<br \/>\nb.\u00a0\u00a0 \u00a0Acogida del orden penal procedimental\u00a0\u00a0 \u00a0\u00a0\u00a0 \u00a074<br \/>\n2.\u00a0\u00a0 \u00a0Vertimiento del orden penal a la ley\u00a0\u00a0 \u00a0\u00a0\u00a0 \u00a078<br \/>\nSecci\u00f3n 2. Las leyes\u00a0\u00a0 \u00a0\u00a0\u00a0 \u00a081<br \/>\nA.\u00a0\u00a0 \u00a0Admisi\u00f3n del orden penal en las competencias sancionadoras administrativas\u00a0\u00a0 \u00a0\u00a0\u00a0 \u00a085<br \/>\n1.\u00a0\u00a0 \u00a0Despliegue legislativo del orden penal material\u00a0\u00a0 \u00a0\u00a0\u00a0 \u00a085<br \/>\na.\u00a0\u00a0 \u00a0La fijaci\u00f3n de los sujetos\u00a0\u00a0 \u00a0\u00a0\u00a0 \u00a086<br \/>\nb.\u00a0\u00a0 \u00a0La determinaci\u00f3n del objeto\u00a0\u00a0 \u00a0\u00a0\u00a0 \u00a089<br \/>\n2.\u00a0\u00a0 \u00a0Desarrollo por las leyes del orden penal procedimental\u00a0\u00a0 \u00a0\u00a0\u00a0 \u00a093<br \/>\nB.\u00a0\u00a0 \u00a0Singularidad de las leyes en las competencias sancionadoras administrativas\u00a0\u00a0 \u00a0\u00a0\u00a0 \u00a098<br \/>\n1.\u00a0\u00a0 \u00a0Polimorfismo documental de rango legal\u00a0\u00a0 \u00a0\u00a0\u00a0 \u00a098<br \/>\n2.\u00a0\u00a0 \u00a0Falta de sistematicidad de rango legal\u00a0\u00a0 \u00a0\u00a0\u00a0 \u00a0102<br \/>\nCap\u00edtulo Segundo. Las fuentes accidentales\u00a0\u00a0 \u00a0\u00a0\u00a0 \u00a0107<br \/>\nSecci\u00f3n 1. El reglamento\u00a0\u00a0 \u00a0\u00a0\u00a0 \u00a0110<br \/>\nA.\u00a0\u00a0 \u00a0Identificaci\u00f3n del reglamento en las competencias sancionadoras administrativas\u00a0\u00a0 \u00a0\u00a0\u00a0 \u00a0111<br \/>\n1.\u00a0\u00a0 \u00a0Encuadre conceptual del reglamento\u00a0\u00a0 \u00a0\u00a0\u00a0 \u00a0111<br \/>\n2.\u00a0\u00a0 \u00a0Proyecci\u00f3n desde las fuentes sustanciales\u00a0\u00a0 \u00a0\u00a0\u00a0 \u00a0116<br \/>\nB.\u00a0\u00a0 \u00a0Concreci\u00f3n reglamentaria en las competencias sancionadoras administrativas\u00a0\u00a0 \u00a0\u00a0\u00a0 \u00a0118<br \/>\n1.\u00a0\u00a0 \u00a0Despliegue de los reglamentos en el orden penal material\u00a0\u00a0 \u00a0\u00a0\u00a0 \u00a0119<br \/>\na.\u00a0\u00a0 \u00a0Excepcional injerencia directa\u00a0\u00a0 \u00a0\u00a0\u00a0 \u00a0119<br \/>\nb.\u00a0\u00a0 \u00a0General incidencia indirecta\u00a0\u00a0 \u00a0\u00a0\u00a0 \u00a0122<br \/>\n2.\u00a0\u00a0 \u00a0Desenvolvimiento del reglamento en el orden penal procedimental\u00a0\u00a0 \u00a0\u00a0\u00a0 \u00a0124<br \/>\nSecci\u00f3n 2. Los reglamentos subordinados\u00a0\u00a0 \u00a0\u00a0\u00a0 \u00a0126<br \/>\nA.\u00a0\u00a0 \u00a0Individualizaci\u00f3n de los reglamentos subordinados en las competencias sancionadoras administrativas\u00a0\u00a0 \u00a0\u00a0\u00a0 \u00a0128<br \/>\n1.\u00a0\u00a0 \u00a0Especificaci\u00f3n conceptual de los reglamentos subordinados\u00a0\u00a0 \u00a0\u00a0\u00a0 \u00a0129<br \/>\n2.\u00a0\u00a0 \u00a0Fluctuaci\u00f3n y mixtura de los reglamentos subordinados\u00a0\u00a0 \u00a0\u00a0\u00a0 \u00a0133<br \/>\nB.\u00a0\u00a0 \u00a0Concreci\u00f3n de los reglamentos subordinados en las competencias sancionadoras administrativas\u00a0\u00a0 \u00a0\u00a0\u00a0 \u00a0138<br \/>\n1.\u00a0\u00a0 \u00a0Alteraciones de los reglamentos subordinados en el orden penal material\u00a0\u00a0 \u00a0\u00a0\u00a0 \u00a0139<br \/>\na.\u00a0\u00a0 \u00a0Epis\u00f3dica importancia directa\u00a0\u00a0 \u00a0\u00a0\u00a0 \u00a0139<br \/>\nb.\u00a0\u00a0 \u00a0Com\u00fan relevancia indirecta\u00a0\u00a0 \u00a0\u00a0\u00a0 \u00a0142<br \/>\n2.\u00a0\u00a0 \u00a0Modificaciones de los reglamentos subordinados en el orden penal procedimental\u00a0\u00a0 \u00a0\u00a0\u00a0 \u00a0146<br \/>\nConclusi\u00f3n del T\u00edtulo Primero\u00a0\u00a0 \u00a0\u00a0\u00a0 \u00a0149<br \/>\nT\u00edtulo Segundo. La coordinaci\u00f3n entre fuentes\u00a0\u00a0 \u00a0\u00a0\u00a0 \u00a0151<br \/>\nCap\u00edtulo Primero. La comuni\u00f3n entre la juridicidad y el orden penal\u00a0\u00a0 \u00a0\u00a0\u00a0 \u00a0155<br \/>\nSecci\u00f3n 1. La relegaci\u00f3n de la juridicidad\u00a0\u00a0 \u00a0\u00a0\u00a0 \u00a0158<br \/>\nA.\u00a0\u00a0 \u00a0Replanteamiento desde la finalidad de las competencias sancionadoras administrativas\u00a0\u00a0 \u00a0\u00a0\u00a0 \u00a0159<br \/>\n1.\u00a0\u00a0 \u00a0El funcionalismo en el Derecho Administrativo Sancionador\u00a0\u00a0 \u00a0\u00a0\u00a0 \u00a0160<br \/>\n2.\u00a0\u00a0 \u00a0Desv\u00edo hacia la eficiencia\u00a0\u00a0 \u00a0\u00a0\u00a0 \u00a0163<br \/>\nB.\u00a0\u00a0 \u00a0Los fines y la juridicidad en las competencias sancionadoras administrativas\u00a0\u00a0 \u00a0\u00a0\u00a0 \u00a0166<br \/>\n1.\u00a0\u00a0 \u00a0Armonizaci\u00f3n de fines en la juridicidad\u00a0\u00a0 \u00a0\u00a0\u00a0 \u00a0167<br \/>\na.\u00a0\u00a0 \u00a0Sinton\u00eda desde el ordenamiento jur\u00eddico\u00a0\u00a0 \u00a0\u00a0\u00a0 \u00a0167<br \/>\nb.\u00a0\u00a0 \u00a0Vertimiento hacia la juridicidad\u00a0\u00a0 \u00a0\u00a0\u00a0 \u00a0169<br \/>\n2.\u00a0\u00a0 \u00a0El objetivo de las competencias sancionadoras administrativas\u00a0\u00a0 \u00a0\u00a0\u00a0 \u00a0172<br \/>\nSecci\u00f3n 2. Los cimientos en el orden penal\u00a0\u00a0 \u00a0\u00a0\u00a0 \u00a0176<br \/>\nA.\u00a0\u00a0 \u00a0El objeto de las competencias sancionadoras administrativas\u00a0\u00a0 \u00a0\u00a0\u00a0 \u00a0178<br \/>\n1.\u00a0\u00a0 \u00a0Semejanza constitucional entre sanci\u00f3n administrativa y pena penal\u00a0\u00a0 \u00a0\u00a0\u00a0 \u00a0180<br \/>\n2.\u00a0\u00a0 \u00a0Sinonimia legislativa entre sanci\u00f3n administrativa y pena penal\u00a0\u00a0 \u00a0\u00a0\u00a0 \u00a0183<br \/>\nB.\u00a0\u00a0 \u00a0Los destinatarios de las competencias sancionadoras administrativas\u00a0\u00a0 \u00a0\u00a0\u00a0 \u00a0193<br \/>\n1.\u00a0\u00a0 \u00a0Semejanza en la actividad de imponer de una sanci\u00f3n administrativa y una pena penal\u00a0\u00a0 \u00a0\u00a0\u00a0 \u00a0194<br \/>\n2.\u00a0\u00a0 \u00a0Afinidad en la recepci\u00f3n de la actividad sancionadora en los derechos de las personas\u00a0\u00a0 \u00a0\u00a0\u00a0 \u00a0200<br \/>\nCap\u00edtulo Segundo. La comunicaci\u00f3n de la juridicidad del orden penal\u00a0\u00a0 \u00a0\u00a0\u00a0 \u00a0207<br \/>\nSecci\u00f3n 1. La recepci\u00f3n de la juridicidad del orden penal\u00a0\u00a0 \u00a0\u00a0\u00a0 \u00a0209<br \/>\nA.\u00a0\u00a0 \u00a0Las competencias sancionadoras administrativas disciplinarias\u00a0\u00a0 \u00a0\u00a0\u00a0 \u00a0210<br \/>\n1.\u00a0\u00a0 \u00a0El enlace sancionador intraestatal\u00a0\u00a0 \u00a0\u00a0\u00a0 \u00a0212<br \/>\n2.\u00a0\u00a0 \u00a0La relaci\u00f3n sancionadora intraprivada\u00a0\u00a0 \u00a0\u00a0\u00a0 \u00a0217<br \/>\nB.\u00a0\u00a0 \u00a0Las competencias sancionadoras administrativas aplicadas a privados\u00a0\u00a0 \u00a0\u00a0\u00a0 \u00a0222<br \/>\n1.\u00a0\u00a0 \u00a0El v\u00ednculo sancionador entre el Estado y la persona\u00a0\u00a0 \u00a0\u00a0\u00a0 \u00a0223<br \/>\n2.\u00a0\u00a0 \u00a0Identidad del Derecho Sancionador Regulatorio\u00a0\u00a0 \u00a0\u00a0\u00a0 \u00a0228<br \/>\nSecci\u00f3n 2. La edificaci\u00f3n de la juridicidad del orden penal\u00a0\u00a0 \u00a0\u00a0\u00a0 \u00a0233<br \/>\nA.\u00a0\u00a0 \u00a0Exclusividad de las fuentes sustanciales en el Derecho Sancionador Regulatorio\u00a0\u00a0 \u00a0\u00a0\u00a0 \u00a0235<br \/>\n1.\u00a0\u00a0 \u00a0El efecto del principio de legalidad\u00a0\u00a0 \u00a0\u00a0\u00a0 \u00a0236<br \/>\n2.\u00a0\u00a0 \u00a0La consecuencia de la juridicidad del orden penal\u00a0\u00a0 \u00a0\u00a0\u00a0 \u00a0241<br \/>\nB.\u00a0\u00a0 \u00a0Estructura normativa del Derecho Sancionador Regulatorio\u00a0\u00a0 \u00a0\u00a0\u00a0 \u00a0248<br \/>\n1.\u00a0\u00a0 \u00a0Proyecci\u00f3n de las competencias sancionadoras administrativas destinadas a los privados\u00a0\u00a0 \u00a0\u00a0\u00a0 \u00a0249<br \/>\na.\u00a0\u00a0 \u00a0Materializaci\u00f3n normativa del orden penal material\u00a0\u00a0 \u00a0\u00a0\u00a0 \u00a0252<br \/>\nb.\u00a0\u00a0 \u00a0Concreci\u00f3n normativa del orden penal procedimental\u00a0\u00a0 \u00a0\u00a0\u00a0 \u00a0253<br \/>\n2.\u00a0\u00a0 \u00a0Complementaci\u00f3n de las competencias sancionadoras administrativas dirigidas a los particulares\u00a0\u00a0 \u00a0\u00a0\u00a0 \u00a0255<br \/>\nConclusi\u00f3n del T\u00edtulo Segundo\u00a0\u00a0 \u00a0\u00a0\u00a0 \u00a0263<br \/>\nConclusi\u00f3n de la Parte Primera\u00a0\u00a0 \u00a0\u00a0\u00a0 \u00a0265<br \/>\nPARTE SEGUNDA<br \/>\nLA COHESI\u00d3N EN EL EJERCICIO DE LAS COMPETENCIAS SANCIONADORAS ADMINISTRATIVAS<br \/>\nT\u00edtulo Primero. La dislocaci\u00f3n en la aplicaci\u00f3n\u00a0\u00a0 \u00a0\u00a0\u00a0 \u00a0273<br \/>\nCap\u00edtulo Primero. El origen en la infracci\u00f3n administrativa\u00a0\u00a0 \u00a0\u00a0\u00a0 \u00a0277<br \/>\nSecci\u00f3n 1. Residencia de la infracci\u00f3n administrativa\u00a0\u00a0 \u00a0\u00a0\u00a0 \u00a0279<br \/>\nA.\u00a0\u00a0 \u00a0Incremental atracci\u00f3n de competencias sancionadoras administrativas\u00a0\u00a0 \u00a0\u00a0\u00a0 \u00a0280<br \/>\n1.\u00a0\u00a0 \u00a0Asignaci\u00f3n de infracciones administrativas\u00a0\u00a0 \u00a0\u00a0\u00a0 \u00a0281<br \/>\n2.\u00a0\u00a0 \u00a0Atracci\u00f3n de infracciones administrativas\u00a0\u00a0 \u00a0\u00a0\u00a0 \u00a0287<br \/>\nB.\u00a0\u00a0 \u00a0Inexistente regulaci\u00f3n general de las competencias sancionadoras administrativas\u00a0\u00a0 \u00a0\u00a0\u00a0 \u00a0291<br \/>\n1.\u00a0\u00a0 \u00a0La infracci\u00f3n penal en el C\u00f3digo Penal\u00a0\u00a0 \u00a0\u00a0\u00a0 \u00a0292<br \/>\n2.\u00a0\u00a0 \u00a0La infracci\u00f3n administrativa en las leyes especiales\u00a0\u00a0 \u00a0\u00a0\u00a0 \u00a0296<br \/>\nSecci\u00f3n 2. Devenir de la infracci\u00f3n administrativa\u00a0\u00a0 \u00a0\u00a0\u00a0 \u00a0299<br \/>\nA.\u00a0\u00a0 \u00a0Raigambre de una conducta infraccional en las competencias sancionadoras administrativas\u00a0\u00a0 \u00a0\u00a0\u00a0 \u00a0301<br \/>\n1.\u00a0\u00a0 \u00a0Comprensi\u00f3n en una conducta infraccional legalmente establecida\u00a0\u00a0 \u00a0\u00a0\u00a0 \u00a0302<br \/>\n2.\u00a0\u00a0 \u00a0Caracterizaci\u00f3n en la connotaci\u00f3n delictiva\u00a0\u00a0 \u00a0\u00a0\u00a0 \u00a0312<br \/>\nB.\u00a0\u00a0 \u00a0Gestaci\u00f3n de las competencias sancionadoras administrativas\u00a0\u00a0 \u00a0\u00a0\u00a0 \u00a0319<br \/>\n1.\u00a0\u00a0 \u00a0Idealizaci\u00f3n y concreci\u00f3n del procedimiento sancionador administrativo\u00a0\u00a0 \u00a0\u00a0\u00a0 \u00a0320<br \/>\n2.\u00a0\u00a0 \u00a0Exenci\u00f3n de un procedimiento sancionador administrativo\u00a0\u00a0 \u00a0\u00a0\u00a0 \u00a0326<br \/>\na.\u00a0\u00a0 \u00a0Escisi\u00f3n por absorci\u00f3n en el procedimiento\u00a0\u00a0 \u00a0\u00a0\u00a0 \u00a0327<br \/>\nb.\u00a0\u00a0 \u00a0Separaci\u00f3n por exclusi\u00f3n del procedimiento\u00a0\u00a0 \u00a0\u00a0\u00a0 \u00a0330<br \/>\nCap\u00edtulo Segundo. La consecuencia en la sanci\u00f3n administrativa\u00a0\u00a0 \u00a0\u00a0\u00a0 \u00a0335<br \/>\nSecci\u00f3n 1. Advenimiento de la sanci\u00f3n administrativa\u00a0\u00a0 \u00a0\u00a0\u00a0 \u00a0337<br \/>\nA.\u00a0\u00a0 \u00a0Revelaci\u00f3n de las competencias sancionadoras administrativas\u00a0\u00a0 \u00a0\u00a0\u00a0 \u00a0338<br \/>\n1.\u00a0\u00a0 \u00a0Disposici\u00f3n y composici\u00f3n institucional\u00a0\u00a0 \u00a0\u00a0\u00a0 \u00a0339<br \/>\n2.\u00a0\u00a0 \u00a0Compromiso conceptual\u00a0\u00a0 \u00a0\u00a0\u00a0 \u00a0347<br \/>\na.\u00a0\u00a0 \u00a0Perspectivas inclusivas\u00a0\u00a0 \u00a0\u00a0\u00a0 \u00a0349<br \/>\nb.\u00a0\u00a0 \u00a0Enfoques restrictivos\u00a0\u00a0 \u00a0\u00a0\u00a0 \u00a0349<br \/>\nB.\u00a0\u00a0 \u00a0Comuni\u00f3n de las competencias sancionadoras administrativas\u00a0\u00a0 \u00a0\u00a0\u00a0 \u00a0356<br \/>\n1.\u00a0\u00a0 \u00a0Conexi\u00f3n en la decisi\u00f3n sancionadora administrativa\u00a0\u00a0 \u00a0\u00a0\u00a0 \u00a0356<br \/>\n2.\u00a0\u00a0 \u00a0Nocividad para su destinatario\u00a0\u00a0 \u00a0\u00a0\u00a0 \u00a0361<br \/>\nSecci\u00f3n 2. Revestimiento de la sanci\u00f3n administrativa\u00a0\u00a0 \u00a0\u00a0\u00a0 \u00a0365<br \/>\nA.\u00a0\u00a0 \u00a0Disposici\u00f3n org\u00e1nica de las competencias sancionadoras administrativas\u00a0\u00a0 \u00a0\u00a0\u00a0 \u00a0366<br \/>\n1.\u00a0\u00a0 \u00a0Desarraigo jurisdiccional\u00a0\u00a0 \u00a0\u00a0\u00a0 \u00a0366<br \/>\n2.\u00a0\u00a0 \u00a0Exteriorizaci\u00f3n a trav\u00e9s de resoluciones\u00a0\u00a0 \u00a0\u00a0\u00a0 \u00a0374<br \/>\nB.\u00a0\u00a0 \u00a0Gravitaci\u00f3n de las competencias sancionadoras administrativas\u00a0\u00a0 \u00a0\u00a0\u00a0 \u00a0379<br \/>\n1.\u00a0\u00a0 \u00a0Resultado dimanado de sus causas\u00a0\u00a0 \u00a0\u00a0\u00a0 \u00a0380<br \/>\n2.\u00a0\u00a0 \u00a0Exacerbaci\u00f3n de la represi\u00f3n\u00a0\u00a0 \u00a0\u00a0\u00a0 \u00a0384<br \/>\na.\u00a0\u00a0 \u00a0Significaci\u00f3n de una sanci\u00f3n por la represi\u00f3n\u00a0\u00a0 \u00a0\u00a0\u00a0 \u00a0385<br \/>\nb.\u00a0\u00a0 \u00a0Sobrevaloraci\u00f3n de la represi\u00f3n\u00a0\u00a0 \u00a0\u00a0\u00a0 \u00a0387<br \/>\nConclusi\u00f3n del T\u00edtulo Primero\u00a0\u00a0 \u00a0\u00a0\u00a0 \u00a0391<br \/>\nT\u00edtulo Segundo. La reuni\u00f3n en los principios\u00a0\u00a0 \u00a0\u00a0\u00a0 \u00a0393<br \/>\nCap\u00edtulo Primero. La sistematizaci\u00f3n en el principio de tipicidad\u00a0\u00a0 \u00a0\u00a0\u00a0 \u00a0401<br \/>\nSecci\u00f3n 1. Incertezas del principio de tipicidad\u00a0\u00a0 \u00a0\u00a0\u00a0 \u00a0406<br \/>\nA.\u00a0\u00a0 \u00a0M\u00e1rgenes identitarios en las competencias sancionadoras administrativas\u00a0\u00a0 \u00a0\u00a0\u00a0 \u00a0407<br \/>\n1.\u00a0\u00a0 \u00a0Negaci\u00f3n del principio de tipicidad\u00a0\u00a0 \u00a0\u00a0\u00a0 \u00a0408<br \/>\na.\u00a0\u00a0 \u00a0Germen del desconocimiento\u00a0\u00a0 \u00a0\u00a0\u00a0 \u00a0408<br \/>\nb.\u00a0\u00a0 \u00a0Prolongaci\u00f3n del repudio\u00a0\u00a0 \u00a0\u00a0\u00a0 \u00a0410<br \/>\n2.\u00a0\u00a0 \u00a0Traslaci\u00f3n del principio de tipicidad\u00a0\u00a0 \u00a0\u00a0\u00a0 \u00a0416<br \/>\nB.\u00a0\u00a0 \u00a0Formulaci\u00f3n del principio de tipicidad en las competencias sancionadoras administrativas\u00a0\u00a0 \u00a0\u00a0\u00a0 \u00a0421<br \/>\n1.\u00a0\u00a0 \u00a0Expresi\u00f3n de la infracci\u00f3n administrativa\u00a0\u00a0 \u00a0\u00a0\u00a0 \u00a0422<br \/>\n2.\u00a0\u00a0 \u00a0Manifestaci\u00f3n de la sanci\u00f3n administrativa\u00a0\u00a0 \u00a0\u00a0\u00a0 \u00a0431<br \/>\nSecci\u00f3n 2. Identificaci\u00f3n como garant\u00eda determinativa\u00a0\u00a0 \u00a0\u00a0\u00a0 \u00a0437<br \/>\nA.\u00a0\u00a0 \u00a0Fundamentos de la obligaci\u00f3n determinativa del objeto de las competencias sancionadoras administrativas\u00a0\u00a0 \u00a0\u00a0\u00a0 \u00a0439<br \/>\n1.\u00a0\u00a0 \u00a0Principio constitucional de determinaci\u00f3n\u00a0\u00a0 \u00a0\u00a0\u00a0 \u00a0440<br \/>\n2.\u00a0\u00a0 \u00a0Rechazo a la indeterminaci\u00f3n\u00a0\u00a0 \u00a0\u00a0\u00a0 \u00a0452<br \/>\na.\u00a0\u00a0 \u00a0Indeterminaci\u00f3n de la infracci\u00f3n administrativa\u00a0\u00a0 \u00a0\u00a0\u00a0 \u00a0453<br \/>\nb.\u00a0\u00a0 \u00a0Incerteza en la sanci\u00f3n administrativa\u00a0\u00a0 \u00a0\u00a0\u00a0 \u00a0459<br \/>\nB.\u00a0\u00a0 \u00a0Desenlace de la garant\u00eda determinativa en el objeto de las competencias sancionadoras administrativas\u00a0\u00a0 \u00a0\u00a0\u00a0 \u00a0460<br \/>\n1.\u00a0\u00a0 \u00a0Complemento en el reglamento\u00a0\u00a0 \u00a0\u00a0\u00a0 \u00a0461<br \/>\na.\u00a0\u00a0 \u00a0Documento normativo id\u00f3neo para complementar a la ley\u00a0\u00a0 \u00a0\u00a0\u00a0 \u00a0462<br \/>\nb.\u00a0\u00a0 \u00a0Definici\u00f3n del contorno de la conducta infraccional y de la sanci\u00f3n administrativa\u00a0\u00a0 \u00a0\u00a0\u00a0 \u00a0464<br \/>\n2.\u00a0\u00a0 \u00a0Apoyo en los reglamentos subordinados\u00a0\u00a0 \u00a0\u00a0\u00a0 \u00a0471<br \/>\nCap\u00edtulo Segundo. La justicia en el principio de proporcionalidad\u00a0\u00a0 \u00a0\u00a0\u00a0 \u00a0483<br \/>\nSecci\u00f3n 1. Entorno del principio de proporcionalidad\u00a0\u00a0 \u00a0\u00a0\u00a0 \u00a0487<br \/>\nA.\u00a0\u00a0 \u00a0Contracaras de la proporcionalidad en las competencias sancionadoras administrativas\u00a0\u00a0 \u00a0\u00a0\u00a0 \u00a0488<br \/>\n1.\u00a0\u00a0 \u00a0Discrecionalidad en la sanci\u00f3n administrativa\u00a0\u00a0 \u00a0\u00a0\u00a0 \u00a0488<br \/>\n2.\u00a0\u00a0 \u00a0Finalidad en la sanci\u00f3n administrativa\u00a0\u00a0 \u00a0\u00a0\u00a0 \u00a0494<br \/>\nB.\u00a0\u00a0 \u00a0Formulaci\u00f3n del principio de proporcionalidad en las competencias sancionadoras administrativas\u00a0\u00a0 \u00a0\u00a0\u00a0 \u00a0503<br \/>\n1.\u00a0\u00a0 \u00a0Laconismo normativo\u00a0\u00a0 \u00a0\u00a0\u00a0 \u00a0504<br \/>\n2.\u00a0\u00a0 \u00a0Expresividad normativa\u00a0\u00a0 \u00a0\u00a0\u00a0 \u00a0512<br \/>\nSecci\u00f3n 2. Identificaci\u00f3n como garant\u00eda relacional\u00a0\u00a0 \u00a0\u00a0\u00a0 \u00a0520<br \/>\nA.\u00a0\u00a0 \u00a0Bases del imperativo relacional en el objeto de las competencias sancionadoras administrativas\u00a0\u00a0 \u00a0\u00a0\u00a0 \u00a0520<br \/>\n1.\u00a0\u00a0 \u00a0Principio general del derecho y constitucional de vinculatoriedad\u00a0\u00a0 \u00a0\u00a0\u00a0 \u00a0521<br \/>\n2.\u00a0\u00a0 \u00a0Proporcionalidad estricta en el Derecho Penal\u00a0\u00a0 \u00a0\u00a0\u00a0 \u00a0529<br \/>\nB.\u00a0\u00a0 \u00a0Consumaci\u00f3n de la relaci\u00f3n en el objeto de las competencias sancionadoras administrativas\u00a0\u00a0 \u00a0\u00a0\u00a0 \u00a0536<br \/>\n1.\u00a0\u00a0 \u00a0Proporcionalidad legislativa en el Derecho Sancionador Regulatorio\u00a0\u00a0 \u00a0\u00a0\u00a0 \u00a0538<br \/>\n2.\u00a0\u00a0 \u00a0Proporcionalidad en concreto en el Derecho Sancionador Regulatorio\u00a0\u00a0 \u00a0\u00a0\u00a0 \u00a0555<br \/>\na.\u00a0\u00a0 \u00a0La tarea del \u00f3rgano sancionador\u00a0\u00a0 \u00a0\u00a0\u00a0 \u00a0556<br \/>\nb.\u00a0\u00a0 \u00a0La labor de los tribunales de justicia\u00a0\u00a0 \u00a0\u00a0\u00a0 \u00a0562<br \/>\nConclusi\u00f3n del T\u00edtulo Segundo\u00a0\u00a0 \u00a0\u00a0\u00a0 \u00a0573<br \/>\nConclusi\u00f3n de la Parte Segunda\u00a0\u00a0 \u00a0\u00a0\u00a0 \u00a0575<br \/>\nConclusi\u00f3n general\u00a0\u00a0 \u00a0\u00a0\u00a0 \u00a0577<br \/>\nBIBLIOGRAF\u00cdA CITADA\u00a0\u00a0 \u00a0\u00a0\u00a0 \u00a0581<\/p>\n","protected":false},"excerpt":{"rendered":"<p>Buscas un libro Jur\u00eddico.? Lo puedes encontrar en nuestra tienda virtual.<br \/>\nContamos con prestigiosos autores y muchas alternativas en sus diferentes materias al igual que grandes descuentos.! Vis\u00edtanos en <a class=\"NpAOenjuLyTkzcGAWovJllDYgHrUgYzuNQo \" tabindex=\"0\" href=\"https:\/\/lnkd.in\/eiAG7jdZ\" target=\"_blank\" rel=\"noopener\" data-test-app-aware-link=\"\">https:\/\/lnkd.in\/eiAG7jdZ<\/a><br \/>\nEscr\u00edbenos al +56930565235 \/ <a class=\"NpAOenjuLyTkzcGAWovJllDYgHrUgYzuNQo \" tabindex=\"0\" href=\"mailto:ventaslegallexglobal@gmail.com\" target=\"_self\" data-test-app-aware-link=\"\">ventaslegallexglobal@gmail.com<\/a><br \/>\nHacemos env\u00edos a todo Chile \u2013 Starken o Correos Chile \/ Te esperamos<\/p>\n","protected":false},"featured_media":2398,"comment_status":"open","ping_status":"closed","template":"","meta":{"inline_featured_image":false,"_joinchat":[]},"product_brand":[],"product_cat":[45,26,30],"product_tag":[],"class_list":{"0":"post-2368","1":"product","2":"type-product","3":"status-publish","4":"has-post-thumbnail","6":"product_cat-administrativo","7":"product_cat-derecho","8":"product_cat-penal","10":"first","11":"instock","12":"shipping-taxable","13":"purchasable","14":"product-type-simple"},"_links":{"self":[{"href":"https:\/\/bibliotecajuridicavirtual.cl\/index.php\/wp-json\/wp\/v2\/product\/2368","targetHints":{"allow":["GET"]}}],"collection":[{"href":"https:\/\/bibliotecajuridicavirtual.cl\/index.php\/wp-json\/wp\/v2\/product"}],"about":[{"href":"https:\/\/bibliotecajuridicavirtual.cl\/index.php\/wp-json\/wp\/v2\/types\/product"}],"replies":[{"embeddable":true,"href":"https:\/\/bibliotecajuridicavirtual.cl\/index.php\/wp-json\/wp\/v2\/comments?post=2368"}],"wp:featuredmedia":[{"embeddable":true,"href":"https:\/\/bibliotecajuridicavirtual.cl\/index.php\/wp-json\/wp\/v2\/media\/2398"}],"wp:attachment":[{"href":"https:\/\/bibliotecajuridicavirtual.cl\/index.php\/wp-json\/wp\/v2\/media?parent=2368"}],"wp:term":[{"taxonomy":"product_brand","embeddable":true,"href":"https:\/\/bibliotecajuridicavirtual.cl\/index.php\/wp-json\/wp\/v2\/product_brand?post=2368"},{"taxonomy":"product_cat","embeddable":true,"href":"https:\/\/bibliotecajuridicavirtual.cl\/index.php\/wp-json\/wp\/v2\/product_cat?post=2368"},{"taxonomy":"product_tag","embeddable":true,"href":"https:\/\/bibliotecajuridicavirtual.cl\/index.php\/wp-json\/wp\/v2\/product_tag?post=2368"}],"curies":[{"name":"wp","href":"https:\/\/api.w.org\/{rel}","templated":true}]}}