{"id":2421,"date":"2026-02-28T01:01:30","date_gmt":"2026-02-28T04:01:30","guid":{"rendered":"https:\/\/bibliotecajuridicavirtual.cl\/?post_type=product&#038;p=2421"},"modified":"2026-02-28T01:01:41","modified_gmt":"2026-02-28T04:01:41","slug":"explicaciones-de-derecho-civil-chileno-y-comparado-libro-primero-luis-claro-solar-de-las-personas-2-volumenes-1-500-pag","status":"publish","type":"product","link":"https:\/\/bibliotecajuridicavirtual.cl\/index.php\/product\/explicaciones-de-derecho-civil-chileno-y-comparado-libro-primero-luis-claro-solar-de-las-personas-2-volumenes-1-500-pag\/","title":{"rendered":"Explicaciones de Derecho Civil Chileno y Comparado &#8211; Libro Primero * Luis Claro Solar *  De las Personas * 2 Vol\u00famenes * 1.500 P\u00e1g."},"content":{"rendered":"<p style=\"font-weight: 400;\">Obra cl\u00e1sica, destacada a nivel mundial, escrita en forma clara y explicativa, que marc\u00f3 la pauta para el estudio del derecho civil, y en donde el lector descubrir\u00e1 que aun cuando han pasado varios a\u00f1os de su edici\u00f3n, las bases no han variado y los cambios legislativos han sido menores al d\u00eda de hoy<\/p>\n<p style=\"font-weight: 400;\"><b><strong>CAP\u00cdTULO I<\/strong><\/b><br \/>\n<b><strong>DEL DERECHO EN GENERAL<\/strong><\/b><\/p>\n<ul>\n<li style=\"font-weight: 400;\">1. Definiciones<\/li>\n<li style=\"font-weight: 400;\">2. Divisiones del derecho<\/li>\n<\/ul>\n<p style=\"font-weight: 400;\">Derecho natural y derecho positivo<br \/>\nDerecho nacional y derecho internacional<br \/>\nDerecho civil y derecho de gentes<br \/>\nDerecho escrito y no escrito o consuetudinario<br \/>\nDerecho te\u00f3rico y derecho pr\u00e1ctico<\/p>\n<p style=\"font-weight: 400;\"><b><strong>CAP\u00cdTULO II<\/strong><\/b><br \/>\n<b><strong>DEL DERECHO CHILENO<\/strong><\/b><\/p>\n<ul>\n<li style=\"font-weight: 400;\">1. Derecho antiguo<br \/>\n\u00a7 2. Derecho intermediario<br \/>\n\u00a7 3. Derecho nuevo<\/li>\n<\/ul>\n<p style=\"font-weight: 400;\"><b><strong>C\u00d3DIGO CIVIL<\/strong><\/b><br \/>\n<b><strong>T\u00cdTULO PRELIMINAR<\/strong><\/b><\/p>\n<p style=\"font-weight: 400;\"><b><strong>CAP\u00cdTULO I<\/strong><\/b><br \/>\n<b><strong>RAZ\u00d3N DE SER Y OBJETO DEL T\u00cdTULO PRELIMINAR<\/strong><\/b><\/p>\n<ul>\n<li style=\"font-weight: 400;\">1. Disposiciones generales<\/li>\n<\/ul>\n<p style=\"font-weight: 400;\"><b><strong>CAP\u00cdTULO II<\/strong><\/b><br \/>\n<b><strong>DE LA LEY, SU CONFECCI\u00d3N, PROMULGACI\u00d3N Y PUBLICACI\u00d3N<\/strong><\/b><\/p>\n<ul>\n<li style=\"font-weight: 400;\">1. De la ley, su definici\u00f3n y diferencia entre la ley, el decreto del ejecutivo y la sentencia judicial<\/li>\n<\/ul>\n<p style=\"font-weight: 400;\">Primera secci\u00f3n. Definiciones y diferencias<br \/>\nSegunda secci\u00f3n. De la fuerza obligatoria de la sentencia judicial<br \/>\nTercera secci\u00f3n. Conflicto entre una ley general y una ley especial<\/p>\n<ul>\n<li style=\"font-weight: 400;\">2. De la confecci\u00f3n de la ley<\/li>\n<li style=\"font-weight: 400;\">3. De la promulgaci\u00f3n y publicaci\u00f3n de la ley<\/li>\n<\/ul>\n<p style=\"font-weight: 400;\"><b><strong>CAP\u00cdTULO III<\/strong><\/b><br \/>\n<b><strong>DE LA AUTORIDAD Y EFECTOS DE LA LEY<\/strong><\/b><\/p>\n<ul>\n<li style=\"font-weight: 400;\">1. De la autoridad de la ley<\/li>\n<\/ul>\n<ol>\n<li style=\"font-weight: 400;\">Principios generales<br \/>\nII. Leyes prohibitivas<br \/>\nIII. Leyes imperativas<br \/>\nIV. Leyes permisivas<\/li>\n<\/ol>\n<ul>\n<li style=\"font-weight: 400;\">2. De los efectos de la ley en cuanto al tiempo que rigen<\/li>\n<li style=\"font-weight: 400;\">3. De los efectos de la ley en cuanto al territorio<\/li>\n<\/ul>\n<p style=\"font-weight: 400;\">Primera secci\u00f3n. Nociones generales<\/p>\n<p style=\"font-weight: 400;\">Segunda secci\u00f3n. Efectos de la ley dentro del territorio o territorialidad de la ley<\/p>\n<p style=\"font-weight: 400;\">Tercera secci\u00f3n. Efecto de la ley fuera del territorio o extraterritorialidad de la ley<\/p>\n<ol>\n<li style=\"font-weight: 400;\">Leyes personales<br \/>\nB. Leyes reales<br \/>\nC. Observaci\u00f3n com\u00fan a las dos secciones anteriores<\/li>\n<\/ol>\n<p style=\"font-weight: 400;\">Cuarta secci\u00f3n. Leyes relativas a los actos<\/p>\n<ol>\n<li style=\"font-weight: 400;\">De la forma de los actos<br \/>\nII. De los requisitos internos o substancia de los actos y de sus efectos<\/li>\n<\/ol>\n<p style=\"font-weight: 400;\"><b><strong>CAP\u00cdTULO IV<\/strong><\/b><br \/>\n<b><strong>DE LA INTERPRETACI\u00d3N DE LAS LEYES<\/strong><\/b><\/p>\n<ol>\n<li style=\"font-weight: 400;\">Definiciones<br \/>\nII. De la interpretaci\u00f3n judicial o doctrinal<br \/>\nIII. De la interpretaci\u00f3n aut\u00e9ntica<br \/>\nIV. Efectos de la interpretaci\u00f3n doctrinal y de la interpretaci\u00f3n aut\u00e9ntica<\/li>\n<\/ol>\n<p style=\"font-weight: 400;\"><b><strong>CAP\u00cdTULO V<\/strong><\/b><br \/>\n<b><strong>DEFINICI\u00d3N DE VARIAS PALABRAS DE USO FRECUENTE EN LAS LEYES<\/strong><\/b><\/p>\n<p style=\"font-weight: 400;\">Secci\u00f3n I. G\u00e9nero masculino y femenino<br \/>\nSecci\u00f3n II. Divisi\u00f3n de las personas en cuanto a su edad<br \/>\nSecci\u00f3n III. Parentesco<br \/>\nSecci\u00f3n IV. Hijos<br \/>\nSecci\u00f3n V. Padres, hermanos, parientes y representantes legales<br \/>\nSecci\u00f3n VI. De la culpa y el dolo y del caso fortuito<br \/>\nSecci\u00f3n VII. Cauci\u00f3n<br \/>\nSecci\u00f3n VIII. Presunciones<br \/>\nSecci\u00f3n IX. El tiempo<br \/>\nSecci\u00f3n X. Medidas<\/p>\n<p style=\"font-weight: 400;\"><b><strong>CAP\u00cdTULO VI<\/strong><\/b><br \/>\n<b><strong>DE LA DEROGACI\u00d3N DE LAS LEYES<\/strong><\/b><\/p>\n<ul>\n<li style=\"font-weight: 400;\">1. Generalidades<\/li>\n<\/ul>\n<p style=\"font-weight: 400;\"><b><strong>LIBRO PRIMERO<\/strong><\/b><br \/>\n<b><strong>DE LAS PERSONAS<\/strong><\/b><\/p>\n<p style=\"font-weight: 400;\"><b><strong>CAP\u00cdTULO I<\/strong><\/b><br \/>\n<b><strong>DE LAS PERSONAS EN GENERAL<\/strong><\/b><\/p>\n<ul>\n<li style=\"font-weight: 400;\">1. Generalidades<\/li>\n<\/ul>\n<p style=\"font-weight: 400;\"><b><strong>CAP\u00cdTULO II<\/strong><\/b><br \/>\n<b><strong>DE LAS PERSONAS EN CUANTO A SU NACIONALIDAD<\/strong><\/b><\/p>\n<ul>\n<li style=\"font-weight: 400;\">1. De los chilenos<br \/>\n\u00a7 2. De los extranjeros<\/li>\n<\/ul>\n<p style=\"font-weight: 400;\"><b><strong>CAP\u00cdTULO III<\/strong><\/b><br \/>\n<b><strong>DE LAS PERSONAS EN CUANTO A SU DOMICILIO<\/strong><\/b><\/p>\n<ul>\n<li style=\"font-weight: 400;\">1. Del domicilio en general<br \/>\n\u00a7 2. Del domicilio de origen<br \/>\n\u00a7 3. Del domicilio establecido por la ley o domicilio de derecho<br \/>\n\u00a7 4. Del domicilio adquirido por la voluntad del hombre o domicilio real o de hecho<br \/>\n\u00a7 5. Del domicilio especial<\/li>\n<\/ul>\n<p style=\"font-weight: 400;\"><b><strong>CAP\u00cdTULO IV<\/strong><\/b><br \/>\n<b><strong>DEL PRINCIPIO Y FIN DE LA EXISTENCIA DE LAS PERSONAS<\/strong><\/b><\/p>\n<ul>\n<li style=\"font-weight: 400;\">1. Del principio de la existencia de las personas<\/li>\n<li style=\"font-weight: 400;\">2. Del fin de la existencia de las personas<\/li>\n<\/ul>\n<p style=\"font-weight: 400;\">Primera secci\u00f3n. De la muerte natural<\/p>\n<p style=\"font-weight: 400;\">Segunda secci\u00f3n. De la muerte presunta<br \/>\nNociones generales<br \/>\nII. De la declaraci\u00f3n de presunci\u00f3n de muerte<br \/>\nIII. De la mera ausencia<br \/>\nIV. De la posesi\u00f3n provisoria de los bienes del desaparecido<br \/>\nV. De la posesi\u00f3n definitiva de los bienes del desaparecido<br \/>\nVI. Derecho comparado<\/p>\n<p style=\"font-weight: 400;\">Tercera secci\u00f3n. De la muerte civil<\/p>\n<p style=\"font-weight: 400;\"><b><strong>CAP\u00cdTULO V<\/strong><\/b><br \/>\n<b><strong>DE LOS ESPONSALES<\/strong><\/b><\/p>\n<ul>\n<li style=\"font-weight: 400;\">1. Generalidades<\/li>\n<\/ul>\n<p style=\"font-weight: 400;\"><b><strong>CAP\u00cdTULO VI<\/strong><\/b><br \/>\n<b><strong>DEL MATRIMONIO<\/strong><\/b><\/p>\n<p style=\"font-weight: 400;\">Primera secci\u00f3n. De la naturaleza del matrimonio<\/p>\n<p style=\"font-weight: 400;\">Segunda secci\u00f3n. De las condiciones requeridas para la existencia y para la validez del matrimonio<\/p>\n<ul>\n<li style=\"font-weight: 400;\">1. De las condiciones necesarias para la existencia del matrimonio<\/li>\n<li style=\"font-weight: 400;\">2. De las condiciones requeridas para la validez del matrimonio<\/li>\n<\/ul>\n<ol>\n<li style=\"font-weight: 400;\">Consentimiento libre y espont\u00e1neo<\/li>\n<li style=\"font-weight: 400;\">Error<br \/>\n2. \u201cSi ha habido error acerca de alguna de sus cualidades personales que, atendida la naturaleza o los fines del matrimonio, ha de ser estimada como determinante para otorgar el consentimiento, y\u201d<br \/>\n3. Fuerza<\/li>\n<li style=\"font-weight: 400;\">Impedimentos<\/li>\n<li style=\"font-weight: 400;\">Impedimentos dirimentes<\/li>\n<li style=\"font-weight: 400;\">Impedimentos dirimentes absolutos<br \/>\nB. Impedimentos dirimentes relativos<\/li>\n<li style=\"font-weight: 400;\">Impedimentos prohibitivos o impedientes<\/li>\n<\/ol>\n<ul>\n<li style=\"font-weight: 400;\">3. Formalidades determinadas por la ley<\/li>\n<\/ul>\n<ol>\n<li style=\"font-weight: 400;\">Matrimonios celebrados en Chile<br \/>\n2. De la separaci\u00f3n de hecho<\/li>\n<\/ol>\n<p style=\"font-weight: 400;\"><b><strong>CAP\u00cdTULO VII<\/strong><\/b><br \/>\n<b><strong>DE LAS OBLIGACIONES Y DERECHOS ENTRE LOS C\u00d3NYUGES<\/strong><\/b><\/p>\n<p style=\"font-weight: 400;\">Primera secci\u00f3n. De los deberes comunes de los dos c\u00f3nyuges<\/p>\n<ul>\n<li style=\"font-weight: 400;\">1. Principios generales<br \/>\n\u00a7 2. Deberes rec\u00edprocos<br \/>\n\u00a7 3. Deberes especiales<\/li>\n<\/ul>\n<p style=\"font-weight: 400;\"><b><strong>CAP\u00cdTULO VIII<\/strong><\/b><br \/>\n<b><strong>DEL PODER DEL MARIDO EN LA SOCIEDAD CONYUGAL<\/strong><\/b><\/p>\n<ul>\n<li style=\"font-weight: 400;\">1. Principios generales<br \/>\n\u00a7 2. Extensi\u00f3n de las limitaciones a la mujer casada<br \/>\n\u00a7 3. De los impedimentos que pueden verificarse en la administraci\u00f3n del marido<br \/>\n\u00a7 4. De los bienes familiares<br \/>\n\u00a7 5. Del patrimonio reservado de la mujer casada<br \/>\n\u00a7 6. Excepciones relativas a la separaci\u00f3n de bienes<br \/>\n\u00a7 7. Excepciones relativas judicial de los c\u00f3nyuges<br \/>\n\u00a7 8. Excepciones relativas al r\u00e9gimen de participaci\u00f3n en los gananciales<\/li>\n<\/ul>\n<p style=\"font-weight: 400;\"><b><strong>CAP\u00cdTULO IX<\/strong><\/b><br \/>\n<b><strong>DE LA FILIACI\u00d3N<\/strong><\/b><\/p>\n<ul>\n<li style=\"font-weight: 400;\">1. Generalidades<\/li>\n<\/ul>\n<p style=\"font-weight: 400;\"><b><strong>CAP\u00cdTULO X<\/strong><\/b><br \/>\n<b><strong>DE LA FILIACI\u00d3N MATRIMONIAL Y NO MATRIMONIAL<\/strong><\/b><\/p>\n<ul>\n<li style=\"font-weight: 400;\">1. Generalidades<br \/>\n\u00a7 2. De la determinaci\u00f3n de la filiaci\u00f3n<br \/>\n\u00a7 3. De las acciones de reclamaci\u00f3n<br \/>\n\u00a7 4. De las acciones de impugnaci\u00f3n de paternidad y maternidad<\/li>\n<\/ul>\n<p style=\"font-weight: 400;\"><b><strong>CAP\u00cdTULO XI<\/strong><\/b><br \/>\n<b><strong>DE LOS DERECHOS Y OBLIGACIONES ENTRE LOS PADRES E HIJOS<\/strong><\/b><\/p>\n<ul>\n<li style=\"font-weight: 400;\">1. Generalidades<\/li>\n<\/ul>\n<p style=\"font-weight: 400;\"><b><strong>CAP\u00cdTULO XII<\/strong><\/b><br \/>\n<b><strong>DE LA PATRIA POTESTAD<\/strong><\/b><\/p>\n<ul>\n<li style=\"font-weight: 400;\">1. Generalidades<br \/>\n\u00a7 2. Del derecho legal de goce sobre los bienes de los hijos y de su<br \/>\nadministraci\u00f3n<br \/>\n\u00a7 3. De la representaci\u00f3n legal de los hijos<br \/>\n\u00a7 4. De la suspensi\u00f3n de la patria potestad<br \/>\n\u00a7 5. De la emancipaci\u00f3n<br \/>\n\u00a7 5. De la actual ley de adopci\u00f3n N\u00b0 19.620<br \/>\n\u00a7 6. De los alimentos que se deben por ley a ciertas personas<br \/>\n\u00a7 7. Ley sobre abandono de familia y pago de pensiones de alimentos<\/li>\n<\/ul>\n<p style=\"font-weight: 400;\"><b><strong>CAP\u00cdTULO XIII<\/strong><\/b><br \/>\n<b><strong>DEL ESTADO CIVIL Y SUS PRUEBAS<\/strong><\/b><\/p>\n<ul>\n<li style=\"font-weight: 400;\">1. Del estado civil<\/li>\n<li style=\"font-weight: 400;\">2. Antecedentes hist\u00f3ricos del registro civil<\/li>\n<li style=\"font-weight: 400;\">3. Del registro civil<\/li>\n<li style=\"font-weight: 400;\">4. De las pruebas del estado civil<br \/>\nA. La prueba por medio de las partidas o certificados del Registro Civil<br \/>\nB. La prueba del estado civil de padre, madre o hijo se acreditar\u00e1 o probar\u00e1 tambi\u00e9n por la correspondiente inscripci\u00f3n o subinscripci\u00f3n del acto de reconocimiento o del fallo judicial que determina la filiaci\u00f3n<br \/>\nC. La prueba de edad y muerte<br \/>\nD. De la prueba por falta de partida de matrimonio<\/li>\n<li style=\"font-weight: 400;\">5. De la autoridad de la cosa juzgada en las cuestiones de estado<\/li>\n<\/ul>\n<p style=\"font-weight: 400;\"><b><strong>CAP\u00cdTULO XIV<\/strong><\/b><br \/>\n<b><strong>DE LAS TUTELAS Y CURADUR\u00cdAS EN GENERAL<\/strong><\/b><\/p>\n<ul>\n<li style=\"font-weight: 400;\">1. Introducci\u00f3n: exposici\u00f3n hist\u00f3rica<br \/>\n\u00a7 2. Definiciones y caracteres<br \/>\n\u00a7 3. De la tutela o curadur\u00eda testamentaria<br \/>\n\u00a7 4. De la tutela o curadur\u00eda leg\u00edtima<br \/>\n\u00a7 5. De la tutela o curadur\u00eda dativa<\/li>\n<\/ul>\n<p style=\"font-weight: 400;\"><b><strong>CAP\u00cdTULO XV<\/strong><\/b><br \/>\n<b><strong>DE LAS DILIGENCIAS Y FORMALIDADES QUE DEBEN PRECEDER AL EJERCICIO DE LA TUTELA O CURADUR\u00cdA<\/strong><\/b><\/p>\n<ul>\n<li style=\"font-weight: 400;\">1. Generalidades<br \/>\n\u00a7 2. Del discernimiento de la tutela o curadur\u00eda<br \/>\n\u00a7 3. De la fianza<br \/>\n\u00a7 4. Del inventario<\/li>\n<\/ul>\n<p style=\"font-weight: 400;\"><b><strong>CAP\u00cdTULO XVI<\/strong><\/b><br \/>\n<b><strong>DE LA ADMINISTRACI\u00d3N DE LOS TUTORES Y CURADORES RELATIVAMENTE A LOS BIENES<\/strong><\/b><\/p>\n<ul>\n<li style=\"font-weight: 400;\">1. De la representaci\u00f3n y autorizaci\u00f3n<br \/>\n\u00a7 2. De la administraci\u00f3n<\/li>\n<\/ul>\n<ol>\n<li style=\"font-weight: 400;\">Administrar los bienes del pupilo<\/li>\n<li style=\"font-weight: 400;\">Actos que el tutor o curador puede hacer solo<\/li>\n<li style=\"font-weight: 400;\">Actos que el tutor o curador no puede ejecutar sin la autorizaci\u00f3n del juez<\/li>\n<\/ol>\n<p style=\"font-weight: 400;\">1\u00b0. Enajenaci\u00f3n y gravamen de los bienes ra\u00edces y de ciertos muebles<br \/>\n2\u00b0. Partici\u00f3n de herencias o de bienes ra\u00edces<br \/>\n3\u00b0. Transacciones o compromisos<br \/>\n4\u00b0. Aceptaci\u00f3n y repudiaci\u00f3n de donaciones, herencias o legados<br \/>\n5\u00b0. Dinero del pupilo destinado a la adquisici\u00f3n de bienes ra\u00edces<br \/>\n6\u00b0. Donaciones en dinero u otros bienes muebles del pupilo<br \/>\n7\u00b0. Fianza<\/p>\n<ol>\n<li style=\"font-weight: 400;\">Actos administrativos para los cuales la ley requiere la observancia de ciertas formalidades o que se hallan sometidos a ciertas limitaciones<\/li>\n<\/ol>\n<p style=\"font-weight: 400;\">1\u00b0. Arrendamiento de bienes ra\u00edces<br \/>\n2\u00b0. Anticipaciones hechas por el tutor o curador<br \/>\n3\u00b0. Entrega de especies debidas por el pupilo al tutor o curador<br \/>\n4\u00b0. Aceptaci\u00f3n de herencia<br \/>\n5\u00b0. Aceptaci\u00f3n de donaciones o legados con causa onerosa o grav\u00e1menes<br \/>\n6\u00b0. Actos o contratos en que tenga inter\u00e9s el tutor o curador o su c\u00f3nyuge o sus parientes<\/p>\n<ol>\n<li style=\"font-weight: 400;\">Actos absolutamente prohibidos al tutor o curador<\/li>\n<\/ol>\n<p style=\"font-weight: 400;\">1\u00b0. Donaciones de bienes ra\u00edces<br \/>\n2\u00b0. La compra de bienes ra\u00edces del pupilo<br \/>\n3\u00b0. El arrendamiento de bienes ra\u00edces del pupilo<\/p>\n<ol>\n<li style=\"font-weight: 400;\">Responsabilidad del tutor o curador en la administraci\u00f3n<\/li>\n<\/ol>\n<p style=\"font-weight: 400;\">III. Rendici\u00f3n de cuentas de la administraci\u00f3n de los tutores o curadores<\/p>\n<p style=\"font-weight: 400;\">1\u00b0. Tenedur\u00eda de la cuenta<br \/>\n2\u00b0. Exhibici\u00f3n de la cuenta<br \/>\n3\u00b0. Restituci\u00f3n de los bienes<br \/>\n4\u00b0. Pago del saldo; intereses<\/p>\n<ol>\n<li style=\"font-weight: 400;\">De la prescripci\u00f3n de las acciones que hacen de la tutela o de la curadur\u00eda<\/li>\n<\/ol>\n<ul>\n<li style=\"font-weight: 400;\">3. Del tutor o curador de hecho y del falso tutor o falso curador<\/li>\n<\/ul>\n<ol>\n<li style=\"font-weight: 400;\">Del tutor o curador de hecho<br \/>\nII. Del falso tutor o curador<\/li>\n<\/ol>\n<p style=\"font-weight: 400;\"><b><strong>CAP\u00cdTULO XVII<br \/>\n<\/strong><\/b><b><strong>DE LA ADMINISTRACI\u00d3N DE LOS TUTORES Y CURADORES RELATIVAMENTE A LA PERSONA DEL PUPILO<\/strong><\/b><\/p>\n<ul>\n<li style=\"font-weight: 400;\">1. Generalidades<\/li>\n<\/ul>\n<p style=\"font-weight: 400;\"><b><strong>CAP\u00cdTULO XVIII<\/strong><\/b><br \/>\n<b><strong>DE LA CURADUR\u00cdA DEL MENOR<\/strong><\/b><\/p>\n<ul>\n<li style=\"font-weight: 400;\">1. Generalidades<\/li>\n<\/ul>\n<p style=\"font-weight: 400;\"><b><strong>CAP\u00cdTULO XIX<\/strong><\/b><br \/>\n<b><strong>CURADUR\u00cdAS DE LAS PERSONAS INTERDICTAS<\/strong><\/b><\/p>\n<ul>\n<li style=\"font-weight: 400;\">1. Generalidades<br \/>\n\u00a7 2. Interdicci\u00f3n y curadur\u00eda del disipador<br \/>\n\u00a7 3. Interdicci\u00f3n y curadur\u00eda del demente<br \/>\n\u00a7 4. De la interdicci\u00f3n y curadur\u00eda del sordomudo<\/li>\n<\/ul>\n<p style=\"font-weight: 400;\"><b><strong>CAP\u00cdTULO XX<\/strong><\/b><br \/>\n<b><strong>DE LAS CURADUR\u00cdAS DE BIENES<\/strong><\/b><\/p>\n<ul>\n<li style=\"font-weight: 400;\">1. Generalidades<br \/>\n\u00a7 2. Curadur\u00eda de los bienes del ausente<br \/>\n\u00a7 3. Curadur\u00eda de la herencia yacente<br \/>\n\u00a7 4. Curadur\u00eda de los derechos eventuales del que est\u00e1 por nacer<br \/>\n\u00a7 5. Facultades administrativas y prohibiciones especiales de los curadores de bienes<\/li>\n<\/ul>\n<p style=\"font-weight: 400;\"><b><strong>CAP\u00cdTULO XXI<\/strong><\/b><br \/>\n<b><strong>DE LOS CURADORES ADJUNTOS<\/strong><\/b><\/p>\n<ul>\n<li style=\"font-weight: 400;\">1. Generalidades<\/li>\n<\/ul>\n<p style=\"font-weight: 400;\"><b><strong>CAP\u00cdTULO XXII<\/strong><\/b><br \/>\n<b><strong>DE LOS CURADORES ESPECIALES<\/strong><\/b><\/p>\n<ul>\n<li style=\"font-weight: 400;\">1. Generalidades<\/li>\n<\/ul>\n<p style=\"font-weight: 400;\"><b><strong>CAP\u00cdTULO XXIII<\/strong><\/b><br \/>\n<b><strong>DE LAS INCAPACIDADES Y EXCUSAS PARA LA TUTELA O CURADUR\u00cdA<\/strong><\/b><\/p>\n<ul>\n<li style=\"font-weight: 400;\">1. Generalidades<\/li>\n<li style=\"font-weight: 400;\">2. De las incapacidades<\/li>\n<\/ul>\n<ol>\n<li style=\"font-weight: 400;\">Reglas relativas a defectos f\u00edsicos y morales<br \/>\nII. Reglas relativas a las profesiones, empleos y cargos p\u00fablicos<br \/>\nIII. Reglas relativas al sexo<br \/>\nIV. Reglas relativas a la edad<br \/>\nV. Reglas relativas a las relaciones de familia<br \/>\nVI. Reglas relativas a la oposici\u00f3n de intereses o diferencia de religi\u00f3n entre el guardador y el pupilo<\/li>\n<\/ol>\n<ul>\n<li style=\"font-weight: 400;\">3. De las incapacidades sobrevinientes<\/li>\n<li style=\"font-weight: 400;\">4. Procedimiento en materia de incapacidades<\/li>\n<li style=\"font-weight: 400;\">5. De las excusas<\/li>\n<li style=\"font-weight: 400;\">6. Reglas comunes a las incapacidades y a las excusas<\/li>\n<\/ul>\n<p style=\"font-weight: 400;\"><b><strong>CAP\u00cdTULO XXIV<\/strong><\/b><br \/>\n<b><strong>DE LA REMUNERACI\u00d3N DE LOS TUTORES Y CURADORES<\/strong><\/b><\/p>\n<ul>\n<li style=\"font-weight: 400;\">1. Generalidades<br \/>\n\u00a7 2. Remuneraci\u00f3n de los tutores y de los curadores generales<br \/>\n\u00a7 3. Remuneraci\u00f3n de los curadores especiales y de los curadores de bienes<\/li>\n<\/ul>\n<p style=\"font-weight: 400;\"><b><strong>CAP\u00cdTULO XXV<\/strong><\/b><br \/>\n<b><strong>DE LA REMOCI\u00d3N DE LOS TUTORES Y CURADORES<\/strong><\/b><\/p>\n<ul>\n<li style=\"font-weight: 400;\">1. Generalidades<br \/>\n\u00a7 2. Causas en que puede fundarse la remoci\u00f3n<br \/>\n\u00a7 3. Personas que pueden pedir la remoci\u00f3n<br \/>\n\u00a7 4. Tutores y curadores que pueden ser removidos<br \/>\n\u00a7 5. Procedimiento<br \/>\n\u00a7 6. Efectos de la remoci\u00f3n<\/li>\n<\/ul>\n<p style=\"font-weight: 400;\"><b><strong>CAP\u00cdTULO XXVI<\/strong><\/b><br \/>\n<b><strong>DE LAS PERSONAS JUR\u00cdDICAS<\/strong><\/b><\/p>\n<ul>\n<li style=\"font-weight: 400;\">1. Generalidades<br \/>\n\u00a7 2. Clasificaci\u00f3n de las personas jur\u00eddicas<br \/>\n\u00a7 3. Nacionalidad de las personas jur\u00eddicas<br \/>\n\u00a7 4. Personas jur\u00eddicas de derecho privado<\/li>\n<\/ul>\n<p style=\"font-weight: 400;\">Primera Secci\u00f3n. Corporaciones<\/p>\n<ol>\n<li style=\"font-weight: 400;\">Derechos extrapatrimoniales<br \/>\nII. Derechos patrimoniales<\/li>\n<\/ol>\n<p style=\"font-weight: 400;\">Segunda Secci\u00f3n. Fundaciones de beneficencia p\u00fablica<\/p>\n<ul>\n<li style=\"font-weight: 400;\">5. De la extinci\u00f3n de las personas jur\u00eddicas<\/li>\n<\/ul>\n<ol>\n<li style=\"font-weight: 400;\">Disoluci\u00f3n o supresi\u00f3n de las corporaciones<br \/>\nB. Extinci\u00f3n o supresi\u00f3n de las fundaciones de beneficencia p\u00fablica<\/li>\n<\/ol>\n","protected":false},"excerpt":{"rendered":"<h3>3ra. edici\u00f3n actualizada, concordada y sistematizada por el profesor * Gabriel Mu\u00f1oz Bonacic.<\/h3>\n<p>Buscas un libro Jur\u00eddico.? Lo puedes encontrar en nuestra tienda virtual.<br \/>\nContamos con prestigiosos autores y muchas alternativas en sus diferentes materias al igual que grandes descuentos.! Vis\u00edtanos en <a class=\"NzmTNqKOTmDnLjTfVvUDoJOSuuwdUuClRMRso \" tabindex=\"0\" href=\"https:\/\/lnkd.in\/eiAG7jdZ\" target=\"_blank\" rel=\"noopener\" data-test-app-aware-link=\"\">https:\/\/lnkd.in\/eiAG7jdZ<\/a><br \/>\nEscr\u00edbenos al +56930565235 \/ <a class=\"NzmTNqKOTmDnLjTfVvUDoJOSuuwdUuClRMRso \" tabindex=\"0\" href=\"mailto:ventaslegallexglobal@gmail.com\" target=\"_self\" data-test-app-aware-link=\"\">ventaslegallexglobal@gmail.com<\/a><br \/>\nHacemos env\u00edos a todo Chile \u2013 Starken o Correos Chile \/ Te esperamos<\/p>\n","protected":false},"featured_media":2451,"comment_status":"open","ping_status":"closed","template":"","meta":{"inline_featured_image":false,"_joinchat":[]},"product_brand":[],"product_cat":[27,26],"product_tag":[],"class_list":{"0":"post-2421","1":"product","2":"type-product","3":"status-publish","4":"has-post-thumbnail","6":"product_cat-civil","7":"product_cat-derecho","9":"first","10":"instock","11":"sale","12":"shipping-taxable","13":"purchasable","14":"product-type-simple"},"_links":{"self":[{"href":"https:\/\/bibliotecajuridicavirtual.cl\/index.php\/wp-json\/wp\/v2\/product\/2421","targetHints":{"allow":["GET"]}}],"collection":[{"href":"https:\/\/bibliotecajuridicavirtual.cl\/index.php\/wp-json\/wp\/v2\/product"}],"about":[{"href":"https:\/\/bibliotecajuridicavirtual.cl\/index.php\/wp-json\/wp\/v2\/types\/product"}],"replies":[{"embeddable":true,"href":"https:\/\/bibliotecajuridicavirtual.cl\/index.php\/wp-json\/wp\/v2\/comments?post=2421"}],"wp:featuredmedia":[{"embeddable":true,"href":"https:\/\/bibliotecajuridicavirtual.cl\/index.php\/wp-json\/wp\/v2\/media\/2451"}],"wp:attachment":[{"href":"https:\/\/bibliotecajuridicavirtual.cl\/index.php\/wp-json\/wp\/v2\/media?parent=2421"}],"wp:term":[{"taxonomy":"product_brand","embeddable":true,"href":"https:\/\/bibliotecajuridicavirtual.cl\/index.php\/wp-json\/wp\/v2\/product_brand?post=2421"},{"taxonomy":"product_cat","embeddable":true,"href":"https:\/\/bibliotecajuridicavirtual.cl\/index.php\/wp-json\/wp\/v2\/product_cat?post=2421"},{"taxonomy":"product_tag","embeddable":true,"href":"https:\/\/bibliotecajuridicavirtual.cl\/index.php\/wp-json\/wp\/v2\/product_tag?post=2421"}],"curies":[{"name":"wp","href":"https:\/\/api.w.org\/{rel}","templated":true}]}}