{"id":2423,"date":"2026-02-28T01:01:30","date_gmt":"2026-02-28T04:01:30","guid":{"rendered":"https:\/\/bibliotecajuridicavirtual.cl\/?post_type=product&#038;p=2423"},"modified":"2026-02-28T01:01:43","modified_gmt":"2026-02-28T04:01:43","slug":"derecho-administrativo-chileno-y-comparado-el-control-publico-enrique-silva-cimma-coordinador-de-la-actualizacion-juan-pablo-diaz-fuenzalida","status":"publish","type":"product","link":"https:\/\/bibliotecajuridicavirtual.cl\/index.php\/product\/derecho-administrativo-chileno-y-comparado-el-control-publico-enrique-silva-cimma-coordinador-de-la-actualizacion-juan-pablo-diaz-fuenzalida\/","title":{"rendered":"Derecho Administrativo Chileno y Comparado &#8211; El Control P\u00fablico * Enrique Silva Cimma &#8211; Coordinador de la actualizaci\u00f3n: Juan Pablo Diaz Fuenzalida"},"content":{"rendered":"<p>El t\u00edtulo, Derecho Administrativo Chileno y Comparado. El Control P\u00fablico, corresponde a la obra del profesor Enrique Silva Cimma, quien fue profesor titular de Derecho Administrativo y Director del Seminario de Derecho P\u00fablico en la Universidad de Chile, Contralor General de la Rep\u00fablica, abogado integrante de la Excelent\u00edsima Corte Suprema, presidente del Excelent\u00edsimo Tribunal Constitucional, entre tantos otros m\u00e9ritos acad\u00e9micos, profesionales y de alta responsabilidad.<\/p>\n<p>En efecto, un equipo de acad\u00e9micos ha aceptado el honor de actualizar la obra citada. Se hizo manteniendo las ideas principales, incorporando doctrina, normativa y\/o jurisprudencia relevante. El trabajo constituy\u00f3 un emocionante\u00a0 desaf\u00edo, pues en equilibrio estima la l\u00ednea argumental del autor original, y, por otra, se a\u00f1aden las necesarias modificaciones atribuibles al inexorable paso del tiempo.<\/p>\n<p>Dada la importancia de la obra, se ha estimado realizar un estudio y an\u00e1lisis pormenorizado por tem\u00e1tica, habiendo algunos ajustes en la numeraci\u00f3n de los cap\u00edtulos, sin perder la unidad y estructura sistem\u00e1tica. De esta manera , los profesores abordaron principalmente lo siguiente: en el cap\u00edtulo I, la filosof\u00eda del control; en el capitulo II, distintas formas de control; en el cap\u00edtulo III, los actos de control; en el cap\u00edtulo IV\u00a0 la responsabilidad en los \u00f3rganos de control; en el cap\u00edtulo V la extensi\u00f3n del control externo; en el capitulo VI, los principios b\u00e1sicos del control financiero; en el cap\u00edtulo VII, las potestades de los organismos de control financiero externo; en el cap\u00edtulo VIII, el control administrativo no jurisdiccional; en el cap\u00edtulo IX, el control administrativo jurisdiccional; en el cap\u00edtulo X, otras formas de control, enfoc\u00e1ndose en el parlamentario, en el ombudsman y en el popular; el cap\u00edtulo XI, la responsabilidad del Estado en relaci\u00f3n con el control.<\/p>\n<p>Por otro lado, hemos de decir que es una obra que puede servir, como indicaba Silva Cimma, para estudiosos del derecho, estudiantes, abogados y p\u00fablico en general.<\/p>\n<p>Finalmente, Silva Cimma nos recuerda al respecto que, \u00abel control como principio administrativo se vincula a otro que tiene el mismo grado de relevancia. Nos referimos a la responsabilidad. Con fundamentos se ha dicho y reiterado que la responsabilidad, a todo nivel, es uno de los pilares esenciales de la democracia, lo que ha permitido acu\u00f1ar la afirmaci\u00f3n de que no hay democracia sin control, ni control sin democracia\u00bb, lo que evidencia la importancia de la tem\u00e1tica en estudio.<\/p>\n","protected":false},"excerpt":{"rendered":"<p>Segunda Edici\u00f3n * A\u00f1o 2025 \/ 242 P\u00e1ginas<\/p>\n<p>Buscas un libro Jur\u00eddico.? Lo puedes encontrar en nuestra tienda virtual.<br \/>\nContamos con prestigiosos autores y muchas alternativas en sus diferentes materias al igual que grandes descuentos.! Vis\u00edtanos en <a class=\"cFdAjDCkoxlnqKOdoxTGnaSBvANxVbsdtZJhGo \" tabindex=\"0\" href=\"https:\/\/lnkd.in\/eiAG7jdZ\" target=\"_blank\" rel=\"noopener\" data-test-app-aware-link=\"\">https:\/\/lnkd.in\/eiAG7jdZ<\/a><br \/>\nEscr\u00edbenos al +56930565235 \/ <a class=\"cFdAjDCkoxlnqKOdoxTGnaSBvANxVbsdtZJhGo \" tabindex=\"0\" href=\"mailto:ventaslegallexglobal@gmail.com\" target=\"_self\" data-test-app-aware-link=\"\">ventaslegallexglobal@gmail.com<\/a><br \/>\nHacemos env\u00edos a todo Chile \u2013 Starken o Correos Chile \/ Te esperamos<\/p>\n","protected":false},"featured_media":2453,"comment_status":"open","ping_status":"closed","template":"","meta":{"inline_featured_image":false,"_joinchat":[]},"product_brand":[],"product_cat":[45,26],"product_tag":[],"class_list":{"0":"post-2423","1":"product","2":"type-product","3":"status-publish","4":"has-post-thumbnail","6":"product_cat-administrativo","7":"product_cat-derecho","9":"first","10":"instock","11":"shipping-taxable","12":"purchasable","13":"product-type-simple"},"_links":{"self":[{"href":"https:\/\/bibliotecajuridicavirtual.cl\/index.php\/wp-json\/wp\/v2\/product\/2423","targetHints":{"allow":["GET"]}}],"collection":[{"href":"https:\/\/bibliotecajuridicavirtual.cl\/index.php\/wp-json\/wp\/v2\/product"}],"about":[{"href":"https:\/\/bibliotecajuridicavirtual.cl\/index.php\/wp-json\/wp\/v2\/types\/product"}],"replies":[{"embeddable":true,"href":"https:\/\/bibliotecajuridicavirtual.cl\/index.php\/wp-json\/wp\/v2\/comments?post=2423"}],"wp:featuredmedia":[{"embeddable":true,"href":"https:\/\/bibliotecajuridicavirtual.cl\/index.php\/wp-json\/wp\/v2\/media\/2453"}],"wp:attachment":[{"href":"https:\/\/bibliotecajuridicavirtual.cl\/index.php\/wp-json\/wp\/v2\/media?parent=2423"}],"wp:term":[{"taxonomy":"product_brand","embeddable":true,"href":"https:\/\/bibliotecajuridicavirtual.cl\/index.php\/wp-json\/wp\/v2\/product_brand?post=2423"},{"taxonomy":"product_cat","embeddable":true,"href":"https:\/\/bibliotecajuridicavirtual.cl\/index.php\/wp-json\/wp\/v2\/product_cat?post=2423"},{"taxonomy":"product_tag","embeddable":true,"href":"https:\/\/bibliotecajuridicavirtual.cl\/index.php\/wp-json\/wp\/v2\/product_tag?post=2423"}],"curies":[{"name":"wp","href":"https:\/\/api.w.org\/{rel}","templated":true}]}}