{"id":2424,"date":"2026-02-28T01:01:31","date_gmt":"2026-02-28T04:01:31","guid":{"rendered":"https:\/\/bibliotecajuridicavirtual.cl\/?post_type=product&#038;p=2424"},"modified":"2026-02-28T01:01:44","modified_gmt":"2026-02-28T04:01:44","slug":"derecho-administrativo-chileno-y-comparado-actos-contratos-y-bienes-enrique-silva-cimma-coordinador-juan-pablo-diaz-fuenzalida-2-edicion-ano-2023","status":"publish","type":"product","link":"https:\/\/bibliotecajuridicavirtual.cl\/index.php\/product\/derecho-administrativo-chileno-y-comparado-actos-contratos-y-bienes-enrique-silva-cimma-coordinador-juan-pablo-diaz-fuenzalida-2-edicion-ano-2023\/","title":{"rendered":"Derecho Administrativo Chileno y Comparado * Actos, Contratos y Bienes * Enrique Silva Cimma &#8211; Coordinador: Juan Pablo D\u00edaz Fuenzalida * 2\u00b0 edici\u00f3n a\u00f1o 2023"},"content":{"rendered":"<p>El t\u00edtulo, Derecho Administrativo chileno y comparado. Actos, contratos y bienes, corresponde\u00a0 al Tomo V de la obra del profesor Enrique Silva Cimma, quien fue profesor titular de Derecho Administrativo y Director del Seminario de Derecho P\u00fablico en la Universidad de Chile, Contralor General de la Rep\u00fablica, abogado integrante de la Excelent\u00edsima Corte Suprema, presidente del Excelent\u00edsimo Tribunal Constitucional, entre tantos otros m\u00e9ritos.<\/p>\n<p>En efecto, un equipo de acad\u00e9micos ha aceptado el honor de actualizar la obra citada. Se hizo manteniendo las ideas principales, incorporando doctrina, normativa y\/o jurisprudencia. El trabajo constituy\u00f3 un emocionante\u00a0 desaf\u00edo, pues en equilibrio estima la l\u00ednea argumental del autor original, y , por otra, se a\u00f1aden las necesarias modificaciones atribuibles\u00a0 al inexorable paso del tiempo.<\/p>\n<p>Dada la importancia de la obra, se ha estimado apropiado realizar un estudio y an\u00e1lisis pormenorizado por tem\u00e1tica, haciendo algunos ajustes en la\u00a0 numeraci\u00f3n de los cap\u00edtulos, pero sin perder la unidad y estructura\u00a0 sistem\u00e1tica. De esta manera, los profesores abordaron los siguientes t\u00f3picos: cap\u00edtulo 1, sobre introducci\u00f3n a los actos administrativos; capitulo 2, sobre los elementos de los actos administrativos; capitulo 3, sobre bases constitucionales\u00a0 del acto administrativo; capitulo 4, referido a la clasificaci\u00f3n de los actos administrativos; capitulo 5, relativo a la extinci\u00f3n del acto administrativos; capitulo 6, sobre contratos administrativos; capitulo 7, sobre el contrato de suministro; capitulo 8, sobre el contrato de obra p\u00fablica; capitulo 9, sobre el contrato administrativo de concesi\u00f3n de obra p\u00fablica; capitulo 10, sobre el procedimiento administrativo y la cosa juzgada en el derecho administrativo; capitulo 11, sobre bienes nacionales; capitulo 12, sobre las limitaciones y restricciones\u00a0 a la propiedad privada por razones de inter\u00e9s.<\/p>\n<p>As\u00ed, tal como dijo el profesor Silva Cimma, \u00abTodas estas materias comprende el volumen V, que estoy entregando ahora a la consideraci\u00f3n de los estudiosos del derecho: alumnos, colegas y p\u00fablico en general, en la convicci\u00f3n de que de esta manera estoy cumpliendo no s\u00f3lo con nuestra Alma Mater, sino con mi propia conciencia de hombre de derecho\u00bb, que es muy oportuna a prop\u00f3sito de la presente obra.<\/p>\n","protected":false},"excerpt":{"rendered":"<p>Buscas un libro Jur\u00eddico.? Lo puedes encontrar en nuestra tienda virtual.<br \/>\nContamos con prestigiosos autores y muchas alternativas en sus diferentes materias al igual que grandes descuentos.! Vis\u00edtanos en <a class=\"titrihNaUuouexRbOAtipIxAJXOCMoJwARD \" tabindex=\"0\" href=\"https:\/\/lnkd.in\/eiAG7jdZ\" target=\"_blank\" rel=\"noopener\" data-test-app-aware-link=\"\">https:\/\/lnkd.in\/eiAG7jdZ<\/a><br \/>\nEscr\u00edbenos al +56930565235 \/ <a class=\"titrihNaUuouexRbOAtipIxAJXOCMoJwARD \" tabindex=\"0\" href=\"mailto:ventaslegallexglobal@gmail.com\" target=\"_self\" data-test-app-aware-link=\"\">ventaslegallexglobal@gmail.com<\/a><br \/>\nHacemos env\u00edos a todo Chile \u2013 Starken o Correos Chile \/ Te esperamos<\/p>\n","protected":false},"featured_media":2454,"comment_status":"open","ping_status":"closed","template":"","meta":{"inline_featured_image":false,"_joinchat":[]},"product_brand":[],"product_cat":[45,26],"product_tag":[],"class_list":{"0":"post-2424","1":"product","2":"type-product","3":"status-publish","4":"has-post-thumbnail","6":"product_cat-administrativo","7":"product_cat-derecho","9":"first","10":"instock","11":"shipping-taxable","12":"purchasable","13":"product-type-simple"},"_links":{"self":[{"href":"https:\/\/bibliotecajuridicavirtual.cl\/index.php\/wp-json\/wp\/v2\/product\/2424","targetHints":{"allow":["GET"]}}],"collection":[{"href":"https:\/\/bibliotecajuridicavirtual.cl\/index.php\/wp-json\/wp\/v2\/product"}],"about":[{"href":"https:\/\/bibliotecajuridicavirtual.cl\/index.php\/wp-json\/wp\/v2\/types\/product"}],"replies":[{"embeddable":true,"href":"https:\/\/bibliotecajuridicavirtual.cl\/index.php\/wp-json\/wp\/v2\/comments?post=2424"}],"wp:featuredmedia":[{"embeddable":true,"href":"https:\/\/bibliotecajuridicavirtual.cl\/index.php\/wp-json\/wp\/v2\/media\/2454"}],"wp:attachment":[{"href":"https:\/\/bibliotecajuridicavirtual.cl\/index.php\/wp-json\/wp\/v2\/media?parent=2424"}],"wp:term":[{"taxonomy":"product_brand","embeddable":true,"href":"https:\/\/bibliotecajuridicavirtual.cl\/index.php\/wp-json\/wp\/v2\/product_brand?post=2424"},{"taxonomy":"product_cat","embeddable":true,"href":"https:\/\/bibliotecajuridicavirtual.cl\/index.php\/wp-json\/wp\/v2\/product_cat?post=2424"},{"taxonomy":"product_tag","embeddable":true,"href":"https:\/\/bibliotecajuridicavirtual.cl\/index.php\/wp-json\/wp\/v2\/product_tag?post=2424"}],"curies":[{"name":"wp","href":"https:\/\/api.w.org\/{rel}","templated":true}]}}