{"id":2425,"date":"2026-02-28T01:01:31","date_gmt":"2026-02-28T04:01:31","guid":{"rendered":"https:\/\/bibliotecajuridicavirtual.cl\/?post_type=product&#038;p=2425"},"modified":"2026-02-28T01:01:44","modified_gmt":"2026-02-28T04:01:44","slug":"estudios-de-derecho-inmobiliario-actas-de-las-primeras-jornadas-nacionales-de-derecho-inmobiliario-jorge-san-martin-garces-septiembre-ano-2025","status":"publish","type":"product","link":"https:\/\/bibliotecajuridicavirtual.cl\/index.php\/product\/estudios-de-derecho-inmobiliario-actas-de-las-primeras-jornadas-nacionales-de-derecho-inmobiliario-jorge-san-martin-garces-septiembre-ano-2025\/","title":{"rendered":"Estudios de Derecho Inmobiliario &#8211; Actas de las Primeras Jornadas Nacionales de Derecho Inmobiliario * Jorge San Mart\u00edn Garc\u00e9s &#8211; Septiembre a\u00f1o 2025"},"content":{"rendered":"<p style=\"font-weight: 400;\">Con motivo de ellas, se form\u00f3 el &#8220;Consorcio Jornadas Nacionales de Derecho Inmobiliario&#8221;, la que se encargar\u00e1 de organizar esta actividad cada nuevo a\u00f1o, en alguna ciudad de Chile, y en alguna universidad que sea parte de la agrupaci\u00f3n. El Consorcio se encuentra formado en la actualidad por las siguientes universidades chilenas: Universidad Central de Chile, Pontificia Universidad Cat\u00f3lica de Chile, Pontificia Universidad Cat\u00f3lica de Valpara\u00edso, Universidad de Chile, Universidad Cat\u00f3lica del Norte, Universidad de<\/p>\n<p style=\"font-weight: 400;\">Concepci\u00f3n, Universidad Diego Portales, Universidad Andr\u00e9s Bello, Universidad San Sebasti\u00e1n, y Universidad Cat\u00f3lica de la Sant\u00edsima Concepci\u00f3n.<\/p>\n<p style=\"font-weight: 400;\">La primera versi\u00f3n cuyas ponencias se publican, fue organizada y coordinada por la Universidad Central de Chile, apoyada por el resto de universidades y profesores que forman dicha agrupaci\u00f3n.<\/p>\n<p style=\"font-weight: 400;\">La tem\u00e1tica de las jornadas (derecho inmobiliario) fue dividida en tres partes: una primera, con ponencias relativas al derecho de propiedad; una segunda, dedicada al urbanismo (materia de gran relevancia por estos d\u00edas) y la construcci\u00f3n; y, una tercera, que hemos denominado miscel\u00e1nea.<\/p>\n<p style=\"font-weight: 400;\">Los autores que expusieron en las jornadas y cuyos trabajos son publicados en el presente volumen, son los mejores exponentes del derecho en nuestro pa\u00eds, lo que garantiza la alta calidad de los mismos.<\/p>\n<p style=\"font-weight: 400;\"><b><strong>La inscripci\u00f3n del legado de especie en el registro de propiedad<\/strong><\/b><br \/>\nJonathan Abello Lat\u00edn<\/p>\n<p style=\"font-weight: 400;\"><b><strong>La situaci\u00f3n de los bienes ra\u00edces fronterizos seg\u00fan el decreto ley 1939\/1977<\/strong><\/b><br \/>\nJaime Alcalde Silva<\/p>\n<p style=\"font-weight: 400;\"><b><strong>La relaci\u00f3n f\u00e1ctica entre los art\u00edculos 649 y siguientes del c\u00f3digo civil y el decreto ley 1.939 del a\u00f1o 1977<\/strong><\/b><br \/>\nCrist\u00f3bal Bardales Rioseco<\/p>\n<p style=\"font-weight: 400;\"><b><strong>Enfoque te\u00f3rico de la detentaci\u00f3n de inmuebles inscritos como un problema de enriquecimiento injustificado<\/strong><\/b><br \/>\nRodrigo Barr\u00eda D\u00edaz<\/p>\n<p style=\"font-weight: 400;\"><b><strong>Acci\u00f3n demarcatoria y restituci\u00f3n de terrenos. Una doctrina jurisprudencial no consolidada<\/strong><\/b><br \/>\nRodrigo Fuentes Gu\u00ed\u00f1ez<\/p>\n<p style=\"font-weight: 400;\"><b><strong>El principio de prioridad registral y su acogida en la doctrina y la jurisprudencia: Una vacilaci\u00f3n permanente<\/strong><\/b><br \/>\nPedro Hidalgo Sarzosa<\/p>\n<p style=\"font-weight: 400;\"><b><strong>La tesis de la nulidad absoluta de la hipoteca de cosa ajena como un s\u00edntoma en el sistema de derechos reales del c\u00f3digo civil chileno y la acci\u00f3n negatoria como un remedio ante tal s\u00edntoma: Una cuesti\u00f3n de coherencia normativa<\/strong><\/b><br \/>\nNicol\u00e1s Malla Castell\u00f3<\/p>\n<p style=\"font-weight: 400;\"><b><strong>Accesi\u00f3n de mueble a inmueble. Autonom\u00eda de la acci\u00f3n consagrada en el art\u00edculo 669 del c\u00f3digo civil y el enriquecimiento sin causa<\/strong><\/b><br \/>\nClaudia Carolina Mej\u00edas Alonzo<\/p>\n<p style=\"font-weight: 400;\"><b><strong>Uso del vocablo \u201cACTUALMENTE\u201d en el art. 12 n\u00b0 1 de la ley n\u00b0 19.253. Una inesperada conexi\u00f3n con la f\u00edsica cu\u00e1ntica<\/strong><\/b><br \/>\n\u00c1lvaro Morales Marileo<\/p>\n<p style=\"font-weight: 400;\"><b><strong>Dos formas de la posesi\u00f3n<\/strong><\/b><br \/>\nEsteban Pereira Fredes<\/p>\n<p style=\"font-weight: 400;\"><b><strong>Protecci\u00f3n de la propiedad ra\u00edz ante el delito de usurpaci\u00f3n<\/strong><\/b><br \/>\nPablo Picarte Alarc\u00f3n<\/p>\n<p style=\"font-weight: 400;\"><b><strong>Tres aproximaciones a la propiedad fraccional: Su estatuto jur\u00eddico, modalidades y desaf\u00edos<\/strong><\/b><br \/>\nJaime Ram\u00edrez Cifuentes<\/p>\n<p style=\"font-weight: 400;\"><b><strong>Deber estatal de identificar y proteger los terrenos de ind\u00edgenas: Un registro especial<\/strong><\/b><br \/>\nJorge San Mart\u00edn Garc\u00e9s<\/p>\n<p style=\"font-weight: 400;\"><b><strong>El efecto legitimador de la inscripci\u00f3n inmobiliaria en Chile<\/strong><\/b><br \/>\nMarco Antonio Sep\u00falveda Larroucau<\/p>\n<p style=\"font-weight: 400;\"><b><strong>Naturaleza jur\u00eddico-registral de la inscripci\u00f3n en algunas normas del c\u00f3digo civil chileno. Breve an\u00e1lisis de los art\u00edculos 686, 1; 686, 2; 688; y 693<\/strong><\/b><br \/>\nSantiago Z\u00e1rate G.<\/p>\n<p style=\"font-weight: 400;\"><b><strong>\u00bfLa declaraci\u00f3n de utilidad p\u00fablica puede hacer imposible el desarrollo de un proyecto inmobiliario? Alternativas del propietario afectado<\/strong><\/b><br \/>\nLaura Albornoz Pollmann &#8211; Marco Rosas Zambrano<\/p>\n<p style=\"font-weight: 400;\"><b><strong>Crowdfunding inmobiliario: Riesgos y desaf\u00edos a partir de la ley n\u00b0 21.521<\/strong><\/b><br \/>\nAn\u00edbal Chacama Gallardo<\/p>\n<p style=\"font-weight: 400;\"><b><strong>Smart contracts: Algunas aproximaciones y su actual utilidad como mecanismo de garant\u00eda para el promitente comprador en contratos de promesas sobre unidades recepcionadas<\/strong><\/b><br \/>\nFelipe Diez Ringele<\/p>\n<p style=\"font-weight: 400;\"><b><strong>La certeza jur\u00eddica frentea la actividad inmobiliaria y de la construcci\u00f3n<\/strong><\/b><br \/>\nJuan Eduardo Figueroa Vald\u00e9s<\/p>\n<p style=\"font-weight: 400;\"><b><strong>Fusi\u00f3n de predios de distinto due\u00f1o<\/strong><\/b><br \/>\nAndr\u00e9s Kuncar Oneto<\/p>\n<p style=\"font-weight: 400;\"><b><strong>Subdivisiones de predios r\u00fasticos. Desaf\u00edos del derecho ante la actual regulaci\u00f3n, y necesidad de replantear el ordenamiento y planificaci\u00f3n territorial<\/strong><\/b><br \/>\nMar\u00eda Paz Olavarr\u00eda P\u00e9rez<\/p>\n<p style=\"font-weight: 400;\"><b><strong>La protecci\u00f3n del empresario inmobiliario y el constructor en el derecho y arbitraje internacional de inversi\u00f3n<\/strong><\/b><br \/>\nRicardo Padilla Parot<\/p>\n<p style=\"font-weight: 400;\"><b><strong>Da\u00f1o moral colectivo y da\u00f1o punitivo en acciones colectivas por fallas o defectos en la construcci\u00f3n<\/strong><\/b><br \/>\nEduardo Reveco Soto<\/p>\n<p style=\"font-weight: 400;\"><b><strong>\u201cEl que encarg\u00f3 la obra [\u2026] podr\u00e1 hacerla cesar\u201d. La mirada de los tribunales al art\u00edculo 1999 inciso 2\u00b0 del c\u00f3digo civil chileno<\/strong><\/b><br \/>\nGonzalo Sever\u00edn Fuster<\/p>\n<p style=\"font-weight: 400;\"><b><strong>Tres problemas sobre la nulidad<\/strong><\/b><br \/>\nFernando Atria L.<\/p>\n<p style=\"font-weight: 400;\"><b><strong>La p\u00e9rdida de la oportunidad en la responsabilidad conservatoria<\/strong><\/b><br \/>\nClaudia Bahamondes O.<\/p>\n<p style=\"font-weight: 400;\"><b><strong>Sobre las limitaciones o restricciones a los arrendamientos de corta estad\u00eda en edificaciones sometidas al r\u00e9gimen de copropiedad inmobiliaria con destino habitacional<\/strong><\/b><br \/>\nDaniel Bravo Silva<\/p>\n<p style=\"font-weight: 400;\"><b><strong>El reconocimiento jurisprudencial de la fiducia cum creditore: La validez de la trasferencia de la propiedad a t\u00edtulo de garant\u00eda y notas acerca del r\u00e9gimen de la garant\u00eda<\/strong><\/b><br \/>\nBruno Caprile Biermann<\/p>\n<p style=\"font-weight: 400;\"><b><strong>El efecto absoluto del contrato de arrendamiento de inmuebles y los da\u00f1os invocados por terceros. Notas desde la jurisprudencia<\/strong><\/b><br \/>\nAndr\u00e9s Erbetta Mattig &#8211; Israel Gonz\u00e1lez Marino<\/p>\n<p style=\"font-weight: 400;\"><b><strong>Estatuto jur\u00eddico aplicable a los corredores inmobiliarios que operan a trav\u00e9s de redes sociales<\/strong><\/b><br \/>\nPatricia Leal Barros<\/p>\n<p style=\"font-weight: 400;\"><b><strong>An\u00e1lisis cr\u00edtico y propuestas en relaci\u00f3n a las obligaciones econ\u00f3micas en la nueva ley de copropiedad inmobiliaria<\/strong><\/b><br \/>\nJos\u00e9 Miguel Lecaros S\u00e1nchez<\/p>\n<p style=\"font-weight: 400;\"><b><strong>La cl\u00e1usula penal en el \u201cCierre de negocio\u201d inmobiliario<\/strong><\/b><br \/>\nYasna Ot\u00e1rola E.<\/p>\n<p style=\"font-weight: 400;\"><b><strong>Condiciones para el ejercicio de acciones judiciales de un comunero respecto de la totalidad de la cosa com\u00fan: De nuevo sobre el mandato t\u00e1cito y rec\u00edproco<\/strong><\/b><br \/>\nRuperto Pinochet Olave<\/p>\n<p style=\"font-weight: 400;\"><b><strong>La constituci\u00f3n del derecho real de conservaci\u00f3n medioambiental<\/strong><\/b><br \/>\nMar\u00eda Agnes Salah Abusleme<\/p>\n<p style=\"font-weight: 400;\"><b><strong>Algunas aproximaciones a la relaci\u00f3n entre discapacidad y accesibilidad universal en el ordenamiento jur\u00eddico chileno<\/strong><\/b><br \/>\nMar\u00eda Jos\u00e9 Tapia Fraile<\/p>\n<p style=\"font-weight: 400;\">Algunos aspectos acerca del contenido de las obligaciones de conservaci\u00f3n y<br \/>\n<b><strong>restituci\u00f3n de la cosa arrendada<\/strong><\/b><br \/>\n\u00c1lvaro Vidal Olivares<\/p>\n<p style=\"font-weight: 400;\"><b><strong>\u00bfEl archivo en el conservador de bienes ra\u00edces es una solemnidad de la fusi\u00f3n de bienes ra\u00edces urbanos?<\/strong><\/b><br \/>\nV. Joaqu\u00edn Labarca Aguilar<\/p>\n<p style=\"font-weight: 400;\"><b><strong>Modulaci\u00f3n contractual de las obligaciones de garant\u00eda en los contratos de construcci\u00f3n<\/strong><\/b><br \/>\nRodrigo Momberg Uribe<\/p>\n<p style=\"font-weight: 400;\"><b><strong>Algunas consideraciones relativas a la responsabilidad del tasador inmobiliario<\/strong><\/b><br \/>\nRenzo Munita Marambio<\/p>\n","protected":false},"excerpt":{"rendered":"<p>En el presente libro se plasman las ponencias presentadas a las Primeras Jornadas Nacionales de Derecho Inmobiliario, realizadas en la sede Coquimbo de la Universidad Central de Chile, en la ciudad de La Serena, los d\u00edas 24 y 25 de agosto de 2023.<\/p>\n<p>Buscas un libro Jur\u00eddico.? Lo puedes encontrar en nuestra tienda virtual.<br \/>\nContamos con prestigiosos autores y muchas alternativas en sus diferentes materias al igual que grandes descuentos.! Vis\u00edtanos en <a class=\"kCeSivAnonKOFxTiKGUwOyADtKnemQfyeVdMQSW \" tabindex=\"0\" href=\"https:\/\/lnkd.in\/eiAG7jdZ\" target=\"_blank\" rel=\"noopener\" data-test-app-aware-link=\"\">https:\/\/lnkd.in\/eiAG7jdZ<\/a><br \/>\nEscr\u00edbenos al +56930565235 \/ <a class=\"kCeSivAnonKOFxTiKGUwOyADtKnemQfyeVdMQSW \" tabindex=\"0\" href=\"mailto:ventaslegallexglobal@gmail.com\" target=\"_self\" data-test-app-aware-link=\"\">ventaslegallexglobal@gmail.com<\/a><br \/>\nHacemos env\u00edos a todo Chile \u2013 Starken o Correos Chile \/ Te esperamos.<\/p>\n","protected":false},"featured_media":2455,"comment_status":"open","ping_status":"closed","template":"","meta":{"inline_featured_image":false,"_joinchat":[]},"product_brand":[],"product_cat":[27,48,26],"product_tag":[],"class_list":{"0":"post-2425","1":"product","2":"type-product","3":"status-publish","4":"has-post-thumbnail","6":"product_cat-civil","7":"product_cat-comercial","8":"product_cat-derecho","10":"first","11":"instock","12":"shipping-taxable","13":"purchasable","14":"product-type-simple"},"_links":{"self":[{"href":"https:\/\/bibliotecajuridicavirtual.cl\/index.php\/wp-json\/wp\/v2\/product\/2425","targetHints":{"allow":["GET"]}}],"collection":[{"href":"https:\/\/bibliotecajuridicavirtual.cl\/index.php\/wp-json\/wp\/v2\/product"}],"about":[{"href":"https:\/\/bibliotecajuridicavirtual.cl\/index.php\/wp-json\/wp\/v2\/types\/product"}],"replies":[{"embeddable":true,"href":"https:\/\/bibliotecajuridicavirtual.cl\/index.php\/wp-json\/wp\/v2\/comments?post=2425"}],"wp:featuredmedia":[{"embeddable":true,"href":"https:\/\/bibliotecajuridicavirtual.cl\/index.php\/wp-json\/wp\/v2\/media\/2455"}],"wp:attachment":[{"href":"https:\/\/bibliotecajuridicavirtual.cl\/index.php\/wp-json\/wp\/v2\/media?parent=2425"}],"wp:term":[{"taxonomy":"product_brand","embeddable":true,"href":"https:\/\/bibliotecajuridicavirtual.cl\/index.php\/wp-json\/wp\/v2\/product_brand?post=2425"},{"taxonomy":"product_cat","embeddable":true,"href":"https:\/\/bibliotecajuridicavirtual.cl\/index.php\/wp-json\/wp\/v2\/product_cat?post=2425"},{"taxonomy":"product_tag","embeddable":true,"href":"https:\/\/bibliotecajuridicavirtual.cl\/index.php\/wp-json\/wp\/v2\/product_tag?post=2425"}],"curies":[{"name":"wp","href":"https:\/\/api.w.org\/{rel}","templated":true}]}}