{"id":2428,"date":"2026-02-28T01:01:31","date_gmt":"2026-02-28T04:01:31","guid":{"rendered":"https:\/\/bibliotecajuridicavirtual.cl\/?post_type=product&#038;p=2428"},"modified":"2026-02-28T01:01:47","modified_gmt":"2026-02-28T04:01:47","slug":"la-argumentacion-judicial-de-los-derechos-humanos-carlos-manuel-rosales-julio-ano-2025-226-pag","status":"publish","type":"product","link":"https:\/\/bibliotecajuridicavirtual.cl\/index.php\/product\/la-argumentacion-judicial-de-los-derechos-humanos-carlos-manuel-rosales-julio-ano-2025-226-pag\/","title":{"rendered":"La Argumentaci\u00f3n Judicial de los Derechos Humanos * Carlos Manuel Rosales &#8211; julio a\u00f1o 2025 * 226 P\u00e1g."},"content":{"rendered":"<p style=\"font-weight: 400;\">La interpretaci\u00f3n y argumentaci\u00f3n del derecho son los elementos clave para entenderlos y aplicarlos conforme al caso. Esta operaci\u00f3n implica considerar la exigencia de una persona (s) para que su petici\u00f3n sea escuchada y resuelta conforme a la norma establecida, y con ello, garantizar una regularidad constitucional, que valide la existencia del Estado.<\/p>\n<p style=\"font-weight: 400;\">En el negocio de los Derechos Humanos (DDHH) su acepci\u00f3n, comprensi\u00f3n, alcance y limite son las aristas que se deben reflexionar al momento de adminicularlos en una causa jurisdiccional. Empero, su operaci\u00f3n y cumplimiento trae aparejada varias implicaciones, por ejemplo, el costo de los mismos, reconocimiento de una petici\u00f3n individual con efectos a todo el conglomerado social, efectividad de la sentencia, entre otros \u00f3bices que exponen la relatividad aplicativa de los mismos.<\/p>\n<p style=\"font-weight: 400;\">Los Derechos Humanos son una materia e instrumento que tienen un desfase en su ejercicio p\u00fablico. Mientras que en el gobierno se les considera muy poco, el legislativo los aplica de forma bastante pobre, y en la funci\u00f3n jurisdiccional su valor se ubica en el conocimiento y la capacidad de su personal. Sin embargo, la imposici\u00f3n que se ha hecho de los mismos, ha generado un choque de derechos (tanto de forma como de fondo), que ha llevado no solo al adoptar, sino al adaptar a los DDHH de una manera forzada a los sistemas normativos (no europeos); por lo que se debe categorizar y comprender en una nueva visi\u00f3n, se debe dejar su universalidad y relativizarlos en su ejercicio y valor.<\/p>\n<p style=\"font-weight: 400;\">Esta obra elabora una cr\u00edtica acad\u00e9mica, no a la naturaleza o existencia de los DDH1, sino a su comprensi\u00f3n y utilizaci\u00f3n de los mismos. Se presenta una visi\u00f3n realista sobre la inserci\u00f3n de los Derechos Humanos en la esfera judicial, en que las sentencias han construido un castillo de arena, y que han sido usufructuados para el beneficio de unos cuantos. Por lo anterior, es cuestionable y debatible c\u00f3mo se han entendido e instrumentado tos DDMII, sin importar ni ponderar factores sociales, pol\u00edticos y econ\u00f3micos.<\/p>\n<p style=\"font-weight: 400;\">La Relatividad de los Derechos Humanos<br \/>\nDes-construyendo el feminismo<br \/>\nLa discriminaci\u00f3n concursal hacia las personas trans<br \/>\nAcepciones y l\u00edmites del derecho humano a la educaci\u00f3n<br \/>\nLa debida censura<br \/>\nEstado de violencia<br \/>\nEl uso de cannabis como libre desarrollo de la personalidad<br \/>\nDe finanzas y derechos humanos<\/p>\n","protected":false},"excerpt":{"rendered":"<p>Buscas un libro Jur\u00eddico.? Lo puedes encontrar en nuestra tienda virtual.<br \/>\nContamos con prestigiosos autores y muchas alternativas en sus diferentes materias al igual que grandes descuentos.! Vis\u00edtanos en <a class=\"mdpAqWXcsYVoLayGsqIUZitQXyigbdUOLEI \" tabindex=\"0\" href=\"https:\/\/lnkd.in\/eiAG7jdZ\" target=\"_blank\" rel=\"noopener\" data-test-app-aware-link=\"\">https:\/\/lnkd.in\/eiAG7jdZ<\/a><br \/>\nEscr\u00edbenos al +56930565235 \/ <a class=\"mdpAqWXcsYVoLayGsqIUZitQXyigbdUOLEI \" tabindex=\"0\" href=\"mailto:ventaslegallexglobal@gmail.com\" target=\"_self\" data-test-app-aware-link=\"\">ventaslegallexglobal@gmail.com<\/a><br \/>\nHacemos env\u00edos a todo Chile \u2013 Starken o Correos Chile \/ Te esperamos.<\/p>\n","protected":false},"featured_media":2458,"comment_status":"open","ping_status":"closed","template":"","meta":{"inline_featured_image":false,"_joinchat":[]},"product_brand":[],"product_cat":[27,33,26],"product_tag":[],"class_list":{"0":"post-2428","1":"product","2":"type-product","3":"status-publish","4":"has-post-thumbnail","6":"product_cat-civil","7":"product_cat-constitucional","8":"product_cat-derecho","10":"first","11":"instock","12":"shipping-taxable","13":"purchasable","14":"product-type-simple"},"_links":{"self":[{"href":"https:\/\/bibliotecajuridicavirtual.cl\/index.php\/wp-json\/wp\/v2\/product\/2428","targetHints":{"allow":["GET"]}}],"collection":[{"href":"https:\/\/bibliotecajuridicavirtual.cl\/index.php\/wp-json\/wp\/v2\/product"}],"about":[{"href":"https:\/\/bibliotecajuridicavirtual.cl\/index.php\/wp-json\/wp\/v2\/types\/product"}],"replies":[{"embeddable":true,"href":"https:\/\/bibliotecajuridicavirtual.cl\/index.php\/wp-json\/wp\/v2\/comments?post=2428"}],"wp:featuredmedia":[{"embeddable":true,"href":"https:\/\/bibliotecajuridicavirtual.cl\/index.php\/wp-json\/wp\/v2\/media\/2458"}],"wp:attachment":[{"href":"https:\/\/bibliotecajuridicavirtual.cl\/index.php\/wp-json\/wp\/v2\/media?parent=2428"}],"wp:term":[{"taxonomy":"product_brand","embeddable":true,"href":"https:\/\/bibliotecajuridicavirtual.cl\/index.php\/wp-json\/wp\/v2\/product_brand?post=2428"},{"taxonomy":"product_cat","embeddable":true,"href":"https:\/\/bibliotecajuridicavirtual.cl\/index.php\/wp-json\/wp\/v2\/product_cat?post=2428"},{"taxonomy":"product_tag","embeddable":true,"href":"https:\/\/bibliotecajuridicavirtual.cl\/index.php\/wp-json\/wp\/v2\/product_tag?post=2428"}],"curies":[{"name":"wp","href":"https:\/\/api.w.org\/{rel}","templated":true}]}}