{"id":2474,"date":"2026-02-28T01:01:53","date_gmt":"2026-02-28T04:01:53","guid":{"rendered":"https:\/\/bibliotecajuridicavirtual.cl\/?post_type=product&#038;p=2474"},"modified":"2026-02-28T01:02:02","modified_gmt":"2026-02-28T04:02:02","slug":"esquemas-de-derecho-procesal-civil-preparacion-para-el-examen-de-grado-cristobal-farias-soto-2da-edicion-ano-2025-684-pag","status":"publish","type":"product","link":"https:\/\/bibliotecajuridicavirtual.cl\/index.php\/product\/esquemas-de-derecho-procesal-civil-preparacion-para-el-examen-de-grado-cristobal-farias-soto-2da-edicion-ano-2025-684-pag\/","title":{"rendered":"Esquemas de Derecho Procesal Civil &#8211; Preparaci\u00f3n para el Examen de Grado * Crist\u00f3bal Far\u00edas Soto &#8211; 2da. edici\u00f3n a\u00f1o 2025 * 684 P\u00e1g."},"content":{"rendered":"<p>Esta obra contiene una selecci\u00f3n de esquemas fundamentales para el estudio del Derecho Procesal Civil, especialmente orientados a la preparaci\u00f3n del examen de grado en Derecho. Su estructura visual y l\u00f3gica ha sido dise\u00f1ada para facilitar la comprensi\u00f3n, memorizaci\u00f3n y repaso de las materias que, con mayor frecuencia, son objeto de evaluaci\u00f3n.<\/p>\n<p>La primera edici\u00f3n se agot\u00f3 en un corto periodo de tiempo, lo que confirma el valor pr\u00e1ctico que esta herramienta ha tenido para estudiantes y profesionales del \u00e1rea jur\u00eddica.<\/p>\n<p>En esta segunda edici\u00f3n, se mantiene el mismo enfoque claro y sistem\u00e1tico, incorporando mejoras y ajustes que responden a las observaciones y sugerencias recibidas por parte de sus primeros lectores.<\/p>\n<p>Este texto est\u00e1 dirigido tanto a quienes se encuentran preparando su examen de grado, como a estudiantes de pregrado que buscan una gu\u00eda ordenada y sint\u00e9tica de la materia. Asimismo, puede ser de utilidad para abogados que deseen repasar contenidos esenciales del procedimiento civil.<\/p>\n<p>Cada esquema ha sido elaborado a partir de apuntes de estudio, revisi\u00f3n de manuales cl\u00e1sicos y legislaci\u00f3n vigente, con el prop\u00f3sito de servir como un apoyo eficaz, pr\u00e1ctico y accesible en la preparaci\u00f3n acad\u00e9mica.<\/p>\n<p>CAP\u00cdTULO I<br \/>\nDERECHO PROCESAL ORG\u00c1NICO<\/p>\n<p>SECCI\u00d3N I<br \/>\nEL CONFLICTO Y SUS FORMAS DE SOLUCI\u00d3N<\/p>\n<p>SECCI\u00d3N II<br \/>\nREGLAS PARA DETERMINAR EL TRIBUNAL<\/p>\n<p>SECCI\u00d3N III<br \/>\nEL DERECHO PROCESAL<\/p>\n<p>SECCI\u00d3N IV<br \/>\nLA JURISDICCI\u00d3N<\/p>\n<p>SECCI\u00d3N V<br \/>\nLA COMPETENCIA<\/p>\n<p>SECCI\u00d3N VI<br \/>\nLA DISTRIBUCI\u00d3N DE CAUSAS<\/p>\n<p>SECCI\u00d3N VII<br \/>\nLAS CONTIENDAS Y CUESTIONES DE COMPETENCIA<\/p>\n<p>SECCI\u00d3N VIII<br \/>\nLAS IMPLICANCIAS Y RECUSACIONES<\/p>\n<p>SECCI\u00d3N IX<\/p>\n<p>LOS \u00d3RGANOS JURISDICCIONALES, LOS \u00c1RBITROS, LOS AUXILIARES DELA ADMINISTRACI\u00d3N DE JUSTICIA Y LOS ABOGADOS<\/p>\n<p>CAP\u00cdTULO II<br \/>\nDISPOSICIONES COMUNES A TODO PROCEDIMIENTO<\/p>\n<p>SECCI\u00d3N I<br \/>\nEL PROCESO<\/p>\n<p>SECCI\u00d3N II<br \/>\nLA ACCI\u00d3N Y LA PRETENSI\u00d3N<\/p>\n<p>SECCI\u00d3N III<br \/>\nLA DEFENSA DEL DEMANDADO<\/p>\n<p>SECCI\u00d3N IV<br \/>\nLA COMPARECENCIA EN JUICIO<\/p>\n<p>SECCI\u00d3N V<br \/>\nEL EMPLAZAMIENTO<\/p>\n<p>SECCI\u00d3N VI<br \/>\nLA PARALIZACI\u00d3N, SUSPENSI\u00d3N Y EXTINCI\u00d3N DEL PROCEDIMIENTO<\/p>\n<p>SECCI\u00d3N VII<br \/>\nLOS PRESUPUESTOS PROCESALES<\/p>\n<p>SECCI\u00d3N VIII<br \/>\nLOS ACTOS JUR\u00cdDICOS PROCESALES<\/p>\n<p>SECCI\u00d3N IX<br \/>\nLA FORMACI\u00d3N DEL PROCESO<\/p>\n<p>SECCI\u00d3N X<br \/>\nLOS PLAZOS<\/p>\n<p>SECCI\u00d3N XI<br \/>\nLAS ACTUACIONES JUDICIALES<\/p>\n<p>SECCI\u00d3N XII<br \/>\nLAS NOTIFICACIONES<\/p>\n<p>SECCI\u00d3N XIII<br \/>\nLAS RESOLUCIONES JUDICIALES<\/p>\n<p>CAP\u00cdTULO III<br \/>\nEL JUICIO ORDINARIO<\/p>\n<p>SECCI\u00d3N I<br \/>\nGENERALIDADES<\/p>\n<p>SECCI\u00d3N II<br \/>\nETAPA DE DISCUSI\u00d3N<\/p>\n<p>SECCI\u00d3N III<br \/>\nETAPA DE CONCILIACI\u00d3N<\/p>\n<p>SECCI\u00d3N IV<br \/>\nETAPA DE PRUEBA<\/p>\n<p>SECCI\u00d3N V<br \/>\nETAPA DE LA SENTENCIA DEFINITIVA<\/p>\n<p>CAP\u00cdTULO IV<br \/>\nLOS INCIDENTES<\/p>\n<p>SECCI\u00d3N I<br \/>\nGENERALIDADES<\/p>\n<p>SECCI\u00d3N II<br \/>\nTRAMITACI\u00d3N DE LOS INCIDENTES<\/p>\n<p>SECCI\u00d3N III<br \/>\nLA NULIDAD PROCESAL<\/p>\n<p>SECCI\u00d3N IV<br \/>\nINCIDENTES ESPECIALES<\/p>\n<p>CAP\u00cdTULO V<br \/>\nLAS MEDIDAS PRECAUTORIAS<\/p>\n<p>SECCI\u00d3N I<br \/>\nMEDIDAS CAUTELARES<\/p>\n<p>SECCI\u00d3N II<br \/>\nLAS MEDIDAS PREJUDICIALES<\/p>\n<p>SECCI\u00d3N III<br \/>\nLAS MEDIDAS PREJUDICIALES PREPARATORIAS<\/p>\n<p>SECCI\u00d3N IV<br \/>\nLAS MEDIDAS PREJUDICIALES PROBATORIAS<\/p>\n<p>SECCI\u00d3N V<br \/>\nLAS MEDIDAS PREJUDICIALES PRECAUTORIAS<\/p>\n<p>SECCI\u00d3N VI<br \/>\nLAS MEDIDAS PRECAUTORIAS DEL ART. 290 C.P.C.<\/p>\n<p>CAP\u00cdTULO VI<br \/>\nASPECTOS GENERALES DE LA PRUEBA<\/p>\n<p>CAP\u00cdTULO VII<br \/>\nLOS MEDIOS DE PRUEBA<\/p>\n<p>SECCI\u00d3N I<br \/>\nGENERALIDADES<\/p>\n<p>SECCI\u00d3N II<br \/>\nLA PRUEBA INSTRUMENTAL<\/p>\n<p>SECCI\u00d3N III<br \/>\nLA PRUEBA TESTIMONIAL<\/p>\n<p>SECCI\u00d3N IV<br \/>\nLA PRUEBA CONFESIONAL<\/p>\n<p>SECCI\u00d3N V<br \/>\nLA PRUEBA PERICIAL<\/p>\n<p>SECCI\u00d3N VI<br \/>\nLA INSPECCI\u00d3N PERSONAL DEL TRIBUNAL<\/p>\n<p>SECCI\u00d3N VII<br \/>\nLAS PRESUNCIONES<\/p>\n<p>SECCI\u00d3N VIII<br \/>\nLOS MODERNOS MEDIOS DE PRUEBA<\/p>\n<p>CAP\u00cdTULO VIII<br \/>\nLOS JUICIOS ESPECIALES<\/p>\n<p>SECCI\u00d3N I<br \/>\nJUICIO DE ARRENDAMIENTO DE BIENES RA\u00cdCES<\/p>\n<p>SECCI\u00d3N II<br \/>\nJUICIO ORDINARIO DE MENOR CUANT\u00cdA<\/p>\n<p>SECCI\u00d3N III<br \/>\nJUICIO ORDINARIO DE M\u00cdNIMA CUANT\u00cdA<\/p>\n<p>SECCI\u00d3N IV<br \/>\nEL JUICIO DE HACIENDA<\/p>\n<p>SECCI\u00d3N V<br \/>\nEL JUICIO SUMARIO<\/p>\n<p>SECCI\u00d3N VI<br \/>\nEJECUCI\u00d3N RESOLUCIONES DEL EXTRANJERO<\/p>\n<p>SECCI\u00d3N VII<br \/>\nLOS PROCEDIMIENTOS EJECUTIVOS<\/p>\n<p>SECCI\u00d3N VIII<br \/>\nEL PROCEDIMIENTO DE EJECUCI\u00d3N INCIDENTAL<\/p>\n<p>CAP\u00cdTULO IX<br \/>\nEL JUICIO EJECUTIVO<\/p>\n<p>SECCI\u00d3N I<br \/>\nGENERALIDADES<\/p>\n<p>SECCI\u00d3N II:<br \/>\nEL JUICIO EJECUTIVO DE DAR<\/p>\n<p>SECCI\u00d3N III<br \/>\nEL JUICIO EJECUTIVO DE HACER<\/p>\n<p>SECCI\u00d3N IV<br \/>\nL JUICIO EJECUTIVO DE NO HACER<\/p>\n<p>SECCI\u00d3N V<br \/>\nEL JUICIO EJECUTIVO DE M\u00cdNIMA CUANT\u00cdA<\/p>\n<p>SECCI\u00d3N VI<br \/>\nJUICIOS ESPECIALES ANTE \u00c1RBITROS<\/p>\n<p>SECCI\u00d3N VII<br \/>\nPROCEDIMIENTO GENERAL DE ASUNTOS NO CONTENCIOSOS<\/p>\n<p>CAP\u00cdTULO IX<br \/>\nLOS RECURSOS PROCESALES<\/p>\n<p>SECCI\u00d3N I<br \/>\nGENERALIDADES<\/p>\n<p>SECCI\u00d3N II<br \/>\nRECURSO DE ACLARACI\u00d3N, INTERPRETACI\u00d3N, RECTIFICACI\u00d3N O ENMIENDA (A.I.R.E.)<\/p>\n<p>SECCI\u00d3N III<br \/>\nRECURSO DE REPOSICI\u00d3N<\/p>\n<p>SECCI\u00d3N IV<br \/>\nRECURSO DE APELACI\u00d3N<\/p>\n<p>SECCI\u00d3N V<br \/>\nRECURSO DE HECHO<\/p>\n<p>SECCI\u00d3N VI<br \/>\nRECURSO DE CASACI\u00d3N<\/p>\n<p>SECCI\u00d3N VII<br \/>\nRECURSO DE QUEJA<\/p>\n<p>SECCI\u00d3N VIII<br \/>\nRECURSO DE NULIDAD (PENAL)<\/p>\n<p>SECCI\u00d3N IX<br \/>\nRECURSO DE PROTECCI\u00d3N<\/p>\n<p>SECCI\u00d3N X<br \/>\nRECURSO DE AMPARO (HABEAS CORPUS)<\/p>\n<p>SECCI\u00d3N XI<br \/>\nRECURSO DE AMPARO ECON\u00d3MICO<\/p>\n<p>SECCI\u00d3N XII<br \/>\nRECURSO DE INAPLICABILIDAD<\/p>\n<p>SECCI\u00d3N XIII<br \/>\nRECURSO DE REVISI\u00d3N<\/p>\n<p>CAP\u00cdTULO X<br \/>\nLA COSA JUZGADA<\/p>\n","protected":false},"excerpt":{"rendered":"<p>Buscas un libro Jur\u00eddico.? Lo puedes encontrar en nuestra tienda virtual.<br \/>\nContamos con prestigiosos autores y muchas alternativas en sus diferentes materias al igual que grandes descuentos.! Vis\u00edtanos en <a class=\"TAkGWjHhmVmkmMDJGaNOrxvCVcOPkgho \" tabindex=\"0\" href=\"https:\/\/lnkd.in\/eiAG7jdZ\" target=\"_blank\" rel=\"noopener\" data-test-app-aware-link=\"\">https:\/\/lnkd.in\/eiAG7jdZ<\/a><br \/>\nEscr\u00edbenos al +56930565235 \/ <a class=\"TAkGWjHhmVmkmMDJGaNOrxvCVcOPkgho \" tabindex=\"0\" href=\"mailto:ventaslegallexglobal@gmail.com\" target=\"_self\" data-test-app-aware-link=\"\">ventaslegallexglobal@gmail.com<\/a><br \/>\nHacemos env\u00edos a todo Chile \u2013 Starken o Correos Chile \/ Te esperamos.<\/p>\n","protected":false},"featured_media":2504,"comment_status":"open","ping_status":"closed","template":"","meta":{"inline_featured_image":false,"_joinchat":[]},"product_brand":[],"product_cat":[26,50,39],"product_tag":[],"class_list":{"0":"post-2474","1":"product","2":"type-product","3":"status-publish","4":"has-post-thumbnail","6":"product_cat-derecho","7":"product_cat-procedimientos-civiles","8":"product_cat-procesal-civil","10":"first","11":"instock","12":"shipping-taxable","13":"purchasable","14":"product-type-simple"},"_links":{"self":[{"href":"https:\/\/bibliotecajuridicavirtual.cl\/index.php\/wp-json\/wp\/v2\/product\/2474","targetHints":{"allow":["GET"]}}],"collection":[{"href":"https:\/\/bibliotecajuridicavirtual.cl\/index.php\/wp-json\/wp\/v2\/product"}],"about":[{"href":"https:\/\/bibliotecajuridicavirtual.cl\/index.php\/wp-json\/wp\/v2\/types\/product"}],"replies":[{"embeddable":true,"href":"https:\/\/bibliotecajuridicavirtual.cl\/index.php\/wp-json\/wp\/v2\/comments?post=2474"}],"wp:featuredmedia":[{"embeddable":true,"href":"https:\/\/bibliotecajuridicavirtual.cl\/index.php\/wp-json\/wp\/v2\/media\/2504"}],"wp:attachment":[{"href":"https:\/\/bibliotecajuridicavirtual.cl\/index.php\/wp-json\/wp\/v2\/media?parent=2474"}],"wp:term":[{"taxonomy":"product_brand","embeddable":true,"href":"https:\/\/bibliotecajuridicavirtual.cl\/index.php\/wp-json\/wp\/v2\/product_brand?post=2474"},{"taxonomy":"product_cat","embeddable":true,"href":"https:\/\/bibliotecajuridicavirtual.cl\/index.php\/wp-json\/wp\/v2\/product_cat?post=2474"},{"taxonomy":"product_tag","embeddable":true,"href":"https:\/\/bibliotecajuridicavirtual.cl\/index.php\/wp-json\/wp\/v2\/product_tag?post=2474"}],"curies":[{"name":"wp","href":"https:\/\/api.w.org\/{rel}","templated":true}]}}