{"id":2475,"date":"2026-02-28T01:01:53","date_gmt":"2026-02-28T04:01:53","guid":{"rendered":"https:\/\/bibliotecajuridicavirtual.cl\/?post_type=product&#038;p=2475"},"modified":"2026-02-28T01:02:02","modified_gmt":"2026-02-28T04:02:02","slug":"estudios-de-derecho-civil-xviii-xx-jornadas-nacionales-de-derecho-civil-concepcion-2024-disponible","status":"publish","type":"product","link":"https:\/\/bibliotecajuridicavirtual.cl\/index.php\/product\/estudios-de-derecho-civil-xviii-xx-jornadas-nacionales-de-derecho-civil-concepcion-2024-disponible\/","title":{"rendered":"Estudios de Derecho Civil * XVIII &#8211; XX Jornadas Nacionales de Derecho Civil, Concepci\u00f3n, 2024 * DISPONIBLE.\u00b0"},"content":{"rendered":"<p>El presente volumen contiene la edici\u00f3n de los trabajos que se presentaron en las XX Jornadas Nacionales de Derecho Civil que se realizaron en Concepci\u00f3n, entre los d\u00edas 17, 18 y 19 de octubre de 2024, bajo la organizaci\u00f3n del Departamento de Derecho Privado de la Facultad de Ciencias Jur\u00eddicas y Sociales de la Universidad de Concepci\u00f3n.<br \/>\nLas Jornadas Nacionales de Derecho Civil constituyen el encuentro acad\u00e9mico m\u00e1s importante de nuestra disciplina en Chile, transform\u00e1ndose en un espacio de discusi\u00f3n y reflexi\u00f3n de los diferentes temas del Derecho Civil, entre especialistas de diferentes Universidades del pa\u00eds.<br \/>\nEste volumen contiene 78 trabajos, que son el resultado de las ponencias presentadas en dichas Jornadas, abordando todas las materias del derecho civil, estructurado en cuatro partes: Temas generales, Personas, Familia y Sucesiones; Derechos Reales; Obligaciones y Contratos; y Responsabilidad Civil.<\/p>\n<p>\u00cdndice<br \/>\nPresentaci\u00f3n\u00a0\u00a0 \u00a0\u00a0\u00a0 \u00a025<br \/>\nPRIMERA PARTE<br \/>\nTEMAS GENERALES, PERSONAS, FAMILIA Y SUCESIONES<br \/>\nSobre la necesidad de revisar la historia dogm\u00e1tica, fuentes y sistem\u00e1tica del C\u00f3digo Civil Chileno, a prop\u00f3sito de una nueva edici\u00f3n de las obras completas de Andr\u00e9s Bello\u00a0\u00a0 \u00a0\u00a0\u00a0 \u00a031<br \/>\nClaudia Castelletti Font<br \/>\nPersonas declaradas interdictas por demencia y ejercicio de su autodeterminaci\u00f3n en el \u00e1mbito m\u00e9dico. Criterios ante desacuerdos\u00a0\u00a0 \u00a0\u00a0\u00a0 \u00a059<br \/>\nDar\u00edo Parra Sep\u00falveda<br \/>\nConsideraciones sobre la relevancia del principio de la autonom\u00eda progresiva de los hijos menores y la regulaci\u00f3n de la responsabilidad de los progenitores por los hechos da\u00f1inos de sus hijos adolescentes\u00a0\u00a0 \u00a0\u00a0\u00a0 \u00a077<br \/>\nEduardo Darritchon Pool<br \/>\nCrianza sin violencia: prohibici\u00f3n de las v\u00edas de hecho como expresi\u00f3n de correcci\u00f3n parental\u00a0\u00a0 \u00a0\u00a0\u00a0 \u00a091<br \/>\nFabiola Lathrop G\u00f3mez<br \/>\nPrelaci\u00f3n de cr\u00e9ditos con enfoque de Derechos de la Ni\u00f1ez y la Adolescencia: comentarios acerca de la comunicaci\u00f3n individual n\u00ba 91\/2019 ante el Comit\u00e9 de los Derechos del Ni\u00f1o contra Chile\u00a0\u00a0 \u00a0\u00a0\u00a0 \u00a0111<br \/>\nIsaac Ravetllat Ballest\u00e9<br \/>\nLa protecci\u00f3n de los hijos nacidos de maternidad subrogada\u00a0\u00a0 \u00a0\u00a0\u00a0 \u00a0125<br \/>\nMar\u00eda Sara Rodr\u00edguez Pinto<br \/>\nLa existencia de familia extensa, contenido del beneficio afectivo como criterio para acceder a las solicitudes de autorizaciones de salidas de ni\u00f1os, ni\u00f1as y adolescentes al extranjero\u00a0\u00a0 \u00a0\u00a0\u00a0 \u00a0141<br \/>\nAlexis Mondaca Miranda<br \/>\nAutonom\u00eda privada, decisiones reproductivas y filiaci\u00f3n: la autoinseminaci\u00f3n en Chile\u00a0\u00a0 \u00a0\u00a0\u00a0 \u00a0155<br \/>\nRommy \u00c1lvarez Escudero<br \/>\nReunificaci\u00f3n familiar en materia de migraci\u00f3n: antecedentes y jurisprudencia\u00a0\u00a0 \u00a0\u00a0\u00a0 \u00a0175<br \/>\nSusan Turner Saelzer<br \/>\nDesaf\u00edos pendientes del registro nacional de deudores de pensiones de alimentos frente a la disposici\u00f3n de bienes inmuebles del deudor\u00a0\u00a0 \u00a0\u00a0\u00a0 \u00a0185<br \/>\nClaudia Bahamondes Oyarz\u00fan<br \/>\nEl tercero que paga una deuda ajena. Art\u00edculo 19 ter de la Ley 14.908 incorporado por la Ley 21.389\u00a0\u00a0 \u00a0\u00a0\u00a0 \u00a0199<br \/>\nYasna Ot\u00e1rola Espinoza<br \/>\nBienes familiares. \u00bfPuede el c\u00f3nyuge no propietario habitar, sin excepciones y gratuitamente, la residencia principal de la familia por el solo hecho de su declaraci\u00f3n como bien familiar?\u00a0\u00a0 \u00a0\u00a0\u00a0 \u00a0211<br \/>\nIsabel Warnier Readi<br \/>\nAmbrosio Rodr\u00edguez Quir\u00f3s<br \/>\nLa interpretaci\u00f3n del art\u00edculo 1734 a la luz de la equidad natural\u00a0\u00a0 \u00a0\u00a0\u00a0 \u00a0223<br \/>\nLeonor Etcheberry Court<br \/>\nMatrimonio entre personas del mismo sexo y sociedad conyugal\u00a0\u00a0 \u00a0\u00a0\u00a0 \u00a0239<br \/>\nMario Opazo Gonz\u00e1lez<br \/>\nSobre la naturaleza jur\u00eddica de las recompensas en la sociedad conyugal\u00a0\u00a0 \u00a0\u00a0\u00a0 \u00a0253<br \/>\nRodrigo Barr\u00eda D\u00edaz<br \/>\nAlgunas reflexiones sobre la transmisi\u00f3n por causa de muerte de criptoactivos\u00a0\u00a0 \u00a0\u00a0\u00a0 \u00a0267<br \/>\nAn\u00edbal Chacama Gallardo<br \/>\n\u00bfEs posible la nulidad de una aceptaci\u00f3n hereditaria por el desconocimiento del asignatario de las deudas del causante?\u00a0\u00a0 \u00a0\u00a0\u00a0 \u00a0281<br \/>\nFabi\u00e1n Elorriaga De Bonis<br \/>\n\u00bfInadmisibilidad de la acci\u00f3n civil de nulidad del art\u00edculo 1348 del C\u00f3digo Civil contra particiones judiciales? \u00a1Nos oponemos!\u00a0\u00a0 \u00a0\u00a0\u00a0 \u00a0289<br \/>\nGian Franco Rosso Elorriaga<br \/>\nEl tiempo que cura todas las heridas: algunos problemas que presenta la prescripci\u00f3n adquisitiva del derecho real de herencia\u00a0\u00a0 \u00a0\u00a0\u00a0 \u00a0309<br \/>\nArturo Ib\u00e1\u00f1ez Le\u00f3n<br \/>\nTres observaciones respecto de tres discusiones sobre transmisibilidad sucesoria\u00a0\u00a0 \u00a0\u00a0\u00a0 \u00a0325<br \/>\nMar\u00eda Agnes Salah Abusleme<br \/>\nLa firma de un acuerdo de uni\u00f3n civil simulado para una desheredaci\u00f3n parcial injusta\u00a0\u00a0 \u00a0\u00a0\u00a0 \u00a0341<br \/>\nSusana Espada Mallorqu\u00edn<br \/>\nSEGUNDA PARTE<br \/>\nDERECHOS REALES<br \/>\nAn\u00e1lisis cr\u00edtico en torno al objeto y contenido del derecho real de conservaci\u00f3n. Su inserci\u00f3n en el ordenamiento jur\u00eddico y en el derecho civil chileno\u00a0\u00a0 \u00a0\u00a0\u00a0 \u00a0357<br \/>\nFrancisco Javier Mujica Escobar<br \/>\nEn b\u00fasqueda de \u2018El Dorado\u2019: la acci\u00f3n innominada de dominio en el derecho chileno\u00a0\u00a0 \u00a0\u00a0\u00a0 \u00a0377<br \/>\nEsteban Pereira Fredes<br \/>\nNotas sobre la reivindicaci\u00f3n de cosas muebles\u00a0\u00a0 \u00a0\u00a0\u00a0 \u00a0393<br \/>\nJaime Alcalde Silva<br \/>\nAlgunas reflexiones sobre la acci\u00f3n reivindicatoria ficta\u00a0\u00a0 \u00a0\u00a0\u00a0 \u00a0417<br \/>\nAndr\u00e9s Kuncar Oneto<br \/>\nEl inter\u00e9s p\u00fablico en la salubritas como fundamento de la imprescriptibilidad de la acci\u00f3n posesoria popular del art\u00edculo 937 del C\u00f3digo Civil chileno\u00a0\u00a0 \u00a0\u00a0\u00a0 \u00a0437<br \/>\nPedro Antonio Goic Martinic<br \/>\nCese de goce gratuito de la cosa com\u00fan e indemnizaci\u00f3n de perjuicios por uso anterior\u00a0\u00a0 \u00a0\u00a0\u00a0 \u00a0457<br \/>\nRicardo Concha Machuca<br \/>\nCalificaci\u00f3n registral y vicios de nulidad relativa. Una relectura de la actual redacci\u00f3n del art. 13 del Reglamento del RCBR, a la luz de la protecci\u00f3n de los incapaces y del c\u00f3nyuge m\u00e1s d\u00e9bil\u00a0\u00a0 \u00a0\u00a0\u00a0 \u00a0481<br \/>\nMar\u00eda Paz Olavarr\u00eda P\u00e9rez<br \/>\nElementos fundamentales del sistema adquisitivo chileno y su influencia en la problem\u00e1tica de las inscripciones paralelas\u00a0\u00a0 \u00a0\u00a0\u00a0 \u00a0493<br \/>\nRicardo Saavedra Alvarado<br \/>\nTERCERA PARTE<br \/>\nOBLIGACIONES Y CONTRATOS<br \/>\nLas obligaciones de garant\u00eda en el derecho de contratos\u00a0\u00a0 \u00a0\u00a0\u00a0 \u00a0509<br \/>\nAdri\u00e1n Schopf Olea<br \/>\nModificaciones a la prelaci\u00f3n de cr\u00e9ditos introducidas por la Ley 21.389: Desmontando el conflicto entre el alimentario y el acreedor hipotecario\u00a0\u00a0 \u00a0\u00a0\u00a0 \u00a0523<br \/>\nCristi\u00e1n Andr\u00e9s Larra\u00edn P\u00e1ez<br \/>\nEl da\u00f1o en las obligaciones de dinero: reestudiando la mora en el C\u00f3digo Civil chileno\u00a0\u00a0 \u00a0\u00a0\u00a0 \u00a0533<br \/>\nGissella L\u00f3pez Rivera<br \/>\nLa definici\u00f3n de la ley aplicable en materia de prelaci\u00f3n de cr\u00e9ditos: una respuesta a la luz de la regulaci\u00f3n de la insolvencia transfronteriza\u00a0\u00a0 \u00a0\u00a0\u00a0 \u00a0561<br \/>\nJuan Luis Goldenberg Serrano<br \/>\n\u00bfEs v\u00e1lida la cl\u00e1usula penal inserta en un contrato de leasing?\u00a0\u00a0 \u00a0\u00a0\u00a0 \u00a0583<br \/>\nLuis L\u00f3pez Fuentes<br \/>\nInterpretaci\u00f3n de obligaciones condicionales, el car\u00e1cter instrumental, la buena fe y el dominio del hecho\u00a0\u00a0 \u00a0\u00a0\u00a0 \u00a0605<br \/>\nMar\u00eda Magdalena Bustos D\u00edaz<br \/>\nCaducidad legal y convencional \u00bfEs posible establecer una caducidad convencional?\u00a0\u00a0 \u00a0\u00a0\u00a0 \u00a0619<br \/>\nPatricio Carvajal Ram\u00edrez<br \/>\nLa cl\u00e1usula \u201cel deudor se obliga en forma solidaria e indivisible\u201d. \u00bfBeneficia al acreedor?\u00a0\u00a0 \u00a0\u00a0\u00a0 \u00a0643<br \/>\nRodrigo Fuentes Gu\u00ed\u00f1ez<br \/>\nAcciones de perjuicios y la nulidad en el error en la persona y el dolo\u00a0\u00a0 \u00a0\u00a0\u00a0 \u00a0657<br \/>\nBetty Mart\u00ednez-C\u00e1rdenas<br \/>\n\u00bfLa venta celebrada por un falsus procurator es una venta de cosa ajena? \u00bfLa sanci\u00f3n es la nulidad absoluta o la inoponibilidad por falta de concurrencia?\u00a0\u00a0 \u00a0\u00a0\u00a0 \u00a0671<br \/>\nBruno Caprile Biermann<br \/>\nObligaciones irrestituibles in natura frente a la resoluci\u00f3n y nulidad\u00a0\u00a0 \u00a0\u00a0\u00a0 \u00a0711<br \/>\nFrancisco Flores Ulloa<br \/>\nLa ineficacia del contrato en el derecho contempor\u00e1neo: una propuesta de sistematizaci\u00f3n\u00a0\u00a0 \u00a0\u00a0\u00a0 \u00a0735<br \/>\nHugo A. C\u00e1rdenas Villarreal<br \/>\nReconsiderando las restituciones consecutivas a la nulidad del contrato\u00a0\u00a0 \u00a0\u00a0\u00a0 \u00a0747<br \/>\nPablo Letelier Cibie<br \/>\n\u00bfEs necesario que el inter\u00e9s en que se funda la acci\u00f3n de nulidad absoluta sea necesariamente patrimonial? La revisi\u00f3n por parte de la doctrina contempor\u00e1nea de la doctrina cl\u00e1sica\u00a0\u00a0 \u00a0\u00a0\u00a0 \u00a0761<br \/>\nRuperto Pinochet Olave<br \/>\nAlgunas notas sobre la inaplicabilidad del r\u00e9gimen de los vicios redhibitorios a las ventas de g\u00e9nero y el verdadero \u00e1mbito de utilidad de la doctrina del aliud pro alio\u00a0\u00a0 \u00a0\u00a0\u00a0 \u00a0777<br \/>\nSebasti\u00e1n Campos Micin<br \/>\nLa interpretaci\u00f3n de los contratos administrativos: \u00bfQu\u00e9 puede aportar el derecho civil?\u00a0\u00a0 \u00a0\u00a0\u00a0 \u00a0801<br \/>\nJorge Baraona Gonz\u00e1lez<br \/>\nInterpretaci\u00f3n, integraci\u00f3n y modificaci\u00f3n del contrato. La frontera difusa\u00a0\u00a0 \u00a0\u00a0\u00a0 \u00a0817<br \/>\nFrancisco Rubio Varas<br \/>\n\u00bfQu\u00e9 significa \u2018desistir(se)\u2019 en el derecho chileno de contratos? Para las bases de un sistema conceptual de la terminaci\u00f3n contractual\u00a0\u00a0 \u00a0\u00a0\u00a0 \u00a0833<br \/>\nGonzalo Severin Fuster<br \/>\nAlgunas consideraciones sobre la noci\u00f3n de \u201checho o causa sobreviniente\u201d en el derecho de contratos\u00a0\u00a0 \u00a0\u00a0\u00a0 \u00a0845<br \/>\nMar\u00eda Graciela Brantt Zumar\u00e1n<br \/>\nRevisi\u00f3n cr\u00edtica de los pactos de preferencia en el derecho chileno\u00a0\u00a0 \u00a0\u00a0\u00a0 \u00a0857<br \/>\nMauricio Tapia Rodr\u00edguez<br \/>\nContratos con precio abierto: \u00bfUna manifestaci\u00f3n de los contratos incompletos de acuerdo a la legislaci\u00f3n chilena?\u00a0\u00a0 \u00a0\u00a0\u00a0 \u00a0873<br \/>\nPamela Prado L\u00f3pez<br \/>\nLa amenaza de incumplir un contrato como un supuesto de debilidad contractual: configuraci\u00f3n, intereses en conflicto y consecuencias jur\u00eddicas desde el derecho chileno\u00a0\u00a0 \u00a0\u00a0\u00a0 \u00a0889<br \/>\nPatricia Ver\u00f3nica L\u00f3pez D\u00edaz<br \/>\nPol\u00edticas de sustentabilidad, contenido \u00e9tico del contrato y falta de conformidad\u00a0\u00a0 \u00a0\u00a0\u00a0 \u00a0909<br \/>\nRodrigo Momberg Uribe<br \/>\n\u00bfSon v\u00e1lidos los acuerdos preliminares o contratos preparatorios en que las partes se obligan a celebrar un contrato futuro, fuera del \u00e1mbito de la promesa?\u00a0\u00a0 \u00a0\u00a0\u00a0 \u00a0919<br \/>\nGonzalo Montory Barriga<br \/>\nLa terminaci\u00f3n por falta de pago de la renta de contratos de arrendamiento de predios urbanos. Aspectos sustantivos y procesales\u00a0\u00a0 \u00a0\u00a0\u00a0 \u00a0933<br \/>\nG\u00fcnther Besser Valenzuela<br \/>\nEl cese del arrendamiento fundado en la necesidad de realizar reparaciones a la cosa. Notas sobre el art\u00edculo 1966 del C\u00f3digo Civil\u00a0\u00a0 \u00a0\u00a0\u00a0 \u00a0945<br \/>\nAndr\u00e9s Erbetta Mattig<br \/>\nReparaciones locativas y necesarias en el contrato de arrendamiento: obligaci\u00f3n de efectuarlas, contribuci\u00f3n a la deuda y riesgos por incumplimiento\u00a0\u00a0 \u00a0\u00a0\u00a0 \u00a0971<br \/>\nJuan Ignacio Contardo Gonz\u00e1lez<br \/>\nLa distribuci\u00f3n de los costos entre las partes y caso fortuito. Una reelectura del art\u00edculo 2003 n\u00ba 2 del C\u00f3digo Civil\u00a0\u00a0 \u00a0\u00a0\u00a0 \u00a0983<br \/>\n\u00c1lvaro Vidal Olivares<br \/>\nHacia una desformalizaci\u00f3n de la igualdad \/ desigualdad en el C\u00f3digo Civil y la Ley N\u00ba 19.496\u00a0\u00a0 \u00a0\u00a0\u00a0 \u00a0995<br \/>\nI\u00f1igo de la Maza Gazmuri<br \/>\nContratos de construcci\u00f3n y subcontrataci\u00f3n. Una nueva mirada a la figura a la luz del art\u00edculo 22 de la Ley de Concesiones chilena\u00a0\u00a0 \u00a0\u00a0\u00a0 \u00a01017<br \/>\nLaura Albornoz Pollmann<br \/>\nSobre el otorgamiento de fianzas en contextos de personas relacionadas\u00a0\u00a0 \u00a0\u00a0\u00a0 \u00a01035<br \/>\nRenzo Munita Marambio<br \/>\nCUARTA PARTE<br \/>\nRESPONSABILIDAD CIVIL<br \/>\nBases para una acci\u00f3n general de restituci\u00f3n de ganancias il\u00edcitas en el derecho chileno\u00a0\u00a0 \u00a0\u00a0\u00a0 \u00a01053<br \/>\nAlberto Pino Emhart<br \/>\nAcciones restitutorias e indemnizatorias en situaciones extracontractuales de intromisi\u00f3n en derecho ajeno: \u00bfalternativas o acumulativas? Consecuencias pr\u00e1cticas\u00a0\u00a0 \u00a0\u00a0\u00a0 \u00a01063<br \/>\nCarlos C\u00e9spedes Mu\u00f1oz<br \/>\nLa culpa lucrativa en el Derecho Civil chileno\u00a0\u00a0 \u00a0\u00a0\u00a0 \u00a01075<br \/>\nCarlos Pizarro Wilson<\/p>\n<p>\u00bfPuede la persona jur\u00eddica condenada penalmente pedir una indemnizaci\u00f3n a la persona natural?\u00a0\u00a0 \u00a0\u00a0\u00a0 \u00a01087<br \/>\nCarlos Troncoso Durandeau<br \/>\nLas categor\u00edas de da\u00f1os indemnizables por ruptura de negociaciones: or\u00edgenes y aplicaci\u00f3n en el derecho chileno\u00a0\u00a0 \u00a0\u00a0\u00a0 \u00a01103<br \/>\nIsabel Margarita Zuloaga R\u00edos<br \/>\nUna aproximaci\u00f3n a la noci\u00f3n de da\u00f1o colectivo en el derecho chileno\u00a0\u00a0 \u00a0\u00a0\u00a0 \u00a01131<br \/>\nPamela Mendoza Alonzo<br \/>\nLas particularidades del consentimiento informado en la telemedicina\u00a0\u00a0 \u00a0\u00a0\u00a0 \u00a01147<br \/>\nCarmen Dom\u00ednguez Hidalgo<br \/>\nLa p\u00e9rdida de chance de curaci\u00f3n o sobrevida, a prop\u00f3sito de la obligaci\u00f3n de prestaci\u00f3n m\u00e9dica\u00a0\u00a0 \u00a0\u00a0\u00a0 \u00a01165<br \/>\nIsabel Wigg Sotomayor<br \/>\n\u00bfEs posible construir la noci\u00f3n de consumidor diligente o razonable frente al deber de informaci\u00f3n en las relaciones de consumo?\u00a0\u00a0 \u00a0\u00a0\u00a0 \u00a01187<br \/>\nDavid Cuba Abarca<br \/>\nLas funciones de la acci\u00f3n indemnizatoria reconocida a prop\u00f3sito de la garant\u00eda legal: m\u00e1s all\u00e1 del id quod interest\u00a0\u00a0 \u00a0\u00a0\u00a0 \u00a01201<br \/>\nErika Isler Soto<br \/>\nIndemnizaci\u00f3n extracompensatoria de los da\u00f1os colectivos causados a los consumidores por la colusi\u00f3n\u00a0\u00a0 \u00a0\u00a0\u00a0 \u00a01219<br \/>\nGabriel Hern\u00e1ndez Paulsen<br \/>\nNotas cr\u00edticas en torno a la causal de exoneraci\u00f3n de responsabilidad civil en la Ley N\u00ba 21.020, sobre tenencia responsable de mascotas o animales de compa\u00f1\u00eda\u00a0\u00a0 \u00a0\u00a0\u00a0 \u00a01229<br \/>\nEmilio Jos\u00e9 B\u00e9car Labra\u00f1a<br \/>\nLa culpa organizacional y an\u00f3nima como mecanismos paliativos de incerteza causal ante da\u00f1os ocasionados por el uso de sistemas inteligentes en Chile\u00a0\u00a0 \u00a0\u00a0\u00a0 \u00a01251<br \/>\nFelipe Javier Diez Ringele<br \/>\nLa funci\u00f3n como criterio delimitador de la responsabilidad del empleador por el hecho del empleado\u00a0\u00a0 \u00a0\u00a0\u00a0 \u00a01277<br \/>\nLilian C. San Mart\u00edn Neira<br \/>\nNotas sobre la responsabilidad civil del abogado\u00a0\u00a0 \u00a0\u00a0\u00a0 \u00a01301<br \/>\nRam\u00f3n Dom\u00ednguez \u00c1guila<br \/>\nLa responsabilidad civil de los jueces resultante del ejercicio de sus funciones ministeriales\u00a0\u00a0 \u00a0\u00a0\u00a0 \u00a01319<br \/>\nJos\u00e9 Luis Diez Schwerter<\/p>\n","protected":false},"excerpt":{"rendered":"<p>Manuel Barr\u00eda Paredes &#8211; octubre a\u00f1o 2025 &#8211; 1.342 P\u00e1ginas \/ \u00a0<span class=\"autor\">Manuel Barr\u00eda Paredes<\/span>\u00a0 * <span class=\"autor\">Ram\u00f3n Dom\u00ednguez \u00c1guila<\/span> * <span class=\"autor\">Daniel Pe\u00f1ailillo Ar\u00e9valo.<\/span><\/p>\n<p>Buscas un libro Jur\u00eddico.? Lo puedes encontrar en nuestra tienda virtual.<br \/>\nContamos con prestigiosos autores y muchas alternativas en sus diferentes materias al igual que grandes descuentos.! Vis\u00edtanos en <a class=\"ZBukWCSCbFNBzQTrJtSWRMSoGooCqIrpoavA \" tabindex=\"0\" href=\"https:\/\/lnkd.in\/eiAG7jdZ\" target=\"_blank\" rel=\"noopener\" data-test-app-aware-link=\"\">https:\/\/lnkd.in\/eiAG7jdZ<\/a><br \/>\nEscr\u00edbenos al +56930565235 \/ <a class=\"ZBukWCSCbFNBzQTrJtSWRMSoGooCqIrpoavA \" tabindex=\"0\" href=\"mailto:ventaslegallexglobal@gmail.com\" target=\"_self\" data-test-app-aware-link=\"\">ventaslegallexglobal@gmail.com<\/a><br \/>\nHacemos env\u00edos a todo Chile \u2013 Starken o Correos Chile \/ Te esperamos.<\/p>\n","protected":false},"featured_media":2505,"comment_status":"open","ping_status":"closed","template":"","meta":{"inline_featured_image":false,"_joinchat":[]},"product_brand":[],"product_cat":[27,26],"product_tag":[],"class_list":{"0":"post-2475","1":"product","2":"type-product","3":"status-publish","4":"has-post-thumbnail","6":"product_cat-civil","7":"product_cat-derecho","9":"first","10":"instock","11":"shipping-taxable","12":"purchasable","13":"product-type-simple"},"_links":{"self":[{"href":"https:\/\/bibliotecajuridicavirtual.cl\/index.php\/wp-json\/wp\/v2\/product\/2475","targetHints":{"allow":["GET"]}}],"collection":[{"href":"https:\/\/bibliotecajuridicavirtual.cl\/index.php\/wp-json\/wp\/v2\/product"}],"about":[{"href":"https:\/\/bibliotecajuridicavirtual.cl\/index.php\/wp-json\/wp\/v2\/types\/product"}],"replies":[{"embeddable":true,"href":"https:\/\/bibliotecajuridicavirtual.cl\/index.php\/wp-json\/wp\/v2\/comments?post=2475"}],"wp:featuredmedia":[{"embeddable":true,"href":"https:\/\/bibliotecajuridicavirtual.cl\/index.php\/wp-json\/wp\/v2\/media\/2505"}],"wp:attachment":[{"href":"https:\/\/bibliotecajuridicavirtual.cl\/index.php\/wp-json\/wp\/v2\/media?parent=2475"}],"wp:term":[{"taxonomy":"product_brand","embeddable":true,"href":"https:\/\/bibliotecajuridicavirtual.cl\/index.php\/wp-json\/wp\/v2\/product_brand?post=2475"},{"taxonomy":"product_cat","embeddable":true,"href":"https:\/\/bibliotecajuridicavirtual.cl\/index.php\/wp-json\/wp\/v2\/product_cat?post=2475"},{"taxonomy":"product_tag","embeddable":true,"href":"https:\/\/bibliotecajuridicavirtual.cl\/index.php\/wp-json\/wp\/v2\/product_tag?post=2475"}],"curies":[{"name":"wp","href":"https:\/\/api.w.org\/{rel}","templated":true}]}}