{"id":2479,"date":"2026-02-28T01:01:53","date_gmt":"2026-02-28T04:01:53","guid":{"rendered":"https:\/\/bibliotecajuridicavirtual.cl\/?post_type=product&#038;p=2479"},"modified":"2026-02-28T01:02:06","modified_gmt":"2026-02-28T04:02:06","slug":"recursos-procesales-civiles-doctrina-y-jurisprudencia-ivan-hunter-ampuero-edinson-lara-aguayo-enero-ano-2022-496-paginas","status":"publish","type":"product","link":"https:\/\/bibliotecajuridicavirtual.cl\/index.php\/product\/recursos-procesales-civiles-doctrina-y-jurisprudencia-ivan-hunter-ampuero-edinson-lara-aguayo-enero-ano-2022-496-paginas\/","title":{"rendered":"Recursos Procesales Civiles &#8211; Doctrina y Jurisprudencia * Iv\u00e1n Hunter Ampuero &#8211; Edinson Lara Aguayo &#8211; enero a\u00f1o 2022 * 496 P\u00e1ginas"},"content":{"rendered":"<p style=\"font-weight: 400;\">El presente texto constituye un esfuerzo acad\u00e9mico cuyo objetivo es servir de base para el aprendizaje y aplicaci\u00f3n de los recursos procesales civiles, entendidos en su sentido m\u00e1s cl\u00e1sico, esto es, como mecanismos de reacci\u00f3n puestos a favor de los litigantes para impugnar una resoluci\u00f3n judicial que les cause un agravio.<\/p>\n<p style=\"font-weight: 400;\">Sin renunciar a los prop\u00f3sitos de la academia, este manual realiza una lectura moderna de las instituciones procesales vigentes, utilizando, adem\u00e1s, un lenguaje claro y sencillo, sin limitarse a repetir y parafrasear las normas legales.<\/p>\n<p style=\"font-weight: 400;\">La metodolog\u00eda usada para su elaboraci\u00f3n consiste en un an\u00e1lisis que incorpora los criterios y est\u00e1ndares jurisprudenciales, en un di\u00e1logo con la doctrina m\u00e1s relevante, especialmente en los problemas interpretativos y de aplicaci\u00f3n de las normas que regulan los recursos procesales. De esta forma, sus autores buscan se\u00f1alar al lector aquellas coordenadas jur\u00eddicas en las que se desarrollan las controversias acerca del alcance de las normas que tipifican causales de casaci\u00f3n o regulan su procedencia, realizando una novedosa contribuci\u00f3n al quehacer judicial, acad\u00e9mico y profesional.<\/p>\n<p style=\"font-weight: 400;\"><b><strong>CAP\u00cdTULO I<\/strong><\/b><br \/>\n<b><strong>TEOR\u00cdA GENERAL DE LOS RECURSOS PROCESALES<\/strong><\/b><\/p>\n<p>1. Concepto de recurso procesal<\/p>\n<p>2. La falibilidad humana como fundamento de los recursos procesales<\/p>\n<p>3. Enumeraci\u00f3n de los recursos en nuestro derecho<\/p>\n<p>4. Clasificaci\u00f3n de los recursos<br \/>\n4.1. Atendido a su \u00e1mbito de procedencia<br \/>\n4.2. Atendido el tribunal que conoce de ellos<br \/>\n4.3. Atendido su objeto<\/p>\n<p>5. Caracter\u00edsticas de los recursos<br \/>\n5.1. Tribunal ante quien se interpone y qui\u00e9n conoce<br \/>\n5.2. Principio dispositivo y recursos procesales<br \/>\n5.3. Partes y plazos<\/p>\n<p>6. Elementos de los recursos<br \/>\n6.1. El agravio hacia un concepto amplio de agravio<br \/>\n6.2. Fundamentaci\u00f3n de los recursos procesales como carga procesal<br \/>\n6.3. Partes en los recursos procesales<\/p>\n<p>7. Fundamento constitucional de los recursos procesales<br \/>\n7.1. El derecho al recurso<br \/>\n7.2. \u00bfEs la doble instancia un derecho constitucional en materia civil?<br \/>\n7.3. Consecuencias del car\u00e1cter constitucional del derecho al recurso procesal<\/p>\n<p>8. Procedencia, admisibilidad y prosperabilidad de los recursos procesales<\/p>\n<p>9. Normas comunes a todos los recursos procesales<br \/>\n9.1. Regulaci\u00f3n<br \/>\n9.2. Deben interponerse por escrito<br \/>\n9.3. Deben ser presentados por persona con ius postulandi<br \/>\n9.4. Renuncia a un recurso requiere facultad especial<br \/>\n9.5. Deben ser fundamentados y contener peticiones concretas<br \/>\n9.6. Plazos de interposici\u00f3n de los recursos<\/p>\n<p><b><strong>CAP\u00cdTULO II<\/strong><\/b><br \/>\n<b><strong>RECURSO DE ACLARACI\u00d3N O INTERPRETACI\u00d3N Y DE RECTIFICACI\u00d3N O ENMIENDA<\/strong><\/b><\/p>\n<p>1. Introducci\u00f3n<\/p>\n<ol start=\"2\">\n<li style=\"font-weight: 400;\">Desistimiento<\/li>\n<li style=\"font-weight: 400;\">Requisitos<\/li>\n<li style=\"font-weight: 400;\">Excepciones al principio de desasimiento del tribunal<\/li>\n<li style=\"font-weight: 400;\">Regulaci\u00f3n del recurso de aclaraci\u00f3n o interpretaci\u00f3n, rectificaci\u00f3n o enmienda. Concepto y finalidades<br \/>\n5.1. Regulaci\u00f3n<br \/>\n5.2. Concepto<br \/>\n5.3. Finalidades<\/li>\n<li style=\"font-weight: 400;\">Resoluciones respecto de las cuales procede<br \/>\n6.1. Sentencias definitivas e interlocutorias<br \/>\n6.2. No procede respecto de autos o decretos<\/li>\n<li style=\"font-weight: 400;\">\u00bfEs la aclaraci\u00f3n o interpretaci\u00f3n, rectificaci\u00f3n o enmienda un recurso procesal?<br \/>\n7.1. Consideraciones para fundar la tesis de que no es un recurso<br \/>\n7.2. Consideraciones para fundar la tesis de que es una acci\u00f3n<\/li>\n<li style=\"font-weight: 400;\">Titularidad, iniciativa y oportunidad<br \/>\n8.1. A petici\u00f3n de parte. Las partes no tienen plazo para su interposici\u00f3n<br \/>\n8.2. De oficio por el tribunal<\/li>\n<li style=\"font-weight: 400;\">Necesidad de dictar una sentencia complementaria o rectificatoria y su notificaci\u00f3n<\/li>\n<li style=\"font-weight: 400;\">Tribunal ante el cual se interpone<\/li>\n<li style=\"font-weight: 400;\">Tramitaci\u00f3n y efectos<br \/>\n11.1. Tramitaci\u00f3n: de plano o incidental<br \/>\n11.2. Efectos<br \/>\nA) No se suspende el t\u00e9rmino para apelar<br \/>\nB) \u00bfLa interposici\u00f3n de la acci\u00f3n suspende o no los tr\u00e1mites del juicio o la ejecuci\u00f3n o cumplimiento de la sentencia?<\/li>\n<li style=\"font-weight: 400;\">Recursos que proceden contra la resoluci\u00f3n que se pronuncia sobre la aclaraci\u00f3n, rectificaci\u00f3n o enmienda<\/li>\n<li style=\"font-weight: 400;\">El recurso de aclaraci\u00f3n, rectificaci\u00f3n o enmienda en otros procedimientos<br \/>\n13.1. En la Ley N\u00b017.336 de Propiedad Intelectual<br \/>\n13.2. En el C\u00f3digo Tributario<br \/>\n13.3. En la Ley de Propiedad Industrial<br \/>\n13.4. Ausencia de regulaci\u00f3n en la Ley N\u00b018.287 sobre procedimientos ante los Juzgados de Polic\u00eda Local<\/p>\n<p><b><strong>CAP\u00cdTULO III<\/strong><\/b><br \/>\n<b><strong>EL RECURSO DE REPOSICI\u00d3N<\/strong><\/b><\/p>\n<p>1. Regulaci\u00f3n, concepto y caracter\u00edsticas<br \/>\n1.1. Regulaci\u00f3n<br \/>\n1.2. Concepto y fundamentaci\u00f3n<br \/>\n1.3. Caracter\u00edsticas<\/li>\n<li style=\"font-weight: 400;\">Clasificaci\u00f3n o tipolog\u00eda del recurso de reposici\u00f3n<\/li>\n<li style=\"font-weight: 400;\">Resoluciones respecto de las cuales procede<\/li>\n<li style=\"font-weight: 400;\">Legitimaci\u00f3n y oportunidad para interponer el recurso<br \/>\n4.1. Legitimaci\u00f3n<br \/>\n4.2. Oportunidad<br \/>\n4.3. Tramitaci\u00f3n<br \/>\n4.4. Efectos<br \/>\n4.5. Fallo del recurso de reposici\u00f3n y recursos que proceden en su contra<br \/>\n4.6. Procedencia o improcedencia del recurso de reposici\u00f3n en contra de algunas resoluciones judiciales en la jurisprudencia<br \/>\n4.7. El recurso de reposici\u00f3n en otros procedimientos<\/p>\n<p><b><strong>CAP\u00cdTULO IV<\/strong><\/b><br \/>\n<b><strong>EL RECURSO DE APELACI\u00d3N<\/strong><\/b><\/p>\n<p>1. Concepto y fundamentos<br \/>\n1.1. Concepto<br \/>\n1.2. Fundamentos<\/li>\n<li style=\"font-weight: 400;\">Apelaci\u00f3n y configuraci\u00f3n de la segunda instancia civil<\/li>\n<li style=\"font-weight: 400;\">Caracter\u00edsticas del recurso de apelaci\u00f3n<\/li>\n<li style=\"font-weight: 400;\">Objeto de la apelaci\u00f3n<\/li>\n<li style=\"font-weight: 400;\">Resoluciones judiciales apelables<br \/>\n5.1. Regla general: sentencias definitivas e interlocutorias<\/li>\n<li style=\"font-weight: 400;\">Resoluciones judiciales inapelables<\/li>\n<li style=\"font-weight: 400;\">Causal que autoriza la interposici\u00f3n del recurso<\/li>\n<li style=\"font-weight: 400;\">Legitimaci\u00f3n para apelar<\/li>\n<li style=\"font-weight: 400;\">Plazo para interponer el recurso de apelaci\u00f3n<\/li>\n<li style=\"font-weight: 400;\">Forma de interponer el recurso de apelaci\u00f3n<\/li>\n<li style=\"font-weight: 400;\">Requisitos o presupuestos formales del recurso de apelaci\u00f3n<br \/>\n11.1. Requisitos de las peticiones concretas del recurso de apelaci\u00f3n: \u00bfc\u00f3mo se concretan en el escrito de apelaci\u00f3n las peticiones concretas?<br \/>\n11.2. L\u00edmites de las peticiones concretas<br \/>\n11.3. Excepciones a las exigencias de formular peticiones concretas y de fundamentaci\u00f3n del recurso de apelaci\u00f3n<br \/>\n11.4. Sanci\u00f3n a la falta de fundamentaci\u00f3n y de peticiones concretas<\/li>\n<li style=\"font-weight: 400;\">Efectos del recurso de apelaci\u00f3n<br \/>\n12.1. Planteamiento<br \/>\n12.2. El efecto devolutivo<br \/>\n12.3. El efecto suspensivo<br \/>\n12.4. Formas de conceder el recurso de apelaci\u00f3n<br \/>\nA) En ambos efectos<br \/>\nB) En el solo efecto devolutivo<br \/>\nC) La orden de no innovar en las apelaciones concedidas en el solo efecto devolutivo<\/li>\n<li style=\"font-weight: 400;\">La orden de no innovar (ONI)<br \/>\n13.1. Concepto<br \/>\n13.2. Ante qu\u00e9 tribunal se presenta la solicitud de orden de no innovar<br \/>\n13.3. Naturaleza jur\u00eddica de la orden de no innovar<br \/>\n13.4. Tipolog\u00eda de la orden de no innovar<br \/>\n13.5. Requisitos de procedencia de la orden de no innovar<br \/>\n13.6. Oportunidad para solicitar la orden de no innovar ante el tribunal de alzada<br \/>\n13.7. Efectos de la orden de no innovar en relaci\u00f3n con la resoluci\u00f3n recurrida<br \/>\n13.8. Efectos que provoca la resoluci\u00f3n que recae sobre la orden de no innovar en relaci\u00f3n con el recurso de apelaci\u00f3n<br \/>\n13.9. La orden de no innovar en otros procedimientos<\/p>\n<p>14. Acumulaci\u00f3n de recursos de apelaciones<\/p>\n<p>15. De la tramitaci\u00f3n del recurso de apelaci\u00f3n<br \/>\n15.1. Tramitaci\u00f3n del recurso en primera instancia<br \/>\n15.2. Tramitaci\u00f3n del recurso en segunda instancia<br \/>\nA) Ingreso del expediente y certificado del secretario del tribunal superior<br \/>\nB) Examen de admisibilidad por el tribunal de apelaci\u00f3n<br \/>\n15.3. Notificaciones en segunda instancia<\/p>\n<p>16. Forma en que las cortes de apelaciones conocen del recurso de apelaci\u00f3n<br \/>\n16.1. La tramitaci\u00f3n del recurso en cuenta<br \/>\n16.2. Tramitaci\u00f3n del recurso de apelaci\u00f3n<br \/>\n16.3. La vista de la causa y los diversos tr\u00e1mites que la constituyen<br \/>\nA) Concepto<br \/>\nB) Primera resoluci\u00f3n: decreto de \u201cautos en relaci\u00f3n\u201d y su notificaci\u00f3n<br \/>\nC) Notificaci\u00f3n decreto autos en relaci\u00f3n<br \/>\nD) Fijaci\u00f3n o colocaci\u00f3n de la causa en tabla<br \/>\na. \u00bfQui\u00e9n debe hacer las tablas seg\u00fan la ley?<br \/>\nb. Publicaci\u00f3n de la o las tablas<br \/>\nE) Instalaci\u00f3n del tribunal<br \/>\n16.4. La vista de la causa propiamente tal: anuncio, relaci\u00f3n y alegatos<br \/>\nA) Anuncio<br \/>\nB) La relaci\u00f3n<br \/>\nC) Alegatos<br \/>\na. Procedimiento<br \/>\nb. Sanci\u00f3n a la falta de alegatos anunciados<br \/>\n16.5. T\u00e9rmino de la vista de la causa. Dictaci\u00f3n de la sentencia definitiva de segunda instancia: resoluci\u00f3n inmediata o bien la causa queda en acuerdo<br \/>\nA) Planteamiento<br \/>\nB) Medidas para mejor resolver<br \/>\nC) Oportunidad<br \/>\nD) Caracter\u00edsticas de las medidas para mejor resolver en segunda instancia<br \/>\n16.6. Motivos que autorizan la suspensi\u00f3n de la vista de la causa<br \/>\nA) Causales del art\u00edculo 165 del CPC<br \/>\nB) Recusaci\u00f3n sin expresi\u00f3n de causa a los abogados integrantes como causal de suspensi\u00f3n de la vista de la causa. Implicancias y recusaciones fundadas<\/p>\n<p>17. Del recurso de apelaci\u00f3n en otras normas legales<br \/>\n17.1. El recurso de apelaci\u00f3n en los juicios de arrendamiento de predios urbanos<br \/>\n17.2. El recurso de apelaci\u00f3n en las causas laborales<br \/>\n17.3. Recurso de apelaci\u00f3n en las causas de polic\u00eda local<br \/>\n17.4. El recurso de apelaci\u00f3n en el C\u00f3digo Tributario<br \/>\n17.5. El recurso de apelaci\u00f3n en el nuevo procedimiento procesal penal<br \/>\nA) Resoluciones apelables<br \/>\nB) Facultad de recurrir<br \/>\nC) Formalidades del escrito de apelaci\u00f3n<br \/>\nD) Plazo para apelar<br \/>\nE) Caracter\u00edsticas del plazo para apelar<br \/>\nF) Efectos en que se concede el recurso de apelaci\u00f3n<br \/>\nG) Resoluciones inapelables<br \/>\n17.6. El recurso de apelaci\u00f3n en las reclamaciones de la Ley N\u00b019.039 sobre Propiedad Industrial, modificada por la Ley N\u00b019.996 de 11 de marzo de 2005<br \/>\nA) Composici\u00f3n del Tribunal Arbitral de Propiedad Industrial<br \/>\n17.7. El recurso de apelaci\u00f3n en la Ley N\u00b020.600, de 18 de junio de 2012, publicada el 28 de junio de 2012, y que cre\u00f3 los tribunales ambientales<br \/>\n17.8. El recurso de apelaci\u00f3n en la Ley de Insolvencia y Reemprendimiento (Ley N\u00b020.720)<br \/>\n17.9. El recurso de apelaci\u00f3n en el procedimiento sumario<br \/>\nA) Efectos en que se concede el recurso de apelaci\u00f3n<br \/>\nB) Tramitaci\u00f3n<br \/>\nc) Competencia del tribunal de alzada<br \/>\n17.10. El recurso de apelaci\u00f3n en los juicios de menor cuant\u00eda<br \/>\nA) Efecto diferido de la generalidad de las apelaciones interpuestas en el curso del procedimiento<br \/>\nB) Excepci\u00f3n al r\u00e9gimen de apelaci\u00f3n diferida incidental<br \/>\nC) Tramitaci\u00f3n de la apelaci\u00f3n de la sentencia definitiva en segunda instancia<br \/>\nD) \u00bfC\u00f3mo se tramita el recurso de apelaci\u00f3n respecto de la sentencia definitiva en segunda instancia?<\/p>\n<p>18. Adhesi\u00f3n a la apelaci\u00f3n o apelaci\u00f3n adhesiva<br \/>\n18.1. Concepto legal<br \/>\n18.2. Precisiones terminol\u00f3gicas<br \/>\n18.3. Finalidad de la adhesi\u00f3n a la apelaci\u00f3n<br \/>\n18.4. Requisitos de la adhesi\u00f3n a la apelaci\u00f3n<br \/>\nA) Apelaci\u00f3n previa<br \/>\nB) La sentencia recurrida de primer grado causa agravios a la parte apelada<br \/>\nC) Es necesario que la apelaci\u00f3n adhesiva se formalice en tiempo (oportunamente) y forma ante el tribunal ad quem<br \/>\n18.5. Forma de la apelaci\u00f3n adhesiva<br \/>\n18.6. \u00bfQui\u00e9n est\u00e1 legitimado para adherir a la apelaci\u00f3n?<br \/>\n18.7. Naturaleza jur\u00eddica<br \/>\n18.8. Efectos de la adhesi\u00f3n a la apelaci\u00f3n<\/p>\n<p>19. La prueba en segunda instancia en el recurso de apelaci\u00f3n<br \/>\n19.1. Por regla general no se admite prueba alguna<br \/>\n19.2. Excepciones<br \/>\n19.3. Los informes en derecho en segunda instancia<\/p>\n<p>20. Los incidentes en segunda instancia<\/p>\n<p>21. Extinci\u00f3n del recurso de apelaci\u00f3n<br \/>\n21.1. Medio directo, natural u ordinario: la sentencia definitiva de segunda instancia<br \/>\nA) Tipolog\u00eda de las sentencias<br \/>\na. Sentencia confirmatoria<br \/>\nb. Sentencias modificatorias o revocatorias<br \/>\nB) Causa en estado de fallo<br \/>\nC) Las costas en la sentencia de segunda instancia<br \/>\n21.2. Medios indirectos de poner t\u00e9rmino a la apelaci\u00f3n: desistimiento y la declaraci\u00f3n de inadmisibilidad del recurso de apelaci\u00f3n<br \/>\nA) El desistimiento<br \/>\na. Concepto<br \/>\nb. Procedencia<br \/>\nc. Efectos del desistimiento<br \/>\nB) Inadmisibilidad del recurso de apelaci\u00f3n<br \/>\nC) A modo de conclusi\u00f3n<br \/>\n21.3. \u00bfNecesidad de hacerse parte en los procesos iniciados con anterioridad a la aplicaci\u00f3n de la Ley de Tramitaci\u00f3n Electr\u00f3nica N\u00b020.886?<\/p>\n<p><b><strong>CAP\u00cdTULO V<\/strong><\/b><br \/>\n<b><strong>EL RECURSO DE HECHO<\/strong><\/b><\/p>\n<p>1. Concepto<\/p>\n<p>2. Fundamento<\/p>\n<p>3. Causales de procedencia del recurso de hecho (Arts. 196 y 203 del CPC)<\/p>\n<p>4. Caracter\u00edsticas<\/p>\n<p>5. Tipolog\u00eda o clasificaci\u00f3n del recurso de hecho<br \/>\n5.1. El verdadero recurso de hecho (o recurso de hecho leg\u00edtimo o recurso de hecho propiamente tal)<br \/>\n5.2. Falso recurso de hecho<\/p>\n<p>6. Verdadero recurso de hecho<br \/>\n6.1. Causal de procedencia<br \/>\n6.2. Caracter\u00edsticas<br \/>\n6.3. Tramitaci\u00f3n<br \/>\n6.4. Orden de no innovar<br \/>\n6.5. Jurisprudencia sobre el verdadero recurso de hecho<br \/>\n6.6. Fallo del verdadero recurso de hecho<br \/>\nA) Se acoge<br \/>\nB) Se rechaza<\/p>\n<p>7. Falso recurso de hecho<br \/>\n7.1. Causales de procedencia<br \/>\n7.2. Tramitaci\u00f3n<br \/>\n7.3. Fallo del falso recurso de hecho<br \/>\nA) Se acoge<br \/>\nB) Se rechaza<\/p>\n<p>8. An\u00e1lisis comparativo entre el falso y el verdadero recurso de hecho<\/p>\n<p>9. El recurso de hecho en otros procedimientos legales<br \/>\n9.1. El recurso de hecho en materia del procedimiento procesal penal<br \/>\n9.2. Recurso de hecho en el C\u00f3digo del Trabajo<br \/>\n9.3. El recurso de hecho en el C\u00f3digo Tributario<br \/>\n9.4. El recurso de hecho en las reclamaciones reguladas por la Ley N\u00b019.039 de Propiedad Industrial<br \/>\n9.5. E la ley N\u00b018.101 de Arrendamiento de Predios Urbanos y Ley N\u00b018.287 de Procedimientos ante los Juzgados de Polic\u00eda Local<\/li>\n<\/ol>\n<p style=\"font-weight: 400;\"><b><strong>CAP\u00cdTULO VI<\/strong><\/b><br \/>\n<b><strong>EL RECURSO DE CASACI\u00d3N EN LA FORMA<\/strong><\/b><\/p>\n<p>1. Concepto<br \/>\n2. Fundamento<br \/>\n3. Caracter\u00edsticas<br \/>\n4. Resoluciones contra las que procede<br \/>\n5. Plazo para interponer el recurso e interposici\u00f3n conjunta<br \/>\n6. Por qui\u00e9n y ante qui\u00e9n se interpone<br \/>\n7. El agravio en el recurso de casaci\u00f3n<br \/>\n8. Requisitos del escrito de interposici\u00f3n<br \/>\n9. Preparaci\u00f3n del recurso de casaci\u00f3n en la forma<br \/>\n10. Tramitaci\u00f3n del recurso<br \/>\n11. Causales del recurso de casaci\u00f3n en la forma<\/p>\n<p><b><strong>CAP\u00cdTULO VII<\/strong><\/b><br \/>\n<b><strong>RECURSO DE CASACI\u00d3N EN EL FONDO<\/strong><\/b><\/p>\n<p>1. Definici\u00f3n y regulaci\u00f3n<br \/>\n2. Caracter\u00edsticas del recurso<br \/>\n3. Resoluciones en contra de las cuales procede (Art. 767 del CPC)<br \/>\n4. Causal que autoriza la interposici\u00f3n del recurso<br \/>\n5. La influencia en lo dispositivo de la sentencia<br \/>\n6. \u00bfQu\u00e9 clase de leyes deben infringirse para que sea procedente el recurso de casaci\u00f3n?<br \/>\n7. \u00bfEs posible modificar los hechos a trav\u00e9s del recurso de casaci\u00f3n?<br \/>\n8. Casaci\u00f3n en el fondo y valoraci\u00f3n conforme a la sana cr\u00edtica<br \/>\n9. Alegaciones jur\u00eddicas nuevas y recurso de casaci\u00f3n<br \/>\n10. Interposici\u00f3n del recurso<br \/>\n11. Tramitaci\u00f3n del recurso<br \/>\n12. La prueba en el recurso de casaci\u00f3n en el fondo<br \/>\n13. Fallo del recurso<br \/>\n14. Casaci\u00f3n en el fondo de oficio<\/p>\n<p><b><strong>CAP\u00cdTULO VIII<\/strong><\/b><br \/>\n<b><strong>RECURSO DE QUEJA<\/strong><\/b><\/p>\n<p>1. Regulaci\u00f3n<br \/>\n2. Concepto<br \/>\n3. Resoluciones susceptibles del recurso de queja<br \/>\n4. Causal que autoriza la interposici\u00f3n del recurso<br \/>\n5. \u00bfQui\u00e9n puede recurrir de queja?<br \/>\n6. Poderes oficiosos de la Corte Suprema en el recurso de queja<br \/>\n7. Interposici\u00f3n del recurso<br \/>\n8. Tramitaci\u00f3n del recurso de queja<br \/>\n9. Resoluci\u00f3n del recurso de queja<br \/>\n10. Situaci\u00f3n especial del recurso de queja respecto de los \u00e1rbitros arbitradores<\/p>\n","protected":false},"excerpt":{"rendered":"<p>Buscas un libro Jur\u00eddico.? Lo puedes encontrar en nuestra tienda virtual.<br \/>\nContamos con prestigiosos autores y muchas alternativas en sus diferentes materias al igual que grandes descuentos.! Vis\u00edtanos en <a class=\"FhxWjdFMIPfyCADKrGXRuHXdVCfhUhSEbIfWI \" tabindex=\"0\" href=\"https:\/\/lnkd.in\/eiAG7jdZ\" target=\"_blank\" rel=\"noopener\" data-test-app-aware-link=\"\">https:\/\/lnkd.in\/eiAG7jdZ<\/a><br \/>\nEscr\u00edbenos al +56930565235 \/ <a class=\"FhxWjdFMIPfyCADKrGXRuHXdVCfhUhSEbIfWI \" tabindex=\"0\" href=\"mailto:ventaslegallexglobal@gmail.com\" target=\"_self\" data-test-app-aware-link=\"\">ventaslegallexglobal@gmail.com<\/a><br \/>\nHacemos env\u00edos a todo Chile \u2013 Starken o Correos Chile \/ Te esperamos.<\/p>\n","protected":false},"featured_media":2509,"comment_status":"open","ping_status":"closed","template":"","meta":{"inline_featured_image":false,"_joinchat":[]},"product_brand":[],"product_cat":[26,50,39],"product_tag":[],"class_list":{"0":"post-2479","1":"product","2":"type-product","3":"status-publish","4":"has-post-thumbnail","6":"product_cat-derecho","7":"product_cat-procedimientos-civiles","8":"product_cat-procesal-civil","10":"first","11":"instock","12":"shipping-taxable","13":"purchasable","14":"product-type-simple"},"_links":{"self":[{"href":"https:\/\/bibliotecajuridicavirtual.cl\/index.php\/wp-json\/wp\/v2\/product\/2479","targetHints":{"allow":["GET"]}}],"collection":[{"href":"https:\/\/bibliotecajuridicavirtual.cl\/index.php\/wp-json\/wp\/v2\/product"}],"about":[{"href":"https:\/\/bibliotecajuridicavirtual.cl\/index.php\/wp-json\/wp\/v2\/types\/product"}],"replies":[{"embeddable":true,"href":"https:\/\/bibliotecajuridicavirtual.cl\/index.php\/wp-json\/wp\/v2\/comments?post=2479"}],"wp:featuredmedia":[{"embeddable":true,"href":"https:\/\/bibliotecajuridicavirtual.cl\/index.php\/wp-json\/wp\/v2\/media\/2509"}],"wp:attachment":[{"href":"https:\/\/bibliotecajuridicavirtual.cl\/index.php\/wp-json\/wp\/v2\/media?parent=2479"}],"wp:term":[{"taxonomy":"product_brand","embeddable":true,"href":"https:\/\/bibliotecajuridicavirtual.cl\/index.php\/wp-json\/wp\/v2\/product_brand?post=2479"},{"taxonomy":"product_cat","embeddable":true,"href":"https:\/\/bibliotecajuridicavirtual.cl\/index.php\/wp-json\/wp\/v2\/product_cat?post=2479"},{"taxonomy":"product_tag","embeddable":true,"href":"https:\/\/bibliotecajuridicavirtual.cl\/index.php\/wp-json\/wp\/v2\/product_tag?post=2479"}],"curies":[{"name":"wp","href":"https:\/\/api.w.org\/{rel}","templated":true}]}}