{"id":2481,"date":"2026-02-28T01:01:54","date_gmt":"2026-02-28T04:01:54","guid":{"rendered":"https:\/\/bibliotecajuridicavirtual.cl\/?post_type=product&#038;p=2481"},"modified":"2026-02-28T01:02:07","modified_gmt":"2026-02-28T04:02:07","slug":"acciones-y-procedimientos-ante-el-tribunal-constitucional-francisco-vega-mendez-edicion-septiembre-ano-2025-330-pag","status":"publish","type":"product","link":"https:\/\/bibliotecajuridicavirtual.cl\/index.php\/product\/acciones-y-procedimientos-ante-el-tribunal-constitucional-francisco-vega-mendez-edicion-septiembre-ano-2025-330-pag\/","title":{"rendered":"Acciones y Procedimientos Ante el Tribunal Constitucional * Francisco Vega M\u00e9ndez &#8211; edici\u00f3n septiembre a\u00f1o 2025 * 330 P\u00e1g."},"content":{"rendered":"<p style=\"font-weight: 400;\">El presente libro es una reflexi\u00f3n cr\u00edtica sobre las acciones y procedimientos vigentes ante el Tribunal Constitucional en Chile, teniendo presente, mediante un estudio cr\u00edtico y exhaustivo, los desarrollos del Derecho Procesal Constitucional en derecho comparado, defendiendo tesis y opiniones fundadas sobre los temas abordados desde la perspectiva te\u00f3rica y pr\u00e1ctica propia del Estado constitucional de Derecho.<\/p>\n<p style=\"font-weight: 400;\">La primera parte, presenta una introducci\u00f3n sobre los or\u00edgenes y etapas del Tribunal Constitucional en Chile, desde el modelo estadounidense de jurisdicci\u00f3n constitucional difusa, el modelo europeo de jurisdicci\u00f3n constitucional concentrada y sus actuales tendencias convergentes entre ambos modelos, con preeminencia de los rasgos de este \u00faltimo. Esta parte contempla tambi\u00e9n el estudio de las normas referidas a su estatuto como \u00f3rgano jurisdiccional especial como, asimismo, los principios y reglas de procedimiento que orientan su actuaci\u00f3n.<\/p>\n<p style=\"font-weight: 400;\">La segunda parte, contiene una exposici\u00f3n de las atribuciones del Tribunal Constitucional, y sus correspondientes acciones y procedimientos. Para tal efecto, se tratan sus esenciales atribuciones sobre el control constitucional normativo; luego, los conflictos entre poderes y \u00f3rganos constitucionales; las atribuciones referidas a la protecci\u00f3n de la democracia, y las heterog\u00e9neas atribuciones denominadas &#8220;miscel\u00e1neas&#8221; y, finalmente, concluye con un estudio sobre las principales caracter\u00edsticas de las sentencias del Tribunal Constitucional.<\/p>\n<p style=\"font-weight: 400;\"><b><strong>I PARTE<\/strong><\/b><br \/>\n<b><strong>EL TRIBUNAL CONSTITUCIONAL EN CHILE<\/strong><\/b><\/p>\n<p style=\"font-weight: 400;\"><b><strong>CAP\u00cdTULO I<\/strong><\/b><br \/>\n<b><strong>EL TRIBUNAL CONSTITUCIONAL DE CHILE<\/strong><\/b><\/p>\n<p style=\"font-weight: 400;\">SECCI\u00d3N 1<br \/>\nANTECEDENTES HIST\u00d3RICOS<\/p>\n<p style=\"font-weight: 400;\">SECCI\u00d3N 2<br \/>\nETAPAS DEL TRIBUNAL CONSTITUCIONAL DE CHILE<\/p>\n<ol>\n<li style=\"font-weight: 400;\">Etapa correspondiente al primer Tribunal Constitucional en Chile (1970-1973)<br \/>\n2. El Tribunal Constitucional durante la dictadura (1981-1990)<br \/>\n3. Etapa autoritaria durante la transici\u00f3n hacia la democracia (1990- 2005)<br \/>\n4. Etapa de consolidaci\u00f3n del modelo de Tribunal Constitucional concentrado (desde el a\u00f1o 2005)<\/li>\n<\/ol>\n<p style=\"font-weight: 400;\">SECCI\u00d3N 3<br \/>\nCONCEPTO DE TRIBUNAL CONSTITUCIONAL<\/p>\n<p style=\"font-weight: 400;\">SECCI\u00d3N 4<br \/>\nNATURALEZA DE LA JURISDICCI\u00d3N DEL TRIBUNAL CONSTITUCIONAL DE CHILE<\/p>\n<p style=\"font-weight: 400;\"><b><strong>CAP\u00cdTULO II<\/strong><\/b><br \/>\n<b><strong>ESTATUTO DEL TRIBUNAL CONSTITUCIONAL EN CHILE<\/strong><\/b><\/p>\n<p style=\"font-weight: 400;\">SECCI\u00d3N 1<br \/>\nREGULACI\u00d3N<\/p>\n<p style=\"font-weight: 400;\">SECCI\u00d3N 2<br \/>\nINTEGRACI\u00d3N<\/p>\n<p style=\"font-weight: 400;\">SECCI\u00d3N 3<br \/>\nREQUISITOS PARA SER DESIGNADO INTEGRANTE DEL TRIBUNAL CONSTITUCIONAL<\/p>\n<p style=\"font-weight: 400;\">SECCI\u00d3N 4<br \/>\nDECLARACI\u00d3N DE PATRIMONIO<\/p>\n<p style=\"font-weight: 400;\">SECCI\u00d3N 5<br \/>\nINAMOVILIDAD, REELECCI\u00d3N Y REEMPLAZOS<\/p>\n<ol>\n<li style=\"font-weight: 400;\">Suplentes de Ministro<\/li>\n<\/ol>\n<p style=\"font-weight: 400;\">SECCI\u00d3N 6<br \/>\nINCOMPATIBILIDADES<\/p>\n<p style=\"font-weight: 400;\">SECCI\u00d3N 7<br \/>\nPROHIBICIONES<\/p>\n<p style=\"font-weight: 400;\">SECCI\u00d3N 8<br \/>\nIMPLICANCIAS<\/p>\n<p style=\"font-weight: 400;\">SECCI\u00d3N 9<br \/>\nFUERO DE LOS MIEMBROS DEL TRIBUNAL CONSTITUCIONAL<\/p>\n<p style=\"font-weight: 400;\">SECCI\u00d3N 10<br \/>\nCAUSALES DE CESACI\u00d3N EN EL CARGO<\/p>\n<p style=\"font-weight: 400;\">SECCI\u00d3N 11<br \/>\nNORMAS B\u00c1SICAS DE FUNCIONAMIENTO DEL TRIBUNAL CONSTITUCIONAL<\/p>\n<p style=\"font-weight: 400;\">SECCI\u00d3N 12<br \/>\nLA FUNCI\u00d3N DEL PRESIDENTE DEL TRIBUNAL CONSTITUCIONAL<\/p>\n<p style=\"font-weight: 400;\">SECCI\u00d3N 13<br \/>\nAUTOS ACORDADOS DEL TRIBUNAL CONSTITUCIONAL<\/p>\n<p style=\"font-weight: 400;\"><b><strong>CAP\u00cdTULO III<\/strong><\/b><br \/>\n<b><strong>REGLAS DE PROCEDIMIENTO DEL TRIBUNAL CONSTITUCIONAL DE CHILE<\/strong><\/b><\/p>\n<p style=\"font-weight: 400;\">SECCI\u00d3N 1<br \/>\nREGULACI\u00d3N<\/p>\n<p style=\"font-weight: 400;\">SECCI\u00d3N 2<br \/>\nPRINCIPIOS QUE ORIENTAN AL TRIBUNAL CONSTITUCIONAL DE CHILE<\/p>\n<ol>\n<li style=\"font-weight: 400;\">Principio del debido proceso<br \/>\n2. Principio del tribunal preestablecido<br \/>\n3. Principio de autonom\u00eda<br \/>\n4. Principio de independencia<br \/>\n5. Principio de publicidad<br \/>\n6. Principio de inexcusabilidad<br \/>\n7. El tribunal constitucional resuelve en \u00fanica instancia: excepci\u00f3n al principio de doble instancia<br \/>\n8. Principio de escrituraci\u00f3n<br \/>\n9. Principio de temporalidad<br \/>\n10. Principio de pasividad<br \/>\n11. Principio de imperio<br \/>\n12. Principio de legitimaci\u00f3n activa restringida<\/li>\n<\/ol>\n<p style=\"font-weight: 400;\">SECCI\u00d3N\u00a03<br \/>\nRESPONSABILIDAD<\/p>\n<p style=\"font-weight: 400;\">SECCI\u00d3N\u00a04<br \/>\nNORMAS GENERALES SOBRE ACUMULACI\u00d3N DE AUTOS<\/p>\n<p style=\"font-weight: 400;\">SECCI\u00d3N\u00a05<br \/>\nPR\u00d3RROGA DE PLAZOS<\/p>\n<p style=\"font-weight: 400;\">SECCI\u00d3N\u00a06<br \/>\nMEDIDAS CAUTELARES<\/p>\n<p style=\"font-weight: 400;\">SECCI\u00d3N\u00a07<br \/>\nACTOS PROCESALES, NOTIFICACIONES Y ALEGATOS<\/p>\n<p style=\"font-weight: 400;\">SECCI\u00d3N\u00a08<br \/>\nREQUISITOS DE LAS SENTENCIAS DEL TRIBUNAL CONSTITUCIONAL<\/p>\n<p style=\"font-weight: 400;\">SECCI\u00d3N\u00a09<br \/>\nDEL RETIRO Y DEL DESISTIMIENTO<\/p>\n<p style=\"font-weight: 400;\">SECCI\u00d3N\u00a010<br \/>\nDEL ABANDONO DEL PROCEDIMIENTO<\/p>\n<p style=\"font-weight: 400;\">SECCI\u00d3N\u00a011<br \/>\nNORMAS ESPECIALES DE PROCEDIMIENTO<\/p>\n<p style=\"font-weight: 400;\"><b><strong>II PARTE<\/strong><\/b><br \/>\n<b><strong>ATRIBUCIONES DEL TRIBUNAL CONSTITUCIONAL, ACCIONES Y PROCEDIMIENTOS ANTE EL TRIBUNAL CONSTITUCIONAL DE CHILE<\/strong><\/b><\/p>\n<ol>\n<li style=\"font-weight: 400;\">Ampliaci\u00f3n de las atribuciones con la reforma de 2005<br \/>\n2. Clasificaci\u00f3n de las atribuciones del Tribunal Constitucional despu\u00e9s de la reforma de 2005<\/li>\n<\/ol>\n<p style=\"font-weight: 400;\"><b><strong>CAP\u00cdTULO I<\/strong><\/b><br \/>\n<b><strong>CONTROL CONSTITUCIONAL NORMATIVO<\/strong><\/b><\/p>\n<p style=\"font-weight: 400;\">SECCI\u00d3N I<br \/>\nCONTROL FORZOSO DE CONSTITUCIONALIDAD<\/p>\n<ol>\n<li style=\"font-weight: 400;\">Normas sobre las que recae el control constitucional forzoso<br \/>\n1.1. Leyes interpretativas de la Constituci\u00f3n<br \/>\n1.2. Leyes org\u00e1nicas constitucionales<br \/>\n1.3. Tratados que versen sobre materias propias de leyes org\u00e1nicas constitucionales<\/li>\n<li style=\"font-weight: 400;\">Configuraci\u00f3n del control constitucional forzoso<\/li>\n<li style=\"font-weight: 400;\">Ventajas del control forzoso<\/li>\n<li style=\"font-weight: 400;\">Desventajas del control forzoso<\/li>\n<li style=\"font-weight: 400;\">Normas constitucionales de procedimiento del control forzoso de constitucionalidad<\/li>\n<li style=\"font-weight: 400;\">Normas legales especiales de procedimiento del control forzoso de constitucionalidad<\/li>\n<\/ol>\n<p style=\"font-weight: 400;\">SECCI\u00d3N 2<br \/>\nCONTROL DE CONSTITUCIONALIDAD DE AUTOS ACORDADOS<\/p>\n<ol>\n<li style=\"font-weight: 400;\">Configuraci\u00f3n del control constitucional de autos acordados<\/li>\n<li style=\"font-weight: 400;\">Normas constitucionales de procedimiento<\/li>\n<li style=\"font-weight: 400;\">Normas legales sobre procedimiento de constitucionalidad de autos acordados<br \/>\n3.1. Requisitos para que el requerimiento sea acogido a tramitaci\u00f3n<br \/>\n3.2. Admisibilidad del requerimiento<br \/>\n3.3. Sentencia sobre constitucionalidad de autos acordados<\/li>\n<\/ol>\n<p style=\"font-weight: 400;\">SECCI\u00d3N 3<br \/>\nCONTROL FACULTATIVO DE CONSTITUCIONALIDAD DE PROYECTOS DE LEY, DE REFORMA CONSTITUCIONAL Y DE TRATADOS SOMETIDOS A LA APROBACI\u00d3N DEL CONGRESO<\/p>\n<ol>\n<li style=\"font-weight: 400;\">Configuraci\u00f3n del control facultativo de constitucionalidad<\/li>\n<li style=\"font-weight: 400;\">Proyectos normativos sobre los que recae el control constitucional facultativo<br \/>\n2.1. Cuestiones de constitucionalidad que se susciten durante la tramitaci\u00f3n de proyectos de ley<br \/>\n2.2. Proyectos de ley de reforma constitucional<br \/>\n2.3. Tratados sometidos a la aprobaci\u00f3n del Congreso<\/li>\n<li style=\"font-weight: 400;\">Normas constitucionales de procedimiento<\/li>\n<li style=\"font-weight: 400;\">Normas legales especiales sobre control facultativo de constitucionalidad<br \/>\n4.1. Requisitos para que el requerimiento sea acogido a tramitaci\u00f3n<br \/>\n4.2. Admisibilidad del requerimiento<\/li>\n<\/ol>\n<p style=\"font-weight: 400;\">SECCI\u00d3N 4<br \/>\nCONTROL DE CONSTITUCIONALIDAD DE LOS DECRETOS CON FUERZA DE LEY<\/p>\n<ol>\n<li style=\"font-weight: 400;\">Antecedentes: la legislaci\u00f3n delegada<\/li>\n<li style=\"font-weight: 400;\">Control de los decretos con fuerza de ley<\/li>\n<li style=\"font-weight: 400;\">Configuraci\u00f3n del control constitucional de los decretos con fuerza de ley<\/li>\n<li style=\"font-weight: 400;\">Normas legales especiales de procedimiento<br \/>\n4.1. Requisitos para que el requerimiento sea acogido a tramitaci\u00f3n<br \/>\n4.2. Admisibilidad del requerimiento<br \/>\n4.3. Efectos de la sentencia<\/li>\n<\/ol>\n<p style=\"font-weight: 400;\">SECCI\u00d3N 5<br \/>\nCONTROL DE CONVOCATORIA A PLEBISCITO<\/p>\n<ol>\n<li style=\"font-weight: 400;\">Configuraci\u00f3n del control constitucional de convocatoria a plebiscito<br \/>\n2. Normas constitucionales de procedimiento<br \/>\n3. Normas legales especiales respecto de cuestiones de constitucionalidad sobre convocatorias a plebiscito<\/li>\n<\/ol>\n<p style=\"font-weight: 400;\">SECCI\u00d3N 6<br \/>\nINAPLICABILIDAD DE UN PRECEPTO LEGAL<\/p>\n<ol>\n<li style=\"font-weight: 400;\">Antecedentes<\/li>\n<li style=\"font-weight: 400;\">Caracter\u00edsticas de este control constitucional<\/li>\n<li style=\"font-weight: 400;\">Caracter\u00edsticas de la acci\u00f3n de inaplicabilidad<\/li>\n<li style=\"font-weight: 400;\">Inaplicabilidad y leyes pre-constitucionales<\/li>\n<li style=\"font-weight: 400;\">Normas constitucionales de procedimiento<\/li>\n<li style=\"font-weight: 400;\">Normas legales especiales de procedimiento en cuestiones de inaplicabilidad<br \/>\n6.1. Legitimaci\u00f3n procesal activa<br \/>\n6.2. Necesidad de gesti\u00f3n pendiente para promover la acci\u00f3n de inaplicabilidad<br \/>\n6.3. Amplitud de la noci\u00f3n de precepto legal impugnado<\/li>\n<li style=\"font-weight: 400;\">Requisitos para que el requerimiento sea acogido a tramitaci\u00f3n<\/li>\n<li style=\"font-weight: 400;\">Requisitos de admisibilidad de la acci\u00f3n de inaplicabilidad<\/li>\n<li style=\"font-weight: 400;\">La sentencia sobre admisibilidad<br \/>\n9.1. La suspensi\u00f3n del procedimiento<br \/>\n9.2. Contestaci\u00f3n de la demanda de inaplicabilidad<br \/>\n9.3. La vista de la causa<\/li>\n<li style=\"font-weight: 400;\">La sentencia en sede de inaplicabilidad<\/li>\n<li style=\"font-weight: 400;\">Evaluaci\u00f3n cr\u00edtica de la regulaci\u00f3n de la inaplicabilidad<\/li>\n<\/ol>\n<p style=\"font-weight: 400;\">SECCI\u00d3N 7<br \/>\nDECLARACI\u00d3N DE INCONSTITUCIONALIDAD DE UN PRECEPTO LEGAL DECLARADO INAPLICABLE<\/p>\n<ol>\n<li style=\"font-weight: 400;\">Configuraci\u00f3n de la declaraci\u00f3n de inconstitucionalidad<br \/>\n2. Caracter\u00edsticas de la acci\u00f3n de inconstitucionalidad<br \/>\n3. Normas especiales de procedimiento<br \/>\n4. Legitimaci\u00f3n procesal activa en cuestiones de inconstitucionalidad<br \/>\n5. Requisitos para que sea acogida a tramitaci\u00f3n la acci\u00f3n de inconstitucionalidad<br \/>\n6. Requisitos de admisibilidad de la acci\u00f3n de inconstitucionalidad<br \/>\n7. La sentencia de inconstitucionalidad<\/li>\n<\/ol>\n<p style=\"font-weight: 400;\">SECCI\u00d3N 8<br \/>\nCONTROL CONSTITUCIONAL DE PROMULGACI\u00d3N DE LAS LEYES<\/p>\n<ol>\n<li style=\"font-weight: 400;\">Configuraci\u00f3n del control de promulgaci\u00f3n de las leyes<br \/>\n2. Normas constitucionales de procedimiento<br \/>\n3. Normas especiales de procedimiento respecto de cuestiones sobre la promulgaci\u00f3n de una ley<\/li>\n<\/ol>\n<p style=\"font-weight: 400;\">SECCI\u00d3N 9<br \/>\nCONTROL DE CONSTITUCIONALIDAD DE DECRETOS O RESOLUCIONES DEL PRESIDENTE DE LA REP\u00daBLICA REPRESENTADOS POR LA CONTRALOR\u00cdA GENERAL DE LA REP\u00daBLICA<\/p>\n<ol>\n<li style=\"font-weight: 400;\">Configuraci\u00f3n del control constitucional de decretos o resoluciones del Presidente de la Rep\u00fablica representados por la Contralor\u00eda General de la Rep\u00fablica<br \/>\n2. Normas especiales de procedimiento<\/li>\n<\/ol>\n<p style=\"font-weight: 400;\">SECCI\u00d3N 10<br \/>\nCONTROL CONSTITUCIONAL DE LOS DECRETOS SUPREMOS<\/p>\n<ol>\n<li style=\"font-weight: 400;\">Configuraci\u00f3n del control constitucional de los decretos supremos<br \/>\n2. Normas especiales de procedimiento sobre la constitucionalidad de decretos supremos<br \/>\n3. Efectos de las sentencias sobre la constitucionalidad de decretos supremos<br \/>\n4. Control constitucional de forma y de fondo<br \/>\n5. Control constitucional de decretos dictados conforme a la ley<br \/>\n6. El control de otras resoluciones administrativas<br \/>\n7. La incidencia del alcance de la potestad reglamentaria y del dominio legal<\/li>\n<\/ol>\n<p style=\"font-weight: 400;\"><b><strong>CAP\u00cdTULO II<\/strong><\/b><br \/>\n<b><strong>CONFLICTOS DE PODERES Y CONFLICTOS ENTRE \u00d3RGANOS CONSTITUCIONALES<\/strong><\/b><\/p>\n<p style=\"font-weight: 400;\">SECCI\u00d3N 1<br \/>\nRESOLUCI\u00d3N DE CONTIENDAS QUE NO CORRESPONDAN AL SENADO<\/p>\n<ol>\n<li style=\"font-weight: 400;\">Configuraci\u00f3n de la atribuci\u00f3n de resoluci\u00f3n de contiendas que no correspondan al Senado<br \/>\n2. Normas especiales de procedimiento en contiendas de competencia entre autoridades pol\u00edticas o administrativas y tribunales de justicia que no correspondan al Senado<\/li>\n<\/ol>\n<p style=\"font-weight: 400;\"><b><strong>CAP\u00cdTULO III<\/strong><\/b><br \/>\n<b><strong>ATRIBUCIONES REFERIDAS A LA PROTECCI\u00d3N DE LA DEMOCRACIA CONSTITUCIONAL<\/strong><\/b><\/p>\n<ol>\n<li style=\"font-weight: 400;\">El miedo como fundamento de la cl\u00e1usula de protecci\u00f3n de la constituci\u00f3n<\/li>\n<li style=\"font-weight: 400;\">La ruptura del principio liberal de la neutralidad del Estado<\/li>\n<li style=\"font-weight: 400;\">La ruptura de la distinci\u00f3n entre acci\u00f3n y la libertad de pensamiento y su expresi\u00f3n<\/li>\n<li style=\"font-weight: 400;\">Declaraci\u00f3n de inconstitucionalidad de organizaciones, movimientos y partidos pol\u00edticos<br \/>\n4.1. Configuraci\u00f3n de la declaraci\u00f3n de inconstitucionalidad de partidos pol\u00edticos, movimientos y otras formas de organizaci\u00f3n<br \/>\n4.2. Caracter\u00edsticas procesales<br \/>\n4.3. Normas constitucionales de procedimiento<br \/>\n4.4. Normas legales especiales de procedimiento<\/li>\n<\/ol>\n<p style=\"font-weight: 400;\"><b><strong>CAP\u00cdTULO IV<\/strong><\/b><br \/>\n<b><strong>ATRIBUCIONES HETEROG\u00c9NEAS DEL TRIBUNAL CONSTITUCIONAL<\/strong><\/b><\/p>\n<p style=\"font-weight: 400;\">SECCI\u00d3N 1<br \/>\nFUNCI\u00d3N DE INFORMACI\u00d3N AL SENADO EN LOS CASOS DEL ART\u00cdCULO 53 NO 7, DE LA CONSTITUCI\u00d3N POL\u00cdTICA<\/p>\n<ol>\n<li style=\"font-weight: 400;\">Configuraci\u00f3n de la funci\u00f3n de informaci\u00f3n del Senado<br \/>\n2. Normas constitucionales referidas al procedimiento<br \/>\n3. Normas legales especiales referidas a los informes del Senado<\/li>\n<\/ol>\n<p style=\"font-weight: 400;\">SECCI\u00d3N 2<br \/>\nRESOLUCI\u00d3N DE INHABILIDADES DE LOS MINISTROS DE ESTADO<\/p>\n<ol>\n<li style=\"font-weight: 400;\">Configuraci\u00f3n de la atribuci\u00f3n de resoluci\u00f3n de inhabilidades de los Ministros de Estado<br \/>\n2. Normas constitucionales de procedimiento<br \/>\n3. Normas legales especiales de procedimiento<\/li>\n<\/ol>\n<p style=\"font-weight: 400;\">SECCI\u00d3N 3<br \/>\nDECLARACI\u00d3N DE INHABILIDADES, INCOMPATIBILIDADES Y CAUSALES DE CESACI\u00d3N EN EL CARGO DE LOS PARLAMENTARIOS<\/p>\n<ol>\n<li style=\"font-weight: 400;\">Configuraci\u00f3n de la declaraci\u00f3n de inhabilidades, incompatibilidades y causales de cesaci\u00f3n en el cargo de los parlamentarios<br \/>\n2. Normas constitucionales de procedimiento<br \/>\n3. Normas legales especiales de procedimiento<\/li>\n<\/ol>\n<p style=\"font-weight: 400;\">SECCI\u00d3N\u00a04<br \/>\nCALIFICACI\u00d3N DE LA RENUNCIA DE PARLAMENTARIOS<\/p>\n<ol>\n<li style=\"font-weight: 400;\">Configuraci\u00f3n de la atribuci\u00f3n sobre renuncia de parlamentarios<br \/>\n2. Normas especiales de procedimiento sobre renuncia de parlamentarios<\/li>\n<\/ol>\n<p style=\"font-weight: 400;\"><b><strong>CAP\u00cdTULO V<\/strong><\/b><br \/>\n<b><strong>BREVE REFERENCIA A LA JURISDICCI\u00d3N DE LA LIBERTAD O CONTROL JURISDICCIONAL DE EFICACIA DE DERECHOS FUNDAMENTALES<\/strong><\/b><\/p>\n<p style=\"font-weight: 400;\"><b><strong>CAP\u00cdTULO VI<\/strong><\/b><br \/>\n<b><strong>LAS SENTENCIAS DEL TRIBUNAL CONSTITUCIONAL<\/strong><\/b><\/p>\n<p style=\"font-weight: 400;\">SECCI\u00d3N\u00a01<br \/>\nEL TRIBUNAL CONSTITUCIONAL CONOCE EN \u00daNICA INSTANCIA<\/p>\n<p style=\"font-weight: 400;\">SECCI\u00d3N\u00a02<br \/>\nEFECTOS PERSONALES DE LAS SENTENCIAS DEL TRIBUNAL CONSTITUCIONAL<\/p>\n<p style=\"font-weight: 400;\">SECCI\u00d3N 3<br \/>\nEFECTOS EN RELACI\u00d3N CON EL TIEMPO<\/p>\n<ol>\n<li style=\"font-weight: 400;\">Efectos ex nunc o pro futuro<br \/>\n2. Efectos ex tunc o retroactivos<\/li>\n<\/ol>\n<p style=\"font-weight: 400;\">SECCI\u00d3N 4<br \/>\nFUERZA VINCULANTE DE LA SENTENCIA CONSTITUCIONAL<\/p>\n<p style=\"font-weight: 400;\">SECCI\u00d3N 5<br \/>\nEL AUTO-PRECEDENTE O LA AUTO-VINCULACI\u00d3N EN LA JURISPRUDENCIA DEL TRIBUNAL CONSTITUCIONAL<\/p>\n<p style=\"font-weight: 400;\">SECCI\u00d3N 6<br \/>\nFUNDAMENTACI\u00d3N DE LAS SENTENCIAS DEL TRIBUNAL CONSTITUCIONAL<\/p>\n<p style=\"font-weight: 400;\">SECCI\u00d3N 7<br \/>\nLA CUESTI\u00d3N DE LOS VOTOS PARTICULARES<\/p>\n<p style=\"font-weight: 400;\">SECCI\u00d3N 8<br \/>\nNUEVAS REVISIONES DE UN PRECEPTO LEGAL DECLARADO CONSTITUCIONA<\/p>\n<p style=\"font-weight: 400;\">SECCI\u00d3N 9<br \/>\nCLASIFICACIONES DE LAS SENTENCIAS DEL TRIBUNAL CONSTITUCIONAL<\/p>\n<ol>\n<li style=\"font-weight: 400;\">Sentencias interpretativas<br \/>\n2. Sentencias manipulativas<\/li>\n<\/ol>\n<p style=\"font-weight: 400;\">SECCI\u00d3N 10<br \/>\nCOSA JUZGADA DE LAS SENTENCIAS CONSTITUCIONALES<\/p>\n<ol>\n<li style=\"font-weight: 400;\">Cosa juzgada relativa2. Cosa juzgada aparente<br \/>\n3. Cosa juzgada formal<br \/>\n4. Cosa juzgada material o sustancial<\/li>\n<\/ol>\n<p style=\"font-weight: 400;\">SECCI\u00d3N 11<br \/>\nLA PARTE MOTIVA DE LA SENTENCIA: RATIO DECIDENDI Y OBITER DICTA ACCIONES Y PROCEDIMIENTOS ANTE EL TRIBUNAL CONSTITUCIONAL<\/p>\n<p style=\"font-weight: 400;\">SECCI\u00d3N 12<br \/>\n\u00bfQUI\u00c9N CONTROLA A LOS CUSTODIOS?<\/p>\n","protected":false},"excerpt":{"rendered":"<p>Buscas un libro Jur\u00eddico.? Lo puedes encontrar en nuestra tienda virtual.<br \/>\nContamos con prestigiosos autores y muchas alternativas en sus diferentes materias al igual que grandes descuentos.! Vis\u00edtanos en <a class=\"SJEYEKQzirtEAeMdweWaSusuMVTjJkHSVBDAA \" tabindex=\"0\" href=\"https:\/\/lnkd.in\/eiAG7jdZ\" target=\"_blank\" rel=\"noopener\" data-test-app-aware-link=\"\">https:\/\/lnkd.in\/eiAG7jdZ<\/a><br \/>\nEscr\u00edbenos al +56930565235 \/ <a class=\"SJEYEKQzirtEAeMdweWaSusuMVTjJkHSVBDAA \" tabindex=\"0\" href=\"mailto:ventaslegallexglobal@gmail.com\" target=\"_self\" data-test-app-aware-link=\"\">ventaslegallexglobal@gmail.com<\/a><br \/>\nHacemos env\u00edos a todo Chile \u2013 Starken o Correos Chile \/ Te esperamos<\/p>\n","protected":false},"featured_media":2511,"comment_status":"open","ping_status":"closed","template":"","meta":{"inline_featured_image":false,"_joinchat":[]},"product_brand":[],"product_cat":[45,33,26,39],"product_tag":[],"class_list":{"0":"post-2481","1":"product","2":"type-product","3":"status-publish","4":"has-post-thumbnail","6":"product_cat-administrativo","7":"product_cat-constitucional","8":"product_cat-derecho","9":"product_cat-procesal-civil","11":"first","12":"instock","13":"shipping-taxable","14":"purchasable","15":"product-type-simple"},"_links":{"self":[{"href":"https:\/\/bibliotecajuridicavirtual.cl\/index.php\/wp-json\/wp\/v2\/product\/2481","targetHints":{"allow":["GET"]}}],"collection":[{"href":"https:\/\/bibliotecajuridicavirtual.cl\/index.php\/wp-json\/wp\/v2\/product"}],"about":[{"href":"https:\/\/bibliotecajuridicavirtual.cl\/index.php\/wp-json\/wp\/v2\/types\/product"}],"replies":[{"embeddable":true,"href":"https:\/\/bibliotecajuridicavirtual.cl\/index.php\/wp-json\/wp\/v2\/comments?post=2481"}],"wp:featuredmedia":[{"embeddable":true,"href":"https:\/\/bibliotecajuridicavirtual.cl\/index.php\/wp-json\/wp\/v2\/media\/2511"}],"wp:attachment":[{"href":"https:\/\/bibliotecajuridicavirtual.cl\/index.php\/wp-json\/wp\/v2\/media?parent=2481"}],"wp:term":[{"taxonomy":"product_brand","embeddable":true,"href":"https:\/\/bibliotecajuridicavirtual.cl\/index.php\/wp-json\/wp\/v2\/product_brand?post=2481"},{"taxonomy":"product_cat","embeddable":true,"href":"https:\/\/bibliotecajuridicavirtual.cl\/index.php\/wp-json\/wp\/v2\/product_cat?post=2481"},{"taxonomy":"product_tag","embeddable":true,"href":"https:\/\/bibliotecajuridicavirtual.cl\/index.php\/wp-json\/wp\/v2\/product_tag?post=2481"}],"curies":[{"name":"wp","href":"https:\/\/api.w.org\/{rel}","templated":true}]}}