{"id":2483,"date":"2026-02-28T01:01:54","date_gmt":"2026-02-28T04:01:54","guid":{"rendered":"https:\/\/bibliotecajuridicavirtual.cl\/?post_type=product&#038;p=2483"},"modified":"2026-02-28T01:02:08","modified_gmt":"2026-02-28T04:02:08","slug":"teoria-general-de-actas-notariales-eugenio-gaete-gonzalez-parte-general-y-especial-2edicion-ano-2019-403-paginas","status":"publish","type":"product","link":"https:\/\/bibliotecajuridicavirtual.cl\/index.php\/product\/teoria-general-de-actas-notariales-eugenio-gaete-gonzalez-parte-general-y-especial-2edicion-ano-2019-403-paginas\/","title":{"rendered":"Teor\u00eda General de Actas Notariales * Eugenio Gaete Gonz\u00e1lez &#8211; Parte General y Especial * 2\u00b0Edici\u00f3n a\u00f1o 2019 * 403 P\u00e1ginas"},"content":{"rendered":"<p>Esta segunda edici\u00f3n es una versi\u00f3n absolutamente distinta a la primera, si bien conserva de ella, en parte, su nombre. Es en verdad una obra nueva, enteramente rehecha, que contiene las materias tratadas en la anterior, pero totalmente ampliadas, remozadas y modernizadas a la \u00e9poca actual. Considerando los m\u00faltiples cambios habidos en el mundo del derecho en los \u00faltimos veinticinco a\u00f1os, la multiplicidad de nuevas normativas, no tan s\u00f3lo en Chile, sino en Espa\u00f1a y m\u00e1s gen\u00e9ricamente en el mundo latino del notariado, hemos debido reescribir la obra, incluyendo materias que a la \u00e9poca anterior ni tan siquiera eran consideradas, especialmente en lo que se refiere a la legislaci\u00f3n inform\u00e1tica y los grandes cambios que Internet ha producido en la esfera de la contrataci\u00f3n electr\u00f3nica y, por ende, en el plano de las comunicaciones, generando los consiguientes efectos jur\u00eddicos. En este sentido hemos debido considerar factores tales como la firma electr\u00f3nica del instrumento notarial, la circunstancia de haberse dictado leyes y reglamentaciones modernas, acordes a las necesidades y pr\u00e1cticas actuales, como es el caso de leyes y normativas sobre firma electr\u00f3nica en Espa\u00f1a, Chile, Argentina, M\u00e9xico, Colombia y en general en la mayor parte de naciones del mundo; reglamentaciones nuevas sobre actas, como es el caso de Espa\u00f1a y el Real Decreto 45\/2007, la legislaci\u00f3n notarial mexicana de 2000 que, entre otras, tendremos ocasi\u00f3n de examinar a lo largo de la obra; los sistemas de interconexi\u00f3n o carreteras de la informaci\u00f3n, el comercio electr\u00f3nico y otros aspectos similares. Asimismo hemos extendido nuestro estudio a profundizar mayores aspectos relativos a la Escritura p\u00fablica, a las Actas y al documento notarial en general, con el objeto de dar una visi\u00f3n global de \u00e9ste, de su naturaleza jur\u00eddica y sus particulares caracter\u00edsticas. Se han agregado cap\u00edtulos especiales en relaci\u00f3n con las materias indicadas, en la Parte General de la obra.<\/p>\n","protected":false},"excerpt":{"rendered":"<p>Buscas un libro Jur\u00eddico.? Lo puedes encontrar en nuestra tienda virtual.<br \/>\nContamos con prestigiosos autores y muchas alternativas en sus diferentes materias al igual que grandes descuentos.! Vis\u00edtanos en <a class=\"SJEYEKQzirtEAeMdweWaSusuMVTjJkHSVBDAA \" tabindex=\"0\" href=\"https:\/\/lnkd.in\/eiAG7jdZ\" target=\"_blank\" rel=\"noopener\" data-test-app-aware-link=\"\">https:\/\/lnkd.in\/eiAG7jdZ<\/a><br \/>\nEscr\u00edbenos al +56930565235 \/ <a class=\"SJEYEKQzirtEAeMdweWaSusuMVTjJkHSVBDAA \" tabindex=\"0\" href=\"mailto:ventaslegallexglobal@gmail.com\" target=\"_self\" data-test-app-aware-link=\"\">ventaslegallexglobal@gmail.com<\/a><br \/>\nHacemos env\u00edos a todo Chile \u2013 Starken o Correos Chile \/ Te esperamos<\/p>\n","protected":false},"featured_media":2513,"comment_status":"open","ping_status":"closed","template":"","meta":{"inline_featured_image":false,"_joinchat":[]},"product_brand":[],"product_cat":[27,26],"product_tag":[],"class_list":{"0":"post-2483","1":"product","2":"type-product","3":"status-publish","4":"has-post-thumbnail","6":"product_cat-civil","7":"product_cat-derecho","9":"first","10":"instock","11":"shipping-taxable","12":"purchasable","13":"product-type-simple"},"_links":{"self":[{"href":"https:\/\/bibliotecajuridicavirtual.cl\/index.php\/wp-json\/wp\/v2\/product\/2483","targetHints":{"allow":["GET"]}}],"collection":[{"href":"https:\/\/bibliotecajuridicavirtual.cl\/index.php\/wp-json\/wp\/v2\/product"}],"about":[{"href":"https:\/\/bibliotecajuridicavirtual.cl\/index.php\/wp-json\/wp\/v2\/types\/product"}],"replies":[{"embeddable":true,"href":"https:\/\/bibliotecajuridicavirtual.cl\/index.php\/wp-json\/wp\/v2\/comments?post=2483"}],"wp:featuredmedia":[{"embeddable":true,"href":"https:\/\/bibliotecajuridicavirtual.cl\/index.php\/wp-json\/wp\/v2\/media\/2513"}],"wp:attachment":[{"href":"https:\/\/bibliotecajuridicavirtual.cl\/index.php\/wp-json\/wp\/v2\/media?parent=2483"}],"wp:term":[{"taxonomy":"product_brand","embeddable":true,"href":"https:\/\/bibliotecajuridicavirtual.cl\/index.php\/wp-json\/wp\/v2\/product_brand?post=2483"},{"taxonomy":"product_cat","embeddable":true,"href":"https:\/\/bibliotecajuridicavirtual.cl\/index.php\/wp-json\/wp\/v2\/product_cat?post=2483"},{"taxonomy":"product_tag","embeddable":true,"href":"https:\/\/bibliotecajuridicavirtual.cl\/index.php\/wp-json\/wp\/v2\/product_tag?post=2483"}],"curies":[{"name":"wp","href":"https:\/\/api.w.org\/{rel}","templated":true}]}}