{"id":2490,"date":"2026-02-28T01:01:54","date_gmt":"2026-02-28T04:01:54","guid":{"rendered":"https:\/\/bibliotecajuridicavirtual.cl\/?post_type=product&#038;p=2490"},"modified":"2026-02-28T01:02:13","modified_gmt":"2026-02-28T04:02:13","slug":"derecho-penal-parte-general-y-especial-en-preguntas-y-respuestas-anibal-cornejo-manriquez-8a-edicion-septiembre-ano-2025-545-pag","status":"publish","type":"product","link":"https:\/\/bibliotecajuridicavirtual.cl\/index.php\/product\/derecho-penal-parte-general-y-especial-en-preguntas-y-respuestas-anibal-cornejo-manriquez-8a-edicion-septiembre-ano-2025-545-pag\/","title":{"rendered":"Derecho Penal Parte General y Especial en Preguntas y Respuestas * An\u00edbal Cornejo Manr\u00edquez * 8\u00aa. edici\u00f3n Septiembre A\u00f1o 2025 &#8211; 545 P\u00e1g."},"content":{"rendered":"<p style=\"font-weight: 400;\">Esta es una obra destinada a facilitar tanto al especialista en esta rama del Derecho, como al usuario com\u00fan, la b\u00fasqueda \u00e1gil de aquella respuesta que precisa y de la manera m\u00e1s pr\u00e1ctica.<\/p>\n<p style=\"font-weight: 400;\">Elaborada alfab\u00e9ticamente y con un complet\u00edsimo temario actualizado, la obra se divide en cuatro grandes partes con sus respectivos cap\u00edtulos, la 1\u00aa, analiza la Parte General; la 2\u00aa, la Parte Especial; y la 3\u00aa Parte, incluye un Vocabulario B\u00e1sico; cit\u00e1ndose oportunamente a autores como Alfredo Etcheberry, H\u00e9ctor Toro Carrasco y Mario Garrido Montt, entre los principales y algunos autores extranjeros, en el an\u00e1lisis de la doctrina, que hacen un acabo e integral desarrollo de las materias expuestas.<\/p>\n<p style=\"font-weight: 400;\">Jueces, abogados, Licenciados en Ciencias Jur\u00eddicas, Egresados de Derecho, profesionales, estudiantes de derecho, postulantes a la Academia Judicial, miembros de las Fuerzas de Orden y Seguridad (Carabineros de Chile), Polic\u00eda de Investigaciones y, p\u00fablico en general encontrar\u00e1n en el presente texto una fuente de conocimientos que les permitir\u00e1 despejar m\u00e1s de alguna duda o satisfacer aquellas inevitables interrogantes surgidas a diario en el \u00e1mbito laboral.<\/p>\n<p style=\"font-weight: 400;\"><b><strong>1\u00aa PARTE<\/strong><\/b><br \/>\n<b><strong>PARTE GENERAL<\/strong><\/b><\/p>\n<p style=\"font-weight: 400;\"><b><strong>CAP\u00cdTULO I<\/strong><\/b><br \/>\n<b><strong>GENERALIDADES, CONCETOS, EVOLUCI\u00d3N HIST\u00d3RICA DEL DERECHO PENAL<\/strong><\/b><\/p>\n<p style=\"font-weight: 400;\">Generalidades<br \/>\nConceptos<br \/>\nEvoluci\u00f3n hist\u00f3rica del Derecho Penal<\/p>\n<p style=\"font-weight: 400;\"><b><strong>CAP\u00cdTULO II<\/strong><\/b><br \/>\n<b><strong>TEOR\u00cdA DE LA LEY PENAL<\/strong><\/b><\/p>\n<p style=\"font-weight: 400;\">La Ley como fuente de Derecho Penal<br \/>\nLeyes penales en blanco<br \/>\nOtras fuentes del Derecho Penal<\/p>\n<p style=\"font-weight: 400;\"><b><strong>CAP\u00cdTULO III<\/strong><\/b><br \/>\n<b><strong>LA LEY PENAL Y SU INTERPRETACI\u00d3N<\/strong><\/b><\/p>\n<p style=\"font-weight: 400;\">Reglas de interpretaci\u00f3n<br \/>\nLa analog\u00eda<\/p>\n<p style=\"font-weight: 400;\"><b><strong>CAP\u00cdTULO IV<\/strong><\/b><br \/>\n<b><strong>EFECTOS DE LA LEY PENAL. APLICACI\u00d3N EN EL ESPACIO Y A LAS PERSONAS<\/strong><\/b><\/p>\n<p style=\"font-weight: 400;\">La irretroactividad<br \/>\nLa territorialidad<br \/>\nLa extradici\u00f3n<br \/>\nAplicaci\u00f3n de la ley penal a las personas<\/p>\n<p style=\"font-weight: 400;\"><b><strong>CAP\u00cdTULO V<\/strong><\/b><br \/>\n<b><strong>TEOR\u00cdA DEL DELITO<\/strong><\/b><\/p>\n<p style=\"font-weight: 400;\">Conceptos<br \/>\nElementos del delito<br \/>\na) La acci\u00f3n<br \/>\nb) La tipicidad<br \/>\nClasificaci\u00f3n<br \/>\nc) La antijuridicidad<br \/>\nd) La culpabilidad<br \/>\nEl dolo<br \/>\nLa culpa<br \/>\nEl error<br \/>\nLa no exigibilidad de otra conducta<br \/>\nExcusas legales absolutorias y circunstancias objetivas de punibibilidad<br \/>\nClasificaci\u00f3n de los delitos<br \/>\nProceso de desarrollo del delito (Iter Criminis)<br \/>\nParticipaci\u00f3n criminal<br \/>\nCircunstancias modificatorias de la responsabilidad penal<br \/>\nExtinci\u00f3n de la responsabilidad penal<br \/>\nEliminaci\u00f3n antecedentes penales<\/p>\n<p style=\"font-weight: 400;\"><b><strong>2\u00aa PARTE<\/strong><\/b><br \/>\n<b><strong>PARTE ESPECIAL<\/strong><\/b><\/p>\n<p style=\"font-weight: 400;\">&#8211; A &#8211;<\/p>\n<p style=\"font-weight: 400;\">Atentados contra la autoridad<br \/>\nAbandono de destino<br \/>\nAbandono de menores<br \/>\nAbandono de personas desvalidas<br \/>\nAbigeato<br \/>\nAborto<br \/>\nAbusar de firma en blanco<br \/>\nAbusos de confianza del capit\u00e1n del buque no agravados<br \/>\nAbusos sexuales<br \/>\nAdministraci\u00f3n fraudulenta del capit\u00e1n de buque<br \/>\nAdulteraci\u00f3n de la contabilidad del comerciante, hecha por su contador o cualquier personas<br \/>\nApropiaci\u00f3n indebida<br \/>\nAutoaborto<br \/>\nAutolesi\u00f3n<br \/>\nAutorizaci\u00f3n del matrimonio prohibido<br \/>\nAuxilio a suicidio<br \/>\nArrogaci\u00f3n de facultades o condenas irregulares<br \/>\nAplicaci\u00f3n p\u00fablica diferente<br \/>\nAtentados\u00a0\u00a0y\u00a0\u00a0amenazas\u00a0\u00a0a fiscales\u00a0\u00a0del Ministerio P\u00fablico y Defensores P\u00fablicos<br \/>\nAsociaciones delictuales y criminales<br \/>\nAmenazas<\/p>\n<p style=\"font-weight: 400;\">&#8211; B &#8211;<\/p>\n<p style=\"font-weight: 400;\">Bigamia<\/p>\n<p style=\"font-weight: 400;\">&#8211; C &#8211;<\/p>\n<p style=\"font-weight: 400;\">Calumnia<br \/>\nCalumnia o injuria causada en juicio<br \/>\nCalumnia o injuria encubierta o equ\u00edvoca<br \/>\nCalumnia o injurias en peri\u00f3dicos extranjeros<br \/>\nCalumnia o injurias en documentos oficiales<br \/>\nCaptar,\u00a0\u00a0grabar,\u00a0\u00a0filmar\u00a0\u00a0o fotografiar im\u00e1genes o hechos de car\u00e1cter privado<br \/>\nCastraci\u00f3n<br \/>\nCelebraci\u00f3n de contrato simulado<br \/>\nCelebraci\u00f3n de contratos aleatorios con fraude<br \/>\nCercenamiento de moneda de curso legal y sin curso legal<br \/>\nCertificaci\u00f3n falsa de facultativo<br \/>\nCertificaciones falsas de empleados p\u00fablicos<br \/>\nCirculaci\u00f3n de moneda\u00a0\u00a0falsa\u00a0\u00a0en el\u00a0\u00a0pa\u00eds\u00a0\u00a0previo concierto con los falsificadores<br \/>\nCirculaci\u00f3n de moneda\u00a0\u00a0falsa en el pa\u00eds, no existiendo previo concierto con los falsificadores<br \/>\nCirculaci\u00f3n\u00a0\u00a0en\u00a0\u00a0el\u00a0\u00a0pa\u00eds\u00a0\u00a0de moneda falsa o cercenada, recibida de buena fe, pero constando al receptor su falsedad o cercenamiento<br \/>\nCultos permitidos en la Rep\u00fablica<br \/>\nContagio nutricio y ven\u00e9reo<\/p>\n<p style=\"font-weight: 400;\">&#8211; D &#8211;<\/p>\n<p style=\"font-weight: 400;\">Da\u00f1os<br \/>\nDefraudaci\u00f3n<br \/>\nDelitos relativos a la libertad de opini\u00f3n<br \/>\nDelito falta de da\u00f1os causados por animales<br \/>\nDelitos relativos a las casas de pr\u00e9stamos sobre prendas<br \/>\nDelitos sobre la salud animal y vegetal<br \/>\nDelitos relativos a la industria, al comercio y a las subastas p\u00fablicas<br \/>\nDelitos relativos a cultos permitidos en la Rep\u00fablica<br \/>\nDelitos relativos al ejercicio de derechos pol\u00edticos<br \/>\nDelito falta de da\u00f1o en general<br \/>\nDelitos de los proveedores<br \/>\nDestrucci\u00f3n del bien embargado<br \/>\nDestrucci\u00f3n o alteraci\u00f3n de t\u00e9rminos o deslindes<br \/>\nDenuncia maliciosa<br \/>\nDesordenes p\u00fablicos<br \/>\nDuelo<br \/>\nDestierro o arresto arbitrario<br \/>\nDepositario alzado<br \/>\nDiseminaci\u00f3n de g\u00e9rmenes o infracci\u00f3n a reglas higi\u00e9nicas o salubridad<br \/>\nDistracci\u00f3n o uso indebidos de caudales o efectos<br \/>\nDetenciones ilegales<br \/>\nDetenciones irregulares<br \/>\nDelitos\u00a0\u00a0concursales<\/p>\n<p style=\"font-weight: 400;\">&#8211; E &#8211;<\/p>\n<p style=\"font-weight: 400;\">Embarazos puestos a la ejecuci\u00f3n de los trabajos p\u00fablicos<br \/>\nEjercicio fraudulento del derecho de agua propio<br \/>\nEjercicio ilegal de una profesi\u00f3n, autoridad o funci\u00f3n<br \/>\nEmisi\u00f3n en papel sellado y estampillas (nacionales) falsos, previa concertaci\u00f3n con los falsificadores<br \/>\nEmisi\u00f3n en papel sellado y estampillas (nacionales) falsos, sin previa concertaci\u00f3n con los falsificadores<br \/>\nEmisi\u00f3n dolosa de bonos, obligaciones, billetes, acciones o cupones<br \/>\nEmpleo ileg\u00edtimo de marcas o raz\u00f3n social. Venta o circulaci\u00f3n de objetos marcados indebidamente<br \/>\nEncargado de un menor que hace entrega de \u00e9l a\u00a0\u00a0un establecimiento p\u00fablico o tercero sin permiso de quien se\u00a0\u00a0lo\u00a0\u00a0confiara o de la autoridad competente<br \/>\nEntrega fraudulenta<br \/>\nEstafa<br \/>\nEstafa. Tipo b\u00e1sico<br \/>\nEstafa residual<br \/>\nEstragos<br \/>\nEstupro<br \/>\nEvasi\u00f3n de detenidos<br \/>\nExhibicionismo<br \/>\nExhibici\u00f3n sexual de un menor<br \/>\nExtorsi\u00f3n<br \/>\nExacciones ilegales<br \/>\nEjercicio ilegal de profesiones m\u00e9dicas<\/p>\n<p style=\"font-weight: 400;\">&#8211; F &#8211;<\/p>\n<p style=\"font-weight: 400;\">Fabricaci\u00f3n de moneda de curso legal en la Rep\u00fablica<br \/>\nFalsedad de monedas. Tentativa, consumaci\u00f3n, concursos<br \/>\nFalsificaci\u00f3n de acciones o promesa de acciones, de documentos emitidos por las Municipalidades o establecimientos p\u00fablicos y de cupones e intereses<br \/>\nFalsificaci\u00f3n de bonos cupones y billetes emitidos por el Estado de Chile<br \/>\nFalsificaci\u00f3n de bonos, billetes y\u00a0\u00a0cupones emitidos por Estados Extranjeros<br \/>\nFalsificaci\u00f3n\u00a0\u00a0de\u00a0\u00a0certificado\u00a0\u00a0m\u00e9dico sobre enfermedad y de un empleado p\u00fablico sobre circunstancias de recomendaci\u00f3n<br \/>\nFalsificaci\u00f3n\u00a0\u00a0de\u00a0\u00a0certificados de funcionarios p\u00fablicos<br \/>\nFalsificaci\u00f3n de documento privado mercantil<br \/>\nFalsificaci\u00f3n\u00a0\u00a0de\u00a0\u00a0documento p\u00fablico o aut\u00e9ntico, alterando las fechas verdaderasFalsificaci\u00f3n\u00a0\u00a0de\u00a0\u00a0documento p\u00fablico o aut\u00e9ntico, atribuyendo a los que han intervenido en \u00e9l\u00a0\u00a0declaraciones\u00a0\u00a0o\u00a0\u00a0manifestaciones diferentes de las que se hubieren hecho<br \/>\nFalsificaci\u00f3n de documento p\u00fablico\u00a0\u00a0o aut\u00e9ntico cometida por un particular<br \/>\nFalsificaci\u00f3n\u00a0\u00a0de\u00a0\u00a0documento\u00a0\u00a0p\u00fablico\u00a0\u00a0\u00a0o\u00a0\u00a0aut\u00e9ntico\u00a0\u00a0contrahaciendo o fingiendo letra, firma o r\u00fabrica<br \/>\nFalsificaci\u00f3n de documento p\u00fablico o aut\u00e9ntico\u00a0\u00a0dando\u00a0\u00a0copia en forma fehaciente\u00a0\u00a0\u00a0del\u00a0\u00a0supuesto\u00a0\u00a0documento\u00a0\u00a0\u00a0o entregando copia de un documento realmente existente, pero cuyo texto o o tenor\u00a0\u00a0no\u00a0\u00a0est\u00e1\u00a0\u00a0conforme con el original<br \/>\nFalsificaci\u00f3n de documento p\u00fablico\u00a0\u00a0o\u00a0\u00a0aut\u00e9ntico,\u00a0\u00a0faltando\u00a0\u00a0a\u00a0\u00a0la verdad\u00a0\u00a0en la narraci\u00f3n de hechos sustanciales<br \/>\nFalsificaci\u00f3n\u00a0\u00a0de\u00a0\u00a0documento\u00a0\u00a0p\u00fablico\u00a0\u00a0o\u00a0\u00a0aut\u00e9ntico haciendo cualquiera alteraci\u00f3n o intercalaci\u00f3n que var\u00ede su sentido<br \/>\nFalsificaci\u00f3n de documento p\u00fablico o aut\u00e9ntico, ocultando en perjuicio del Estado o de un particular cualquier documento oficial<br \/>\nFalsificaci\u00f3n de documento p\u00fablico o aut\u00e9ntico, suponiendo en un acto la intervenci\u00f3n de personas que no la han tenido<br \/>\nFalsificaci\u00f3n de instrumento privado no mercantil<br \/>\nFalsificaci\u00f3n de moneda de curso legal en el pa\u00eds<br \/>\nFalsificaci\u00f3n de moneda que carece de curso legal en la Rep\u00fablica<br \/>\nFalsificaci\u00f3n de partes telegr\u00e1ficos<br \/>\nFalsificaci\u00f3n de pasaportes y porte de arma por funcionario p\u00fablico<br \/>\nFalsificaci\u00f3n de pasaportes y porte de armas de un particular..330<br \/>\nFalsificaci\u00f3n de punzones, cu\u00f1os o cuadrados, timbres, planchas nacionales<br \/>\nFalsificaci\u00f3n\u00a0\u00a0de\u00a0\u00a0sellos,\u00a0\u00a0timbres,\u00a0\u00a0punzones,\u00a0\u00a0matrices\u00a0\u00a0o marcas que tengan\u00a0\u00a0alguno\u00a0\u00a0de\u00a0\u00a0los destinos expresados en los art.180 y 181 y que pertenezcan a pa\u00edses extranjeros<br \/>\nFalsificaci\u00f3n del sello del Estado<br \/>\nFalsificaci\u00f3n o cercenamiento burdo de moneda<br \/>\nExpendici\u00f3n o introducci\u00f3n al pa\u00eds<br \/>\nFalsificaci\u00f3n ostensiblemente burda de papel sellado o estampillas<br \/>\nFalsificaci\u00f3n, uso o circulaci\u00f3n de boletas para el transporte de personas,\u00a0\u00a0para\u00a0\u00a0reuniones\u00a0\u00a0o espect\u00e1culos p\u00fablicos, o\u00a0\u00a0de\u00a0\u00a0sellos, timbres o marcas de una autoridad de un ente privado<br \/>\nFalso testimonio en causa civil o criminal<br \/>\nFavorecimiento a la explotaci\u00f3n sexual<br \/>\nFemicidio<br \/>\nFraudes celebrados en el juego<br \/>\nFraudes y exacciones ilegales<\/p>\n<p style=\"font-weight: 400;\">&#8211; H &#8211;<\/p>\n<p style=\"font-weight: 400;\">Hacer desaparecer de estampillas de correo u otras adhesivas o de boletas para el transporte de personas o cosas la marca que indica que han sido usadas, con el fin de utilizarlas<br \/>\nHomicidio<br \/>\nHurto<br \/>\nHurto calificado<br \/>\nHurto de energ\u00eda el\u00e9ctrica<br \/>\nHurto de hallazgo<br \/>\nHurto de posesi\u00f3n<\/p>\n<p style=\"font-weight: 400;\">&#8211; I &#8211;<\/p>\n<p style=\"font-weight: 400;\">Incendio<br \/>\nInhumaciones y exhumaciones ilegales<br \/>\nIncesto<br \/>\nInducci\u00f3n al abandono de hogar de un menor<br \/>\nInjuria<\/p>\n<p style=\"font-weight: 400;\">&#8211; L-<\/p>\n<p style=\"font-weight: 400;\">Lesiones causadas a la v\u00edctima administr\u00e1ndole a sabiendas sustancias o bebidas nocivas o abusando de su credulidad o flaqueza de esp\u00edritu<br \/>\nLesiones causadas en ri\u00f1a o pelea cuyo autor no se ha podido determinar<br \/>\nLesiones grav\u00edsimas<br \/>\nLesiones graves<br \/>\nLesiones leves<br \/>\nLesiones menos graves<br \/>\nLesiones simplemente graves<br \/>\nLesiones en la actividad deportiva<\/p>\n<p style=\"font-weight: 400;\">&#8211; M &#8211;<\/p>\n<p style=\"font-weight: 400;\">Mal uso de pasaporte o porte de armas verdadero<br \/>\nMala administraci\u00f3n de comisionista<br \/>\nAdministraci\u00f3n fraudulenta (Mala)<br \/>\nMaltrato a animales<br \/>\nMaltrato a menores de 18 a\u00f1os de edad, adultos mayores o personas en situaci\u00f3n de discapacidad<br \/>\nMatrimonio. Autorizaci\u00f3n estando este prohibido<br \/>\nMatrimonio. Celebraci\u00f3n por funcionario enga\u00f1ado o forzado<br \/>\nMatrimonio. Simulaci\u00f3n<br \/>\nMutilaci\u00f3n<br \/>\nMutilaci\u00f3n de miembro importante<\/p>\n<p style=\"font-weight: 400;\">&#8211; N &#8211;<\/p>\n<p style=\"font-weight: 400;\">No presentaci\u00f3n de un menor por el encargado de su persona<\/p>\n<p style=\"font-weight: 400;\">&#8211; O &#8211;<\/p>\n<p style=\"font-weight: 400;\">Obstrucci\u00f3n a la investigaci\u00f3n<br \/>\nObtenci\u00f3n fraudulenta de determinadas prestaciones<br \/>\nObtenci\u00f3n o uso indebido en territorio nacional de sellos, matrices, punzones, timbres o marcas de pa\u00edses extranjeros<br \/>\nOfensas encubiertas o equ\u00edvocas<br \/>\nOfensas rec\u00edprocas<br \/>\nOmisi\u00f3n de socorro<\/p>\n<p style=\"font-weight: 400;\">&#8211; P &#8211;<\/p>\n<p style=\"font-weight: 400;\">Perjurio<br \/>\nPirater\u00eda<br \/>\nPresunci\u00f3n de autor\u00eda de robo o hurto<br \/>\nPresunci\u00f3n de tentativa de robo<\/p>\n<p style=\"font-weight: 400;\">&#8211; Q &#8211;<\/p>\n<p style=\"font-weight: 400;\">Quebrantamiento de condena<\/p>\n<p style=\"font-weight: 400;\">&#8211; R &#8211;<\/p>\n<p style=\"font-weight: 400;\">Receptaci\u00f3n<br \/>\nRemisi\u00f3n de cartas o encomiendas explosivas<br \/>\nRemuneraciones supuestas a empleados p\u00fablicos<br \/>\nRotura de sellos<br \/>\nRobo calificado con violencia o intimidaci\u00f3n en las personas<br \/>\nRobo calificado con lesiones<br \/>\nRobo calificado con retenci\u00f3n<br \/>\nRobo con fuerza en las cosas que se encuentren en bienes nacionales de uso p\u00fablico o en sitios destinados a la habitaci\u00f3n<br \/>\nRobo con fuerza en las cosas en lugar habitado\u00a0\u00a0o\u00a0\u00a0destinado a la habitaci\u00f3n o en sus dependencias<br \/>\nRobo con fuerza en las cosas en lugar no habitado<br \/>\nRobo por sorpresa<br \/>\nRobo con violencia o intimidaci\u00f3n<br \/>\nRobo y receptaci\u00f3n de veh\u00edculos motorizados o de los bienes que se encuentren en el interior de estos<br \/>\nResistencia y desobediencia<\/p>\n<p style=\"font-weight: 400;\">&#8211; S &#8211;<\/p>\n<p style=\"font-weight: 400;\">Separatismo<br \/>\nSedici\u00f3n<br \/>\nSuposici\u00f3n del parto y sustituci\u00f3n de un ni\u00f1o por otro<br \/>\nSupresi\u00f3n de documento para defraudar<br \/>\nSuscripci\u00f3n de documento por enga\u00f1o<br \/>\nSustituci\u00f3n de un ni\u00f1o por otro<br \/>\nSustracci\u00f3n de agua sin fuerza y con fuerza en las cosas<br \/>\nSustracci\u00f3n, ocultamiento o exposici\u00f3n de un ni\u00f1o con \u00e1nimo de hacerle perder su estado civil<\/p>\n<p style=\"font-weight: 400;\">&#8211; T &#8211;<\/p>\n<p style=\"font-weight: 400;\">Tenencia\u00a0\u00a0de\u00a0\u00a0bombas\u00a0\u00a0explosivas\u00a0\u00a0o realizaci\u00f3n de actos preparatorios para incendiar<br \/>\nTenencia o fabricaci\u00f3n de implementos aptos para robar<br \/>\nTortura y otros tratos crueles<br \/>\nTr\u00e1fico de migrantes<br \/>\nTr\u00e1fico de migrantes para ejercer la prostituci\u00f3n<br \/>\nTraici\u00f3n<\/p>\n<p style=\"font-weight: 400;\">&#8211; U-<\/p>\n<p style=\"font-weight: 400;\">Ultrajes p\u00fablicos<br \/>\nUsar o expender, a sabiendas, estampillas de correos u otras adhesivas,\u00a0\u00a0o\u00a0\u00a0boletos\u00a0\u00a0para\u00a0\u00a0el transporte de personas o cosas en\u00a0\u00a0las\u00a0\u00a0cuales\u00a0\u00a0se han borrado los signos en que\u00a0\u00a0consta\u00a0\u00a0que ya fueron empleadas<br \/>\nUso de pasaporte o porte de armas falso<br \/>\nUso\u00a0\u00a0del documento\u00a0\u00a0p\u00fablico\u00a0\u00a0o aut\u00e9ntico falsificado<br \/>\nUso indebido de sellos, punzones, matrices y dem\u00e1s objetos aut\u00e9nticos\u00a0\u00a0o\u00a0\u00a0verdaderos\u00a0\u00a0\u00a0indicados\u00a0\u00a0en\u00a0\u00a0los arts. 180 y 181 del C\u00f3digo Penal<br \/>\nUso malicioso\u00a0\u00a0de\u00a0\u00a0certificado\u00a0\u00a0m\u00e9dico sobre enfermedad o de empleado p\u00fablico sobre recomendaci\u00f3n<br \/>\nUso malicioso de instrumento privado falso<br \/>\nUsura<br \/>\nUsurpaci\u00f3n de atribuciones<br \/>\nUsurpaci\u00f3n de estado civil<br \/>\nUsurpaci\u00f3n de inmuebles no violenta<br \/>\nUsurpaci\u00f3n de inmuebles violentaUsurpaci\u00f3n de nombre<br \/>\nUsurpaci\u00f3n de un derecho de agua de un tercero<\/p>\n<p style=\"font-weight: 400;\">&#8211; V &#8211;<\/p>\n<p style=\"font-weight: 400;\">Violaci\u00f3n propia<br \/>\nViolaci\u00f3n del menor de 14 a\u00f1os (Impropia)<br \/>\nViolaci\u00f3n\u00a0\u00a0calificada\u00a0\u00a0por\u00a0\u00a0el\u00a0\u00a0sujeto\u00a0\u00a0activo,\u00a0\u00a0c\u00f3nyuge\u00a0\u00a0o conviviente<br \/>\nViolaci\u00f3n agravada<br \/>\nViolaci\u00f3n de correspondencia<br \/>\nViolaci\u00f3n de morada<br \/>\nViolaci\u00f3n de secretos<br \/>\nViolaci\u00f3n de secretos por empleado p\u00fablico<br \/>\nViolaci\u00f3n del secreto profesional<\/p>\n<p style=\"font-weight: 400;\"><b><strong>3\u00aa PARTE<\/strong><\/b><\/p>\n<p>VOCABULARIO B\u00c1SICO<br \/>\nBIBLIOGRAF\u00cdA<br \/>\n\u00cdNDICE<\/p>\n","protected":false},"excerpt":{"rendered":"<p>Buscas un libro Jur\u00eddico.? Lo puedes encontrar en nuestra tienda virtual.<br \/>\nContamos con prestigiosos autores y muchas alternativas en sus diferentes materias al igual que grandes descuentos.! Vis\u00edtanos en <a class=\"yRgCVsjrzAHkdCEjqvAcmnsmCUhbwIZbY \" tabindex=\"0\" href=\"https:\/\/lnkd.in\/eiAG7jdZ\" target=\"_blank\" rel=\"noopener\" data-test-app-aware-link=\"\">https:\/\/lnkd.in\/eiAG7jdZ<\/a><br \/>\nEscr\u00edbenos al +56930565235 \/ <a class=\"yRgCVsjrzAHkdCEjqvAcmnsmCUhbwIZbY \" tabindex=\"0\" href=\"mailto:ventaslegallexglobal@gmail.com\" target=\"_self\" data-test-app-aware-link=\"\">ventaslegallexglobal@gmail.com<\/a><br \/>\nHacemos env\u00edos a todo Chile \u2013 Starken o Correos Chile \/ Te esperamos.<\/p>\n","protected":false},"featured_media":2520,"comment_status":"open","ping_status":"closed","template":"","meta":{"inline_featured_image":false,"_joinchat":[]},"product_brand":[],"product_cat":[26,30],"product_tag":[],"class_list":{"0":"post-2490","1":"product","2":"type-product","3":"status-publish","4":"has-post-thumbnail","6":"product_cat-derecho","7":"product_cat-penal","9":"first","10":"instock","11":"shipping-taxable","12":"purchasable","13":"product-type-simple"},"_links":{"self":[{"href":"https:\/\/bibliotecajuridicavirtual.cl\/index.php\/wp-json\/wp\/v2\/product\/2490","targetHints":{"allow":["GET"]}}],"collection":[{"href":"https:\/\/bibliotecajuridicavirtual.cl\/index.php\/wp-json\/wp\/v2\/product"}],"about":[{"href":"https:\/\/bibliotecajuridicavirtual.cl\/index.php\/wp-json\/wp\/v2\/types\/product"}],"replies":[{"embeddable":true,"href":"https:\/\/bibliotecajuridicavirtual.cl\/index.php\/wp-json\/wp\/v2\/comments?post=2490"}],"wp:featuredmedia":[{"embeddable":true,"href":"https:\/\/bibliotecajuridicavirtual.cl\/index.php\/wp-json\/wp\/v2\/media\/2520"}],"wp:attachment":[{"href":"https:\/\/bibliotecajuridicavirtual.cl\/index.php\/wp-json\/wp\/v2\/media?parent=2490"}],"wp:term":[{"taxonomy":"product_brand","embeddable":true,"href":"https:\/\/bibliotecajuridicavirtual.cl\/index.php\/wp-json\/wp\/v2\/product_brand?post=2490"},{"taxonomy":"product_cat","embeddable":true,"href":"https:\/\/bibliotecajuridicavirtual.cl\/index.php\/wp-json\/wp\/v2\/product_cat?post=2490"},{"taxonomy":"product_tag","embeddable":true,"href":"https:\/\/bibliotecajuridicavirtual.cl\/index.php\/wp-json\/wp\/v2\/product_tag?post=2490"}],"curies":[{"name":"wp","href":"https:\/\/api.w.org\/{rel}","templated":true}]}}