{"id":2493,"date":"2026-02-28T01:01:54","date_gmt":"2026-02-28T04:01:54","guid":{"rendered":"https:\/\/bibliotecajuridicavirtual.cl\/?post_type=product&#038;p=2493"},"modified":"2026-02-28T01:02:17","modified_gmt":"2026-02-28T04:02:17","slug":"derecho-administrativo-sancionador-jurisprudencia-sistematizada-de-la-corte-suprema-anos-2018-2025-1er-tomo","status":"publish","type":"product","link":"https:\/\/bibliotecajuridicavirtual.cl\/index.php\/product\/derecho-administrativo-sancionador-jurisprudencia-sistematizada-de-la-corte-suprema-anos-2018-2025-1er-tomo\/","title":{"rendered":"Derecho Administrativo Sancionador. Jurisprudencia Sistematizada de la Corte Suprema a\u00f1os  2018 * 2025 &#8211; 1er. tomo"},"content":{"rendered":"<p style=\"font-weight: 400;\"><b><strong>DERECHO ADMINISTRATIVO SANCIONADOR. JURISPRUDENCIA SISTEMATIZADA DE LA CORTE SUPREMA (2018- 2025) &#8211; TOMO I &#8211; CONSIDERACIONES GENERALES Y PRINCIPIOS<\/strong><\/b><br \/>\nEl Tomo I de esta obra est\u00e1 estructurado en dos grandes ejes: primero, consideraciones generales sobre el derecho administrativo sancionador. Esto incluye las relaciones entre ius puniendi del Estado, derecho administrativo sancionador y derecho penal; el concepto de sanci\u00f3n administrativa, su finalidad y efectos; una revisi\u00f3n de los actos administrativos de car\u00e1cter desfavorable a la sanci\u00f3n administrativa; el problema de la publicidad de las sanciones y la aplicaci\u00f3n del \u201cderecho al olvido\u201d; y las potestades anexas a la potestad sancionatoria que tiene\u00a0\u00a0la Administraci\u00f3n.\u00a0Segundo, los principios generales del derecho administrativo sancionador, como legalidad y tipicidad; culpabilidad; non bis in \u00eddem; prescripci\u00f3n y caducidad de la potestad sancionatoria; debido proceso y contradictoriedad; la prohibici\u00f3n de la reformatio in peius; imparcialidad de la autoridad sancionatoria y el problema de la delegaci\u00f3n de funciones; proporcionalidad de la sanci\u00f3n y los criterios para determinarla; irretroactividad; congruencia entre los cargos y la sanci\u00f3n; y finalmente, una revisi\u00f3n de los principios de celeridad, econom\u00eda procedimental y conclusivo, con un an\u00e1lisis especial del problema de las dilaciones excesivas de los procedimientos administrativos sancionatorios.<\/p>\n<p style=\"font-weight: 400;\">En definitiva, una obra indispensable para el estudio y control del poder disciplinario y sancionador del Estado frente a ciudadanos, entidades privadas y funcionarios p\u00fablicos, ofreciendo a juristas, acad\u00e9micos y operadores del derecho una herramienta rigurosa y de consulta imprescindible para comprender, aplicar y cuestionar los alcances de esta potestad.<\/p>\n<p style=\"font-weight: 400;\"><b><strong>CAP\u00cdTULO I<\/strong><\/b><br \/>\n<b><strong>CONSIDERACIONES GENERALES SOBRE EL DERECHO ADMINISTRATIVO SANCIONADOR<\/strong><\/b><\/p>\n<ol>\n<li style=\"font-weight: 400;\">Ius puniendi, derecho administrativo sancionador y derecho penal<br \/>\n1.1. Concepto<br \/>\n1.2. Fuente normativa<br \/>\n1.3. Resumen de los principales criterios<br \/>\n1.4. Jurisprudencia<\/li>\n<li style=\"font-weight: 400;\">Sanci\u00f3n administrativa. concepto, finalidad y efectos<br \/>\n2.1. Concepto<br \/>\n2.2. Fuente normativa<br \/>\n2.3. Resumen de los principales criterios<br \/>\n2.4. Jurisprudencia<\/li>\n<li style=\"font-weight: 400;\">Actos desfavorables distintos a la sanci\u00f3n administrativa<br \/>\n3.1. Concepto<br \/>\n3.2. Fuente normativa<br \/>\n3.3. Resumen de los principales criterios<br \/>\n3.4. Jurisprudencia<\/li>\n<li style=\"font-weight: 400;\">Publicidad de las sanciones (y el \u201cderecho al olvido\u201d)<br \/>\n4.1. Concepto<br \/>\n4.2. Fuente normativa<br \/>\n4.3. Resumen de los principales criterios<br \/>\n4.4. Jurisprudencia<\/li>\n<li style=\"font-weight: 400;\">Potestades anexas a la potestad sancionatoria<br \/>\n5.1. Concepto<br \/>\n5.2. Fuente normativa<br \/>\n5.3. Resumen de los principales criterios<br \/>\n5.4. Jurisprudencia<\/li>\n<\/ol>\n<p style=\"font-weight: 400;\"><b><strong>CAP\u00cdTULO II<\/strong><\/b><br \/>\n<b><strong>PRINCIPIOS DEL DERECHO ADMINISTRATIVO SANCIONADOR<\/strong><\/b><\/p>\n<ol>\n<li style=\"font-weight: 400;\">Legalidad y tipicidad<br \/>\n1.1. Concepto<br \/>\n1.2. Fuente normativa<br \/>\n1.3. Resumen de los principales criterios<br \/>\n1.4. Jurisprudencia<br \/>\nA) Generalidades<br \/>\nB) Alcance del principio de legalidad<br \/>\nC) Alcance del principio de tipicidad<br \/>\nD) Legalidad y tipicidad en procedimientos sancionatorios sectoriales<br \/>\na. Educaci\u00f3n<br \/>\nb. Electricidad y combustibles<br \/>\nc. Mercado financiero<br \/>\nd. Funcionarios p\u00fablicos<br \/>\ne. Salud<br \/>\nf. Otros sectores<\/li>\n<li style=\"font-weight: 400;\">Culpabilidad<br \/>\n2.1. Concepto<br \/>\n2.2. Fuente normativa<br \/>\n2.3. Resumen de los principales criterios<br \/>\n2.4. Jurisprudencia<\/li>\n<li style=\"font-weight: 400;\">Non bis in idem y la independencia de las sanciones administrativa y penal<\/li>\n<\/ol>\n<p style=\"font-weight: 400;\">3.1. Concepto<br \/>\n3.2. Fuente normativa<br \/>\n3.3. Resumen de los principales criterios<br \/>\n3.4. Jurisprudencia<\/p>\n<ol start=\"4\">\n<li style=\"font-weight: 400;\">Presunci\u00f3n De inocencia<br \/>\n4.1. Concepto<br \/>\n4.2. Fuente normativa<br \/>\n4.3. Resumen de los principales criterios<br \/>\n4.4. Jurisprudencia<\/li>\n<li style=\"font-weight: 400;\">Prescripci\u00f3n y caducidad<br \/>\n5.1. Concepto<br \/>\n5.2. Fuente normativa<br \/>\n5.3. Resumen de los principales criterios<br \/>\n5.4. Jurisprudencia<\/li>\n<li style=\"font-weight: 400;\">Debido proceso y contradictoriedad<br \/>\n6.1. Concepto<br \/>\n6.2. Fuente normativa<br \/>\n6.3. Resumen de los principales criterios<br \/>\n6.4. Jurisprudencia<br \/>\nA) Aplicaci\u00f3n del debido proceso en sede administrativa y est\u00e1ndares m\u00ednimos<br \/>\nB) Principio de contradictoriedad, bilateralidad y derecho a la defensa<br \/>\nC) Motivaci\u00f3n, congruencia y legalidad del acto sancionador<br \/>\nD) Plazos, notificaciones y acceso al expediente<br \/>\nE) Consecuencias jur\u00eddicas de las vulneraciones al debido proceso y contradictoriedad<\/li>\n<li style=\"font-weight: 400;\">Prohibici\u00f3n de la reformatio in peius<br \/>\n7.1. Concepto<br \/>\n7.2. Fuente normativa<br \/>\n7.3. Resumen de los principales criterios<br \/>\n7.4. Jurisprudencia<\/li>\n<li style=\"font-weight: 400;\">Imparcialidad y delegaci\u00f3n de funciones<br \/>\n8.1. Concepto<br \/>\n8.2. Fuente normativa<br \/>\n8.3. Resumen de los principales criterios<br \/>\n8.4. Jurisprudencia<\/li>\n<li style=\"font-weight: 400;\">Proporcionalidad<br \/>\n9.1. Concepto<br \/>\n9.2. Fuente normativa<br \/>\n9.3. Resumen de los principales criterios<br \/>\n9.4. Jurisprudencia<br \/>\nA) Fundamento constitucional y normativo del principio de proporcionalidad<br \/>\nB) Elementos del juicio de proporcionalidad<br \/>\nC) Gradaci\u00f3n de sanciones y deber de motivaci\u00f3n<br \/>\nD) Circunstancias atenuantes, agravantes y naturaleza del hecho<br \/>\nE) Proporcionalidad entre infracci\u00f3n y sanci\u00f3n<br \/>\nF) Control judicial del principio de proporcionalidad<\/li>\n<li style=\"font-weight: 400;\">Irretroactividad<br \/>\n10.1. Concepto<br \/>\n10.2. Fuente normativa<br \/>\n10.3. Resumen de los principales criterios<br \/>\n10.4. Jurisprudencia<\/li>\n<li style=\"font-weight: 400;\">Congruencia<br \/>\n11.1. Concepto<br \/>\n11.2. Fuente normativa<br \/>\n11.3. Resumen de los principales criterios<br \/>\n11.4. Jurisprudencia<\/li>\n<li style=\"font-weight: 400;\">Principios de celeridad, econom\u00eda procedimental y conclusivo. el caso de las dilaciones indebidas, decaimiento e imposibilidad material de continuar el procedimiento<br \/>\n12.1. Concepto<br \/>\n12.2. Fuente normativa<br \/>\n12.3. Resumen de los principales criterios<br \/>\n12.4. Jurisprudencia<br \/>\nA) Reglas generales<br \/>\nB) Imposibilidad material<br \/>\nC) Decaimiento<br \/>\nD) Razonabilidad de la demora<\/li>\n<\/ol>\n","protected":false},"excerpt":{"rendered":"<p>Crist\u00f3bal Osorio Vargas &#8211; Camilo Jara Villalobos &#8211; Edici\u00f3n a\u00f1o Agosto 2025 \u2013 1.054 P\u00e1ginas<\/p>\n<p>Buscas un libro Jur\u00eddico.? Lo puedes encontrar en nuestra tienda virtual.<br \/>\nContamos con prestigiosos autores y muchas alternativas en sus diferentes materias al igual que grandes descuentos.! Vis\u00edtanos en <a class=\"uxvNeZlUzUerxhncQCbPGgMBxUNKqUMfQTIcuo \" tabindex=\"0\" href=\"https:\/\/lnkd.in\/eiAG7jdZ\" target=\"_blank\" rel=\"noopener\" data-test-app-aware-link=\"\">https:\/\/lnkd.in\/eiAG7jdZ<\/a><br \/>\nEscr\u00edbenos al +56930565235 \/ <a class=\"uxvNeZlUzUerxhncQCbPGgMBxUNKqUMfQTIcuo \" tabindex=\"0\" href=\"mailto:ventaslegallexglobal@gmail.com\" target=\"_self\" data-test-app-aware-link=\"\">ventaslegallexglobal@gmail.com<\/a><br \/>\nHacemos env\u00edos a todo Chile \u2013 Starken o Correos Chile \/ Te esperamos.<\/p>\n","protected":false},"featured_media":2551,"comment_status":"open","ping_status":"closed","template":"","meta":{"inline_featured_image":false,"_joinchat":[]},"product_brand":[],"product_cat":[45,26],"product_tag":[],"class_list":{"0":"post-2493","1":"product","2":"type-product","3":"status-publish","4":"has-post-thumbnail","6":"product_cat-administrativo","7":"product_cat-derecho","9":"first","10":"instock","11":"shipping-taxable","12":"purchasable","13":"product-type-simple"},"_links":{"self":[{"href":"https:\/\/bibliotecajuridicavirtual.cl\/index.php\/wp-json\/wp\/v2\/product\/2493","targetHints":{"allow":["GET"]}}],"collection":[{"href":"https:\/\/bibliotecajuridicavirtual.cl\/index.php\/wp-json\/wp\/v2\/product"}],"about":[{"href":"https:\/\/bibliotecajuridicavirtual.cl\/index.php\/wp-json\/wp\/v2\/types\/product"}],"replies":[{"embeddable":true,"href":"https:\/\/bibliotecajuridicavirtual.cl\/index.php\/wp-json\/wp\/v2\/comments?post=2493"}],"wp:featuredmedia":[{"embeddable":true,"href":"https:\/\/bibliotecajuridicavirtual.cl\/index.php\/wp-json\/wp\/v2\/media\/2551"}],"wp:attachment":[{"href":"https:\/\/bibliotecajuridicavirtual.cl\/index.php\/wp-json\/wp\/v2\/media?parent=2493"}],"wp:term":[{"taxonomy":"product_brand","embeddable":true,"href":"https:\/\/bibliotecajuridicavirtual.cl\/index.php\/wp-json\/wp\/v2\/product_brand?post=2493"},{"taxonomy":"product_cat","embeddable":true,"href":"https:\/\/bibliotecajuridicavirtual.cl\/index.php\/wp-json\/wp\/v2\/product_cat?post=2493"},{"taxonomy":"product_tag","embeddable":true,"href":"https:\/\/bibliotecajuridicavirtual.cl\/index.php\/wp-json\/wp\/v2\/product_tag?post=2493"}],"curies":[{"name":"wp","href":"https:\/\/api.w.org\/{rel}","templated":true}]}}