{"id":2533,"date":"2026-02-28T01:02:15","date_gmt":"2026-02-28T04:02:15","guid":{"rendered":"https:\/\/bibliotecajuridicavirtual.cl\/?post_type=product&#038;p=2533"},"modified":"2026-02-28T01:02:24","modified_gmt":"2026-02-28T04:02:24","slug":"el-interes-superior-del-nino-sustraido-javiera-verdugo-toro-javiera-verdugo-toro-edicion-ano-2025-550-paginas","status":"publish","type":"product","link":"https:\/\/bibliotecajuridicavirtual.cl\/index.php\/product\/el-interes-superior-del-nino-sustraido-javiera-verdugo-toro-javiera-verdugo-toro-edicion-ano-2025-550-paginas\/","title":{"rendered":"El Inter\u00e9s Superior del Ni\u00f1o Sustra\u00eddo *  Javiera Verdugo Toro &#8211;  Javiera Verdugo Toro * edici\u00f3n a\u00f1o 2025 &#8211; 550 P\u00e1ginas"},"content":{"rendered":"<p style=\"font-weight: 400;\">Un an\u00e1lisis del Convenio de La Haya de 1980 Sobre los Efectos Civiles de la Sustracci\u00f3n Internacional de Menores.<\/p>\n<p style=\"font-weight: 400;\">La Convenci\u00f3n de La Haya de 1980 Sobre los Aspectos Civiles del Secuestro Internacional de Menores se refiere a la situaci\u00f3n de ni\u00f1os, ni\u00f1as y adolescentes que han sido trasladados o retenidos en forma il\u00edcita en el territorio de un Estado parte. Tanto el traslado como la retenci\u00f3n configuran hip\u00f3tesis de sustracci\u00f3n, en los t\u00e9rminos de la Convenci\u00f3n; esta situaci\u00f3n se debe remediar mediante el inmediato retorno del ni\u00f1o a su pa\u00eds de residencia habitual, a fin de que sean esos tribunales los que tomen decisiones respecto de la custodia del ni\u00f1o afectado y resuelvan su situaci\u00f3n familiar.<\/p>\n<p style=\"font-weight: 400;\">El objetivo de esta investigaci\u00f3n es dotar de contenido al principio del inter\u00e9s superior del ni\u00f1o, espec\u00edficamente en materia de sustracci\u00f3n internacional. Mediante un an\u00e1lisis cr\u00edtico de la doctrina y jurisprudencia existente sobre el tema, se buscar\u00e1 determinar cu\u00e1les son los par\u00e1metros del inter\u00e9s superior del ni\u00f1o que ha sido v\u00edctima de una sustracci\u00f3n internacional.<\/p>\n<p style=\"font-weight: 400;\"><b><strong>CAP\u00cdTULO I<\/strong><\/b><br \/>\n<b><strong>CONVENCI\u00d3N DE LA HAYA DE 1980 SOBRE LOS ASPECTOS CIVILES DE LA SUSTRACCI\u00d3N INTERNACIONAL DE MENORES<\/strong><\/b><\/p>\n<ol>\n<li style=\"font-weight: 400;\">El Convenio<br \/>\n1.1 El concepto de custodia en el Convenio de La Haya de 1980<br \/>\n1.2 Principios y objetivos generales del Convenio de La Haya<br \/>\n1.3 El concepto de residencia habitual<br \/>\n1.4 Excepciones al retorno y retorno seguro<\/li>\n<\/ol>\n<p style=\"font-weight: 400;\"><b><strong>CAP\u00cdTULO II<\/strong><\/b><br \/>\n<b><strong>EL INTER\u00c9S SUPERIOR DEL NI\u00d1O<\/strong><\/b><\/p>\n<ol>\n<li style=\"font-weight: 400;\">Concepto y caracter\u00edsticas del principio del inter\u00e9s superior del ni\u00f1o<br \/>\n1.1. El inter\u00e9s superior del ni\u00f1o en la legislaci\u00f3n chilena<br \/>\n1.2. El inter\u00e9s superior del ni\u00f1o, la autonom\u00eda progresiva y el derecho a ser o\u00eddo 45<\/li>\n<li style=\"font-weight: 400;\">El inter\u00e9s superior del ni\u00f1o en materia de sustracci\u00f3n internacional<\/li>\n<\/ol>\n<p style=\"font-weight: 400;\"><b><strong>CAP\u00cdTULO III<\/strong><\/b><br \/>\n<b><strong>JURISPRUDENCIA NACIONAL Y COMPARADA<\/strong><\/b><\/p>\n<ol>\n<li style=\"font-weight: 400;\">Procedimiento chileno: el auto acordado 22-2024<br \/>\n2. Jurisprudencia nacional<br \/>\n3. Jurisprudencia comparada<\/li>\n<\/ol>\n","protected":false},"excerpt":{"rendered":"<p>Buscas un libro Jur\u00eddico.? Lo puedes encontrar en nuestra tienda virtual.<br \/>\nContamos con prestigiosos autores y muchas alternativas en sus diferentes materias al igual que grandes descuentos.! Vis\u00edtanos en <a class=\"RXGjbzcIFiUDdEDItiylehhPqXbXsZFcQyf \" tabindex=\"0\" href=\"https:\/\/lnkd.in\/eiAG7jdZ\" target=\"_blank\" rel=\"noopener\" data-test-app-aware-link=\"\">https:\/\/lnkd.in\/eiAG7jdZ<\/a><br \/>\nEscr\u00edbenos al +56930565235 \/ <a class=\"RXGjbzcIFiUDdEDItiylehhPqXbXsZFcQyf \" tabindex=\"0\" href=\"mailto:ventaslegallexglobal@gmail.com\" target=\"_self\" data-test-app-aware-link=\"\">ventaslegallexglobal@gmail.com<\/a><br \/>\nHacemos env\u00edos a todo Chile \u2013 Starken o Correos Chile \/ Te esperamos<\/p>\n","protected":false},"featured_media":2563,"comment_status":"open","ping_status":"closed","template":"","meta":{"inline_featured_image":false,"_joinchat":[]},"product_brand":[],"product_cat":[26,29],"product_tag":[],"class_list":{"0":"post-2533","1":"product","2":"type-product","3":"status-publish","4":"has-post-thumbnail","6":"product_cat-derecho","7":"product_cat-familia-y-del-menor","9":"first","10":"instock","11":"shipping-taxable","12":"purchasable","13":"product-type-simple"},"_links":{"self":[{"href":"https:\/\/bibliotecajuridicavirtual.cl\/index.php\/wp-json\/wp\/v2\/product\/2533","targetHints":{"allow":["GET"]}}],"collection":[{"href":"https:\/\/bibliotecajuridicavirtual.cl\/index.php\/wp-json\/wp\/v2\/product"}],"about":[{"href":"https:\/\/bibliotecajuridicavirtual.cl\/index.php\/wp-json\/wp\/v2\/types\/product"}],"replies":[{"embeddable":true,"href":"https:\/\/bibliotecajuridicavirtual.cl\/index.php\/wp-json\/wp\/v2\/comments?post=2533"}],"wp:featuredmedia":[{"embeddable":true,"href":"https:\/\/bibliotecajuridicavirtual.cl\/index.php\/wp-json\/wp\/v2\/media\/2563"}],"wp:attachment":[{"href":"https:\/\/bibliotecajuridicavirtual.cl\/index.php\/wp-json\/wp\/v2\/media?parent=2533"}],"wp:term":[{"taxonomy":"product_brand","embeddable":true,"href":"https:\/\/bibliotecajuridicavirtual.cl\/index.php\/wp-json\/wp\/v2\/product_brand?post=2533"},{"taxonomy":"product_cat","embeddable":true,"href":"https:\/\/bibliotecajuridicavirtual.cl\/index.php\/wp-json\/wp\/v2\/product_cat?post=2533"},{"taxonomy":"product_tag","embeddable":true,"href":"https:\/\/bibliotecajuridicavirtual.cl\/index.php\/wp-json\/wp\/v2\/product_tag?post=2533"}],"curies":[{"name":"wp","href":"https:\/\/api.w.org\/{rel}","templated":true}]}}